flight 135317 freebsd-master real [real] http://logs.test-lab.xenproject.org/osstest/logs/135317/
Regressions :-( Tests which did not succeed and are blocking, including tests which could not be run: build-amd64-xen-freebsd 5 host-install(5) fail REGR. vs. 135233 build-amd64-freebsd-again 5 host-install(5) fail REGR. vs. 135233 version targeted for testing: freebsd 4284b348ee30b1fa32b59632063e08537834f86b baseline version: freebsd b58321507702a1125aed58ddc320b560b1bffc71 Last test of basis 135233 2019-04-24 09:19:03 Z 2 days Testing same since 135317 2019-04-26 09:19:06 Z 0 days 1 attempts ------------------------------------------------------------ People who touched revisions under test: ae <[email protected]> bcran <[email protected]> bde <[email protected]> br <[email protected]> cem <[email protected]> gallatin <[email protected]> gonzo <[email protected]> hselasky <[email protected]> ian <[email protected]> imp <[email protected]> jhb <[email protected]> jhibbits <[email protected]> johalun <[email protected]> kevans <[email protected]> manu <[email protected]> mav <[email protected]> rgrimes <[email protected]> rmacklem <[email protected]> shurd <[email protected]> tychon <[email protected]> jobs: build-amd64-freebsd-again fail build-amd64-freebsd pass build-amd64-xen-freebsd fail ------------------------------------------------------------ sg-report-flight on osstest.test-lab.xenproject.org logs: /home/logs/logs images: /home/logs/images Logs, config files, etc. are available at http://logs.test-lab.xenproject.org/osstest/logs Explanation of these reports, and of osstest in general, is at http://xenbits.xen.org/gitweb/?p=osstest.git;a=blob;f=README.email;hb=master http://xenbits.xen.org/gitweb/?p=osstest.git;a=blob;f=README;hb=master Test harness code can be found at http://xenbits.xen.org/gitweb?p=osstest.git;a=summary Not pushing. (No revision log; it would be 807 lines long.) _______________________________________________ Xen-devel mailing list [email protected] https://lists.xenproject.org/mailman/listinfo/xen-devel
