flight 135219 ovmf real [real] http://logs.test-lab.xenproject.org/osstest/logs/135219/
Regressions :-( Tests which did not succeed and are blocking, including tests which could not be run: build-i386-libvirt 6 libvirt-build fail REGR. vs. 134977 version targeted for testing: ovmf 36082dffd48da4d0475ed9b71f92fdd561304e8e baseline version: ovmf c2f643479eb3f00d930c461cdec3ba420a36072c Last test of basis 134977 2019-04-19 04:02:54 Z 5 days Failing since 135081 2019-04-22 01:42:54 Z 2 days 9 attempts Testing same since 135219 2019-04-24 05:02:23 Z 0 days 1 attempts ------------------------------------------------------------ People who touched revisions under test: Aaron Antone <[email protected]> Ard Biesheuvel <[email protected]> Chasel Chiu <[email protected]> Christian Rodriguez <[email protected]> Dandan Bi <[email protected]> Fan, ZhijuX <[email protected]> Hao Wu <[email protected]> Laszlo Ersek <[email protected]> Rodriguez, Christian <[email protected]> Shenglei Zhang <[email protected]> Ting Ye <[email protected]> Xue ShengfengX <[email protected]> Xue, ShengfengX <[email protected]> Ye, Ting <[email protected]> Yunhua Feng <[email protected]> Zhichao Gao <[email protected]> Zhiju.Fan <[email protected]> jobs: build-amd64-xsm pass build-i386-xsm pass build-amd64 pass build-i386 pass build-amd64-libvirt pass build-i386-libvirt fail build-amd64-pvops pass build-i386-pvops pass test-amd64-amd64-xl-qemuu-ovmf-amd64 pass test-amd64-i386-xl-qemuu-ovmf-amd64 pass ------------------------------------------------------------ sg-report-flight on osstest.test-lab.xenproject.org logs: /home/logs/logs images: /home/logs/images Logs, config files, etc. are available at http://logs.test-lab.xenproject.org/osstest/logs Explanation of these reports, and of osstest in general, is at http://xenbits.xen.org/gitweb/?p=osstest.git;a=blob;f=README.email;hb=master http://xenbits.xen.org/gitweb/?p=osstest.git;a=blob;f=README;hb=master Test harness code can be found at http://xenbits.xen.org/gitweb?p=osstest.git;a=summary Not pushing. (No revision log; it would be 372 lines long.) _______________________________________________ Xen-devel mailing list [email protected] https://lists.xenproject.org/mailman/listinfo/xen-devel
