flight 134989 qemu-mainline real [real]
http://logs.test-lab.xenproject.org/osstest/logs/134989/

Regressions :-(

Tests which did not succeed and are blocking,
including tests which could not be run:
 build-i386-libvirt            6 libvirt-build            fail REGR. vs. 133909

Tests which did not succeed, but are not blocking:
 test-amd64-i386-libvirt       1 build-check(1)               blocked  n/a
 test-amd64-i386-libvirt-xsm   1 build-check(1)               blocked  n/a
 test-amd64-i386-libvirt-qemuu-debianhvm-amd64-xsm 1 build-check(1) blocked n/a
 test-amd64-i386-libvirt-pair  1 build-check(1)               blocked  n/a
 test-amd64-amd64-xl-qemuu-win7-amd64 17 guest-stop            fail like 133909
 test-armhf-armhf-libvirt     14 saverestore-support-check    fail  like 133909
 test-amd64-i386-xl-qemuu-win7-amd64 17 guest-stop             fail like 133909
 test-armhf-armhf-libvirt-raw 13 saverestore-support-check    fail  like 133909
 test-amd64-amd64-xl-qemuu-ws16-amd64 17 guest-stop            fail like 133909
 test-amd64-i386-xl-pvshim    12 guest-start                  fail   never pass
 test-amd64-amd64-libvirt-xsm 13 migrate-support-check        fail   never pass
 test-amd64-amd64-libvirt     13 migrate-support-check        fail   never pass
 test-amd64-amd64-libvirt-qemuu-debianhvm-amd64-xsm 11 migrate-support-check 
fail never pass
 test-arm64-arm64-xl-credit2  13 migrate-support-check        fail   never pass
 test-arm64-arm64-xl-credit2  14 saverestore-support-check    fail   never pass
 test-arm64-arm64-xl-xsm      13 migrate-support-check        fail   never pass
 test-arm64-arm64-xl-xsm      14 saverestore-support-check    fail   never pass
 test-arm64-arm64-xl          13 migrate-support-check        fail   never pass
 test-arm64-arm64-xl          14 saverestore-support-check    fail   never pass
 test-arm64-arm64-xl-credit1  13 migrate-support-check        fail   never pass
 test-arm64-arm64-xl-credit1  14 saverestore-support-check    fail   never pass
 test-arm64-arm64-libvirt-xsm 13 migrate-support-check        fail   never pass
 test-arm64-arm64-libvirt-xsm 14 saverestore-support-check    fail   never pass
 test-amd64-amd64-qemuu-nested-amd 17 debian-hvm-install/l1/l2  fail never pass
 test-amd64-amd64-libvirt-vhd 12 migrate-support-check        fail   never pass
 test-armhf-armhf-xl-arndale  13 migrate-support-check        fail   never pass
 test-armhf-armhf-xl-arndale  14 saverestore-support-check    fail   never pass
 test-armhf-armhf-libvirt     13 migrate-support-check        fail   never pass
 test-armhf-armhf-xl          13 migrate-support-check        fail   never pass
 test-armhf-armhf-xl          14 saverestore-support-check    fail   never pass
 test-armhf-armhf-xl-cubietruck 13 migrate-support-check        fail never pass
 test-armhf-armhf-xl-cubietruck 14 saverestore-support-check    fail never pass
 test-armhf-armhf-xl-credit1  13 migrate-support-check        fail   never pass
 test-armhf-armhf-xl-credit1  14 saverestore-support-check    fail   never pass
 test-armhf-armhf-xl-credit2  13 migrate-support-check        fail   never pass
 test-armhf-armhf-xl-credit2  14 saverestore-support-check    fail   never pass
 test-armhf-armhf-xl-multivcpu 13 migrate-support-check        fail  never pass
 test-armhf-armhf-xl-multivcpu 14 saverestore-support-check    fail  never pass
 test-armhf-armhf-xl-rtds     13 migrate-support-check        fail   never pass
 test-armhf-armhf-xl-rtds     14 saverestore-support-check    fail   never pass
 test-armhf-armhf-libvirt-raw 12 migrate-support-check        fail   never pass
 test-amd64-i386-xl-qemuu-ws16-amd64 17 guest-stop              fail never pass
 test-armhf-armhf-xl-vhd      12 migrate-support-check        fail   never pass
 test-armhf-armhf-xl-vhd      13 saverestore-support-check    fail   never pass
 test-amd64-amd64-xl-qemuu-win10-i386 10 windows-install        fail never pass
 test-amd64-i386-xl-qemuu-win10-i386 10 windows-install         fail never pass

version targeted for testing:
 qemuu                eeba63fc7fface36f438bcbc0d3b02e7dcb59983
baseline version:
 qemuu                082c0543baa6f237704c83a51658bd7f6ae316d5

Last test of basis   133909  2019-03-18 17:20:53 Z   34 days
Failing since        133939  2019-03-20 04:22:12 Z   32 days   20 attempts
Testing same since   134899  2019-04-17 01:45:35 Z    4 days    2 attempts

------------------------------------------------------------
People who touched revisions under test:
  "Cédric Le Goater" <[email protected]>
  Alberto Garcia <[email protected]>
  Alex Bennée <[email protected]>
  Alex Williamson &lt;<a href="mailto:[email protected]"; 
target="_blank" rel="noreferrer">[email protected]</a>&gt;<br>
  Alex Williamson <[email protected]>
  Alistair Francis <[email protected]>
  Andrew Jones <[email protected]>
  Anthony PERARD <[email protected]>
  BALATON Zoltan <[email protected]>
  Bandan Das <[email protected]>
  Benjamin Herrenschmidt <[email protected]>
  Bin Meng <[email protected]>
  Bishara AbuHattoum <[email protected]>
  Brijesh Singh <[email protected]>
  Chih-Min Chao <[email protected]>
  Cleber Rosa <[email protected]>
  Cornelia Huck <[email protected]>
  Cédric Le Goater <[email protected]>
  Daniel Henrique Barboza <[email protected]>
  Daniel P. Berrange <[email protected]>
  Daniel P. Berrangé <[email protected]>
  David Gibson <[email protected]>
  David Hildenbrand <[email protected]>
  Dr. David Alan Gilbert <[email protected]>
  Eduardo Habkost <[email protected]>
  Eduardo Otubo <[email protected]>
  Emilio G. Cota <[email protected]>
  Eric Blake <[email protected]>
  Gerd Hoffmann <[email protected]>
  Greg Kurz <[email protected]>
  Jafar Abdi <[email protected]>
  Jason Wang <[email protected]>
  Jim Wilson <[email protected]>
  John Snow <[email protected]>
  Juan Quintela <[email protected]>
  Kelly Price <[email protected]>
  Kevin Wolf <[email protected]>
  Kito Cheng <[email protected]>
  Laurent Vivier <[email protected]>
  Laurent Vivier <[email protected]>
  Li Qiang <[email protected]>
  Liam Merwick <[email protected]>
  Luc Michel <[email protected]>
  Lukáš Doktor <[email protected]>
  Marc-André Lureau <[email protected]>
  Markus Armbruster <[email protected]>
  Mateja Marjanovic <[email protected]>
  Matt Hines <[email protected]>
  Max Filippov <[email protected]>
  Max Reitz <[email protected]>
  Michael Clark <[email protected]>
  Michael Roth <[email protected]>
  Michael S. Tsirkin <[email protected]>
  Nir Soffer <[email protected]>
  Nir Soffer <[email protected]>
  Palmer Dabbelt <[email protected]>
  Paolo Bonzini <[email protected]>
  Paul Durrant <[email protected]>
  Peter Maydell <[email protected]>
  Peter Xu <[email protected]>
  Philippe Mathieu-Daudé <[email protected]>
  Richard Henderson <[email protected]>
  Richard W.M. Jones <[email protected]>
  Roger Pau Monne <[email protected]>
  Roger Pau Monné <[email protected]>
  Sam Eiderman <[email protected]>
  Samuel Thibault <[email protected]>
  Sergio Lopez <[email protected]>
  Shan Gavin <[email protected]>
  Shmuel Eiderman <[email protected]>
  Singh, Brijesh <[email protected]>
  Stefan Hajnoczi <[email protected]>
  Stefano Garzarella <[email protected]>
  Suraj Jitindar Singh <[email protected]>
  Thomas Huth <[email protected]>
  Vladimir Sementsov-Ogievskiy <[email protected]>
  Volker Rümelin <[email protected]>
  Wainer dos Santos Moschetta <[email protected]>
  yuchenlin <[email protected]>
  Yuval Shaia <[email protected]>
  Zhang Chen <[email protected]>

jobs:
 build-amd64-xsm                                              pass    
 build-arm64-xsm                                              pass    
 build-i386-xsm                                               pass    
 build-amd64                                                  pass    
 build-arm64                                                  pass    
 build-armhf                                                  pass    
 build-i386                                                   pass    
 build-amd64-libvirt                                          pass    
 build-arm64-libvirt                                          pass    
 build-armhf-libvirt                                          pass    
 build-i386-libvirt                                           fail    
 build-amd64-pvops                                            pass    
 build-arm64-pvops                                            pass    
 build-armhf-pvops                                            pass    
 build-i386-pvops                                             pass    
 test-amd64-amd64-xl                                          pass    
 test-arm64-arm64-xl                                          pass    
 test-armhf-armhf-xl                                          pass    
 test-amd64-i386-xl                                           pass    
 test-amd64-amd64-libvirt-qemuu-debianhvm-amd64-xsm           pass    
 test-amd64-i386-libvirt-qemuu-debianhvm-amd64-xsm            blocked 
 test-amd64-amd64-xl-qemuu-debianhvm-amd64-xsm                pass    
 test-amd64-i386-xl-qemuu-debianhvm-amd64-xsm                 pass    
 test-amd64-amd64-libvirt-xsm                                 pass    
 test-arm64-arm64-libvirt-xsm                                 pass    
 test-amd64-i386-libvirt-xsm                                  blocked 
 test-amd64-amd64-xl-xsm                                      pass    
 test-arm64-arm64-xl-xsm                                      pass    
 test-amd64-i386-xl-xsm                                       pass    
 test-amd64-amd64-qemuu-nested-amd                            fail    
 test-amd64-amd64-xl-pvhv2-amd                                pass    
 test-amd64-i386-qemuu-rhel6hvm-amd                           pass    
 test-amd64-amd64-xl-qemuu-debianhvm-amd64                    pass    
 test-amd64-i386-xl-qemuu-debianhvm-amd64                     pass    
 test-amd64-i386-freebsd10-amd64                              pass    
 test-amd64-amd64-xl-qemuu-ovmf-amd64                         pass    
 test-amd64-i386-xl-qemuu-ovmf-amd64                          pass    
 test-amd64-amd64-xl-qemuu-win7-amd64                         fail    
 test-amd64-i386-xl-qemuu-win7-amd64                          fail    
 test-amd64-amd64-xl-qemuu-ws16-amd64                         fail    
 test-amd64-i386-xl-qemuu-ws16-amd64                          fail    
 test-armhf-armhf-xl-arndale                                  pass    
 test-amd64-amd64-xl-credit1                                  pass    
 test-arm64-arm64-xl-credit1                                  pass    
 test-armhf-armhf-xl-credit1                                  pass    
 test-amd64-amd64-xl-credit2                                  pass    
 test-arm64-arm64-xl-credit2                                  pass    
 test-armhf-armhf-xl-credit2                                  pass    
 test-armhf-armhf-xl-cubietruck                               pass    
 test-amd64-amd64-xl-qemuu-dmrestrict-amd64-dmrestrict        pass    
 test-amd64-i386-xl-qemuu-dmrestrict-amd64-dmrestrict         pass    
 test-amd64-i386-freebsd10-i386                               pass    
 test-amd64-amd64-xl-qemuu-win10-i386                         fail    
 test-amd64-i386-xl-qemuu-win10-i386                          fail    
 test-amd64-amd64-qemuu-nested-intel                          pass    
 test-amd64-amd64-xl-pvhv2-intel                              pass    
 test-amd64-i386-qemuu-rhel6hvm-intel                         pass    
 test-amd64-amd64-libvirt                                     pass    
 test-armhf-armhf-libvirt                                     pass    
 test-amd64-i386-libvirt                                      blocked 
 test-amd64-amd64-xl-multivcpu                                pass    
 test-armhf-armhf-xl-multivcpu                                pass    
 test-amd64-amd64-pair                                        pass    
 test-amd64-i386-pair                                         pass    
 test-amd64-amd64-libvirt-pair                                pass    
 test-amd64-i386-libvirt-pair                                 blocked 
 test-amd64-amd64-amd64-pvgrub                                pass    
 test-amd64-amd64-i386-pvgrub                                 pass    
 test-amd64-amd64-xl-pvshim                                   pass    
 test-amd64-i386-xl-pvshim                                    fail    
 test-amd64-amd64-pygrub                                      pass    
 test-amd64-amd64-xl-qcow2                                    pass    
 test-armhf-armhf-libvirt-raw                                 pass    
 test-amd64-i386-xl-raw                                       pass    
 test-amd64-amd64-xl-rtds                                     pass    
 test-armhf-armhf-xl-rtds                                     pass    
 test-amd64-amd64-xl-qemuu-debianhvm-amd64-shadow             pass    
 test-amd64-i386-xl-qemuu-debianhvm-amd64-shadow              pass    
 test-amd64-amd64-xl-shadow                                   pass    
 test-amd64-i386-xl-shadow                                    pass    
 test-amd64-amd64-libvirt-vhd                                 pass    
 test-armhf-armhf-xl-vhd                                      pass    


------------------------------------------------------------
sg-report-flight on osstest.test-lab.xenproject.org
logs: /home/logs/logs
images: /home/logs/images

Logs, config files, etc. are available at
    http://logs.test-lab.xenproject.org/osstest/logs

Explanation of these reports, and of osstest in general, is at
    http://xenbits.xen.org/gitweb/?p=osstest.git;a=blob;f=README.email;hb=master
    http://xenbits.xen.org/gitweb/?p=osstest.git;a=blob;f=README;hb=master

Test harness code can be found at
    http://xenbits.xen.org/gitweb?p=osstest.git;a=summary


Not pushing.

(No revision log; it would be 6792 lines long.)

_______________________________________________
Xen-devel mailing list
[email protected]
https://lists.xenproject.org/mailman/listinfo/xen-devel

Reply via email to