flight 135071 xen-unstable-smoke real [real] http://logs.test-lab.xenproject.org/osstest/logs/135071/
Regressions :-( Tests which did not succeed and are blocking, including tests which could not be run: test-amd64-amd64-xl-qemuu-debianhvm-i386 10 debian-hvm-install fail REGR. vs. 133991 Tests which did not succeed, but are not blocking: test-amd64-amd64-libvirt 13 migrate-support-check fail never pass test-arm64-arm64-xl-xsm 13 migrate-support-check fail never pass test-arm64-arm64-xl-xsm 14 saverestore-support-check fail never pass test-armhf-armhf-xl 13 migrate-support-check fail never pass test-armhf-armhf-xl 14 saverestore-support-check fail never pass version targeted for testing: xen be3d5b30331d87e177744dbe23138b9ebcdc86f1 baseline version: xen cb70a26f78848fe45f593f7ebc9cfaac760a791b Last test of basis 133991 2019-03-22 15:00:46 Z 30 days Failing since 134068 2019-03-25 12:00:51 Z 27 days 150 attempts Testing same since 134834 2019-04-15 19:00:48 Z 6 days 44 attempts ------------------------------------------------------------ People who touched revisions under test: Alexandru Isaila <[email protected]> Alexandru Stefan ISAILA <[email protected]> Amit Singh Tomar <[email protected]> Andrew Cooper <[email protected]> Anthony PERARD <[email protected]> Brian Woods <[email protected]> Christian Lindig <[email protected]> Doug Goldstein <[email protected]> George Dunlap <[email protected]> Igor Druzhinin <[email protected]> Jan Beulich <[email protected]> Juergen Gross <[email protected]> Julien Grall <[email protected]> Kevin Tian <[email protected]> Lukas Juenger <[email protected]> M A Young <[email protected]> Norbert Manthey <[email protected]> Oleksandr Andrushchenko <[email protected]> Paul Durrant <[email protected]> Pawel Wieczorkiewicz <[email protected]> Petre Pircalabu <[email protected]> Razvan Cojocaru <[email protected]> Tamas K Lengyel <[email protected]> Wei Liu <[email protected]> Xiaochen Wang <[email protected]> Xin Li <[email protected]> jobs: build-arm64-xsm pass build-amd64 pass build-armhf pass build-amd64-libvirt pass test-armhf-armhf-xl pass test-arm64-arm64-xl-xsm pass test-amd64-amd64-xl-qemuu-debianhvm-i386 fail test-amd64-amd64-libvirt pass ------------------------------------------------------------ sg-report-flight on osstest.test-lab.xenproject.org logs: /home/logs/logs images: /home/logs/images Logs, config files, etc. are available at http://logs.test-lab.xenproject.org/osstest/logs Explanation of these reports, and of osstest in general, is at http://xenbits.xen.org/gitweb/?p=osstest.git;a=blob;f=README.email;hb=master http://xenbits.xen.org/gitweb/?p=osstest.git;a=blob;f=README;hb=master Test harness code can be found at http://xenbits.xen.org/gitweb?p=osstest.git;a=summary Not pushing. (No revision log; it would be 2099 lines long.) _______________________________________________ Xen-devel mailing list [email protected] https://lists.xenproject.org/mailman/listinfo/xen-devel
