flight 134587 libvirt real [real] http://logs.test-lab.xenproject.org/osstest/logs/134587/
Regressions :-( Tests which did not succeed and are blocking, including tests which could not be run: build-arm64 <job status> broken build-arm64-pvops <job status> broken build-arm64-xsm <job status> broken build-arm64 4 host-install(4) broken REGR. vs. 133846 build-arm64-xsm 4 host-install(4) broken REGR. vs. 133846 build-arm64-pvops 4 host-install(4) broken REGR. vs. 133846 build-amd64-libvirt 6 libvirt-build fail REGR. vs. 133846 Tests which did not succeed, but are not blocking: test-amd64-amd64-libvirt-qemuu-debianhvm-amd64-xsm 1 build-check(1) blocked n/a test-amd64-amd64-libvirt 1 build-check(1) blocked n/a test-arm64-arm64-libvirt-qcow2 1 build-check(1) blocked n/a test-amd64-amd64-libvirt-xsm 1 build-check(1) blocked n/a test-arm64-arm64-libvirt 1 build-check(1) blocked n/a test-amd64-amd64-libvirt-pair 1 build-check(1) blocked n/a test-arm64-arm64-libvirt-xsm 1 build-check(1) blocked n/a test-amd64-amd64-libvirt-vhd 1 build-check(1) blocked n/a build-arm64-libvirt 1 build-check(1) blocked n/a test-armhf-armhf-libvirt-raw 13 saverestore-support-check fail like 133846 test-armhf-armhf-libvirt 14 saverestore-support-check fail like 133846 test-amd64-i386-libvirt 13 migrate-support-check fail never pass test-amd64-i386-libvirt-xsm 13 migrate-support-check fail never pass test-amd64-i386-libvirt-qemuu-debianhvm-amd64-xsm 11 migrate-support-check fail never pass test-armhf-armhf-libvirt-raw 12 migrate-support-check fail never pass test-armhf-armhf-libvirt 13 migrate-support-check fail never pass version targeted for testing: libvirt 9009858d5bed5a399288ffaa25a339109325b59f baseline version: libvirt 25e2e4e04f13901b3db903b2301bd11381bdf128 Last test of basis 133846 2019-03-16 02:09:09 Z 27 days Failing since 133876 2019-03-17 11:33:04 Z 25 days 16 attempts Testing same since 134587 2019-04-09 18:12:25 Z 2 days 1 attempts ------------------------------------------------------------ People who touched revisions under test: Andrea Bolognani <[email protected]> Cole Robinson <[email protected]> Daniel Henrique Barboza <[email protected]> Daniel P. Berrangé <[email protected]> Daniel Veillard <[email protected]> Eric Blake <[email protected]> Han Han <[email protected]> intrigeri <[email protected]> intrigeri <[email protected]> Jason Dillaman <[email protected]> Jiri Denemark <[email protected]> John Ferlan <[email protected]> Julio Faracco <[email protected]> Ján Tomko <[email protected]> Laine Stump <[email protected]> Michal Privoznik <[email protected]> Nikolay Shirokovskiy <[email protected]> Pavel Hrdina <[email protected]> Peter Krempa <[email protected]> Roman Bogorodskiy <[email protected]> jobs: build-amd64-xsm pass build-arm64-xsm broken build-i386-xsm pass build-amd64 pass build-arm64 broken build-armhf pass build-i386 pass build-amd64-libvirt fail build-arm64-libvirt blocked build-armhf-libvirt pass build-i386-libvirt pass build-amd64-pvops pass build-arm64-pvops broken build-armhf-pvops pass build-i386-pvops pass test-amd64-amd64-libvirt-qemuu-debianhvm-amd64-xsm blocked test-amd64-i386-libvirt-qemuu-debianhvm-amd64-xsm pass test-amd64-amd64-libvirt-xsm blocked test-arm64-arm64-libvirt-xsm blocked test-amd64-i386-libvirt-xsm pass test-amd64-amd64-libvirt blocked test-arm64-arm64-libvirt blocked test-armhf-armhf-libvirt pass test-amd64-i386-libvirt pass test-amd64-amd64-libvirt-pair blocked test-amd64-i386-libvirt-pair pass test-arm64-arm64-libvirt-qcow2 blocked test-armhf-armhf-libvirt-raw pass test-amd64-amd64-libvirt-vhd blocked ------------------------------------------------------------ sg-report-flight on osstest.test-lab.xenproject.org logs: /home/logs/logs images: /home/logs/images Logs, config files, etc. are available at http://logs.test-lab.xenproject.org/osstest/logs Explanation of these reports, and of osstest in general, is at http://xenbits.xen.org/gitweb/?p=osstest.git;a=blob;f=README.email;hb=master http://xenbits.xen.org/gitweb/?p=osstest.git;a=blob;f=README;hb=master Test harness code can be found at http://xenbits.xen.org/gitweb?p=osstest.git;a=summary broken-job build-arm64 broken broken-job build-arm64-pvops broken broken-job build-arm64-xsm broken broken-step build-arm64 host-install(4) broken-step build-arm64-xsm host-install(4) broken-step build-arm64-pvops host-install(4) Not pushing. (No revision log; it would be 5101 lines long.) _______________________________________________ Xen-devel mailing list [email protected] https://lists.xenproject.org/mailman/listinfo/xen-devel
