flight 133736 linux-3.18 real [real]
http://logs.test-lab.xenproject.org/osstest/logs/133736/
Regressions :-(
Tests which did not succeed and are blocking,
including tests which could not be run:
test-amd64-amd64-amd64-pvgrub 7 xen-boot fail REGR. vs. 128858
test-amd64-amd64-xl-qemuu-debianhvm-amd64 7 xen-boot fail REGR. vs. 128858
test-amd64-amd64-xl-pvshim 7 xen-boot fail REGR. vs. 128858
test-amd64-amd64-xl-shadow 7 xen-boot fail REGR. vs. 128858
test-amd64-amd64-libvirt 7 xen-boot fail REGR. vs. 128858
test-amd64-amd64-qemuu-nested-intel 7 xen-boot fail REGR. vs. 128858
test-amd64-amd64-xl-multivcpu 7 xen-boot fail REGR. vs. 128858
test-amd64-amd64-xl-qemuu-ovmf-amd64 7 xen-boot fail REGR. vs. 128858
test-amd64-amd64-xl-qemut-debianhvm-amd64-xsm 7 xen-boot fail REGR. vs. 128858
test-amd64-amd64-i386-pvgrub 7 xen-boot fail REGR. vs. 128858
test-amd64-amd64-xl-xsm 7 xen-boot fail REGR. vs. 128858
test-amd64-amd64-rumprun-amd64 7 xen-boot fail REGR. vs. 128858
test-amd64-amd64-libvirt-xsm 7 xen-boot fail REGR. vs. 128858
test-amd64-amd64-xl-qemuu-debianhvm-amd64-xsm 7 xen-boot fail REGR. vs. 128858
test-amd64-amd64-xl-credit2 7 xen-boot fail REGR. vs. 128858
test-amd64-amd64-xl 7 xen-boot fail REGR. vs. 128858
build-i386-pvops 6 kernel-build fail REGR. vs. 128858
Regressions which are regarded as allowable (not blocking):
test-amd64-amd64-xl-rtds 7 xen-boot fail REGR. vs. 128858
Tests which did not succeed, but are not blocking:
test-amd64-i386-xl-shadow 1 build-check(1) blocked n/a
test-amd64-i386-xl-qemuu-win7-amd64 1 build-check(1) blocked n/a
test-amd64-i386-xl 1 build-check(1) blocked n/a
test-amd64-i386-qemut-rhel6hvm-amd 1 build-check(1) blocked n/a
test-amd64-i386-xl-qemut-win7-amd64 1 build-check(1) blocked n/a
test-amd64-i386-xl-qemuu-debianhvm-amd64-xsm 1 build-check(1) blocked n/a
test-amd64-i386-libvirt-xsm 1 build-check(1) blocked n/a
test-arm64-arm64-libvirt-xsm 1 build-check(1) blocked n/a
test-amd64-i386-xl-qemuu-ws16-amd64 1 build-check(1) blocked n/a
test-amd64-i386-qemuu-rhel6hvm-intel 1 build-check(1) blocked n/a
test-arm64-arm64-xl-xsm 1 build-check(1) blocked n/a
test-amd64-i386-xl-qemut-win10-i386 1 build-check(1) blocked n/a
test-amd64-i386-libvirt-qemuu-debianhvm-amd64-xsm 1 build-check(1) blocked n/a
test-amd64-i386-freebsd10-amd64 1 build-check(1) blocked n/a
test-amd64-i386-libvirt-pair 1 build-check(1) blocked n/a
test-amd64-i386-xl-xsm 1 build-check(1) blocked n/a
test-amd64-i386-xl-qemut-debianhvm-amd64-xsm 1 build-check(1) blocked n/a
test-amd64-i386-qemuu-rhel6hvm-amd 1 build-check(1) blocked n/a
test-amd64-i386-xl-qemuu-dmrestrict-amd64-dmrestrict 1 build-check(1) blocked
n/a
test-amd64-i386-xl-qemuu-debianhvm-amd64-shadow 1 build-check(1) blocked n/a
test-amd64-i386-rumprun-i386 1 build-check(1) blocked n/a
test-amd64-i386-libvirt 1 build-check(1) blocked n/a
test-arm64-arm64-xl-credit2 1 build-check(1) blocked n/a
test-amd64-i386-xl-qemuu-ovmf-amd64 1 build-check(1) blocked n/a
test-amd64-i386-freebsd10-i386 1 build-check(1) blocked n/a
test-arm64-arm64-xl-credit1 1 build-check(1) blocked n/a
test-amd64-i386-xl-qemuu-debianhvm-amd64 1 build-check(1) blocked n/a
test-amd64-i386-xl-raw 1 build-check(1) blocked n/a
test-amd64-i386-xl-qemut-ws16-amd64 1 build-check(1) blocked n/a
test-amd64-i386-xl-qemuu-win10-i386 1 build-check(1) blocked n/a
test-amd64-i386-qemut-rhel6hvm-intel 1 build-check(1) blocked n/a
test-arm64-arm64-examine 1 build-check(1) blocked n/a
test-amd64-i386-xl-qemut-stubdom-debianhvm-amd64-xsm 1 build-check(1) blocked
n/a
test-amd64-i386-xl-qemut-debianhvm-amd64 1 build-check(1) blocked n/a
test-amd64-i386-xl-pvshim 1 build-check(1) blocked n/a
test-amd64-i386-pair 1 build-check(1) blocked n/a
test-arm64-arm64-xl 1 build-check(1) blocked n/a
test-amd64-i386-examine 1 build-check(1) blocked n/a
test-armhf-armhf-xl-arndale 5 host-ping-check-native fail like 128691
test-armhf-armhf-libvirt 14 saverestore-support-check fail like 128858
test-amd64-amd64-xl-qemut-win7-amd64 17 guest-stop fail like 128858
test-amd64-amd64-xl-qemuu-win7-amd64 17 guest-stop fail like 128858
test-armhf-armhf-libvirt-raw 13 saverestore-support-check fail like 128858
test-amd64-amd64-xl-qemuu-dmrestrict-amd64-dmrestrict 10 debian-hvm-install
fail never pass
test-amd64-amd64-xl-pvhv2-intel 12 guest-start fail never pass
test-amd64-amd64-xl-pvhv2-amd 12 guest-start fail never pass
test-amd64-amd64-libvirt-qemuu-debianhvm-amd64-xsm 11 migrate-support-check
fail never pass
test-amd64-amd64-qemuu-nested-amd 17 debian-hvm-install/l1/l2 fail never pass
build-arm64-pvops 6 kernel-build fail never pass
test-amd64-amd64-libvirt-vhd 12 migrate-support-check fail never pass
test-armhf-armhf-xl-rtds 13 migrate-support-check fail never pass
test-armhf-armhf-xl-rtds 14 saverestore-support-check fail never pass
test-armhf-armhf-xl 13 migrate-support-check fail never pass
test-armhf-armhf-xl 14 saverestore-support-check fail never pass
test-armhf-armhf-xl-credit1 13 migrate-support-check fail never pass
test-armhf-armhf-xl-credit1 14 saverestore-support-check fail never pass
test-armhf-armhf-xl-cubietruck 13 migrate-support-check fail never pass
test-armhf-armhf-xl-cubietruck 14 saverestore-support-check fail never pass
test-armhf-armhf-libvirt 13 migrate-support-check fail never pass
test-armhf-armhf-xl-credit2 13 migrate-support-check fail never pass
test-armhf-armhf-xl-credit2 14 saverestore-support-check fail never pass
test-amd64-amd64-xl-qemuu-ws16-amd64 17 guest-stop fail never pass
test-amd64-amd64-xl-qemut-ws16-amd64 17 guest-stop fail never pass
test-armhf-armhf-libvirt-raw 12 migrate-support-check fail never pass
test-armhf-armhf-xl-multivcpu 13 migrate-support-check fail never pass
test-armhf-armhf-xl-multivcpu 14 saverestore-support-check fail never pass
test-armhf-armhf-xl-vhd 12 migrate-support-check fail never pass
test-armhf-armhf-xl-vhd 13 saverestore-support-check fail never pass
test-amd64-amd64-xl-qemut-win10-i386 10 windows-install fail never pass
test-amd64-amd64-xl-qemuu-win10-i386 10 windows-install fail never pass
version targeted for testing:
linux e128f16fddb66db5a73c30d4f3558d037d119e58
baseline version:
linux 0d63979c1bc9c85578be4c589768a13dc0a7c5eb
Last test of basis 128858 2018-10-17 21:47:39 Z 146 days
Failing since 129760 2018-11-10 16:17:30 Z 123 days 82 attempts
Testing same since 133406 2019-02-24 04:03:23 Z 17 days 12 attempts
------------------------------------------------------------
622 people touched revisions under test,
not listing them all
jobs:
build-amd64-xsm pass
build-arm64-xsm pass
build-i386-xsm pass
build-amd64 pass
build-arm64 pass
build-armhf pass
build-i386 pass
build-amd64-libvirt pass
build-arm64-libvirt pass
build-armhf-libvirt pass
build-i386-libvirt pass
build-amd64-pvops pass
build-arm64-pvops fail
build-armhf-pvops pass
build-i386-pvops fail
build-amd64-rumprun pass
build-i386-rumprun pass
test-amd64-amd64-xl fail
test-arm64-arm64-xl blocked
test-armhf-armhf-xl pass
test-amd64-i386-xl blocked
test-amd64-amd64-xl-qemut-debianhvm-amd64-xsm fail
test-amd64-i386-xl-qemut-debianhvm-amd64-xsm blocked
test-amd64-amd64-libvirt-qemuu-debianhvm-amd64-xsm pass
test-amd64-i386-libvirt-qemuu-debianhvm-amd64-xsm blocked
test-amd64-amd64-xl-qemuu-debianhvm-amd64-xsm fail
test-amd64-i386-xl-qemuu-debianhvm-amd64-xsm blocked
test-amd64-amd64-xl-qemut-stubdom-debianhvm-amd64-xsm pass
test-amd64-i386-xl-qemut-stubdom-debianhvm-amd64-xsm blocked
test-amd64-amd64-libvirt-xsm fail
test-arm64-arm64-libvirt-xsm blocked
test-amd64-i386-libvirt-xsm blocked
test-amd64-amd64-xl-xsm fail
test-arm64-arm64-xl-xsm blocked
test-amd64-i386-xl-xsm blocked
test-amd64-amd64-qemuu-nested-amd fail
test-amd64-amd64-xl-pvhv2-amd fail
test-amd64-i386-qemut-rhel6hvm-amd blocked
test-amd64-i386-qemuu-rhel6hvm-amd blocked
test-amd64-amd64-xl-qemut-debianhvm-amd64 pass
test-amd64-i386-xl-qemut-debianhvm-amd64 blocked
test-amd64-amd64-xl-qemuu-debianhvm-amd64 fail
test-amd64-i386-xl-qemuu-debianhvm-amd64 blocked
test-amd64-i386-freebsd10-amd64 blocked
test-amd64-amd64-xl-qemuu-ovmf-amd64 fail
test-amd64-i386-xl-qemuu-ovmf-amd64 blocked
test-amd64-amd64-rumprun-amd64 fail
test-amd64-amd64-xl-qemut-win7-amd64 fail
test-amd64-i386-xl-qemut-win7-amd64 blocked
test-amd64-amd64-xl-qemuu-win7-amd64 fail
test-amd64-i386-xl-qemuu-win7-amd64 blocked
test-amd64-amd64-xl-qemut-ws16-amd64 fail
test-amd64-i386-xl-qemut-ws16-amd64 blocked
test-amd64-amd64-xl-qemuu-ws16-amd64 fail
test-amd64-i386-xl-qemuu-ws16-amd64 blocked
test-armhf-armhf-xl-arndale fail
test-amd64-amd64-xl-credit1 pass
test-arm64-arm64-xl-credit1 blocked
test-armhf-armhf-xl-credit1 pass
test-amd64-amd64-xl-credit2 fail
test-arm64-arm64-xl-credit2 blocked
test-armhf-armhf-xl-credit2 pass
test-armhf-armhf-xl-cubietruck pass
test-amd64-amd64-xl-qemuu-dmrestrict-amd64-dmrestrict fail
test-amd64-i386-xl-qemuu-dmrestrict-amd64-dmrestrict blocked
test-amd64-amd64-examine pass
test-arm64-arm64-examine blocked
test-armhf-armhf-examine pass
test-amd64-i386-examine blocked
test-amd64-i386-freebsd10-i386 blocked
test-amd64-i386-rumprun-i386 blocked
test-amd64-amd64-xl-qemut-win10-i386 fail
test-amd64-i386-xl-qemut-win10-i386 blocked
test-amd64-amd64-xl-qemuu-win10-i386 fail
test-amd64-i386-xl-qemuu-win10-i386 blocked
test-amd64-amd64-qemuu-nested-intel fail
test-amd64-amd64-xl-pvhv2-intel fail
test-amd64-i386-qemut-rhel6hvm-intel blocked
test-amd64-i386-qemuu-rhel6hvm-intel blocked
test-amd64-amd64-libvirt fail
test-armhf-armhf-libvirt pass
test-amd64-i386-libvirt blocked
test-amd64-amd64-xl-multivcpu fail
test-armhf-armhf-xl-multivcpu pass
test-amd64-amd64-pair pass
test-amd64-i386-pair blocked
test-amd64-amd64-libvirt-pair pass
test-amd64-i386-libvirt-pair blocked
test-amd64-amd64-amd64-pvgrub fail
test-amd64-amd64-i386-pvgrub fail
test-amd64-amd64-xl-pvshim fail
test-amd64-i386-xl-pvshim blocked
test-amd64-amd64-pygrub pass
test-amd64-amd64-xl-qcow2 pass
test-armhf-armhf-libvirt-raw pass
test-amd64-i386-xl-raw blocked
test-amd64-amd64-xl-rtds fail
test-armhf-armhf-xl-rtds pass
test-amd64-amd64-xl-qemuu-debianhvm-amd64-shadow pass
test-amd64-i386-xl-qemuu-debianhvm-amd64-shadow blocked
test-amd64-amd64-xl-shadow fail
test-amd64-i386-xl-shadow blocked
test-amd64-amd64-libvirt-vhd pass
test-armhf-armhf-xl-vhd pass
------------------------------------------------------------
sg-report-flight on osstest.test-lab.xenproject.org
logs: /home/logs/logs
images: /home/logs/images
Logs, config files, etc. are available at
http://logs.test-lab.xenproject.org/osstest/logs
Explanation of these reports, and of osstest in general, is at
http://xenbits.xen.org/gitweb/?p=osstest.git;a=blob;f=README.email;hb=master
http://xenbits.xen.org/gitweb/?p=osstest.git;a=blob;f=README;hb=master
Test harness code can be found at
http://xenbits.xen.org/gitweb?p=osstest.git;a=summary
Not pushing.
(No revision log; it would be 21642 lines long.)
_______________________________________________
Xen-devel mailing list
[email protected]
https://lists.xenproject.org/mailman/listinfo/xen-devel