flight 133747 xen-unstable-smoke real [real]
http://logs.test-lab.xenproject.org/osstest/logs/133747/

Failures :-/ but no regressions.

Tests which did not succeed, but are not blocking:
 test-amd64-amd64-libvirt     13 migrate-support-check        fail   never pass
 test-arm64-arm64-xl-xsm      13 migrate-support-check        fail   never pass
 test-arm64-arm64-xl-xsm      14 saverestore-support-check    fail   never pass
 test-armhf-armhf-xl          13 migrate-support-check        fail   never pass
 test-armhf-armhf-xl          14 saverestore-support-check    fail   never pass

version targeted for testing:
 xen                  9b0bc91b3b32856df014fab9de40f463c89a8b1e
baseline version:
 xen                  58b26fb0b86ebad2b1aa3e0bffb3433df1925abf

Last test of basis   133741  2019-03-12 13:01:51 Z    0 days
Testing same since   133747  2019-03-12 16:00:45 Z    0 days    1 attempts

------------------------------------------------------------
People who touched revisions under test:
  Andrew Cooper <[email protected]>
  Igor Druzhinin <[email protected]>
  Jan Beulich <[email protected]>
  Julien Grall <[email protected]>
  Kevin Tian <[email protected]>
  Olaf Hering <[email protected]>
  Roger Pau MonnĂ© <[email protected]>
  Sergey Dyasli <[email protected]>
  Tim Deegan <[email protected]>
  Wei Liu <[email protected]>

jobs:
 build-arm64-xsm                                              pass    
 build-amd64                                                  pass    
 build-armhf                                                  pass    
 build-amd64-libvirt                                          pass    
 test-armhf-armhf-xl                                          pass    
 test-arm64-arm64-xl-xsm                                      pass    
 test-amd64-amd64-xl-qemuu-debianhvm-i386                     pass    
 test-amd64-amd64-libvirt                                     pass    


------------------------------------------------------------
sg-report-flight on osstest.test-lab.xenproject.org
logs: /home/logs/logs
images: /home/logs/images

Logs, config files, etc. are available at
    http://logs.test-lab.xenproject.org/osstest/logs

Explanation of these reports, and of osstest in general, is at
    http://xenbits.xen.org/gitweb/?p=osstest.git;a=blob;f=README.email;hb=master
    http://xenbits.xen.org/gitweb/?p=osstest.git;a=blob;f=README;hb=master

Test harness code can be found at
    http://xenbits.xen.org/gitweb?p=osstest.git;a=summary


Pushing revision :

To xenbits.xen.org:/home/xen/git/xen.git
   58b26fb0b8..9b0bc91b3b  9b0bc91b3b32856df014fab9de40f463c89a8b1e -> smoke

_______________________________________________
Xen-devel mailing list
[email protected]
https://lists.xenproject.org/mailman/listinfo/xen-devel

Reply via email to