flight 132958 xen-unstable-coverity real [real]
http://logs.test-lab.xenproject.org/osstest/logs/132958/

Regressions :-(

Tests which did not succeed and are blocking,
including tests which could not be run:
 coverity-amd64                7 coverity-upload          fail REGR. vs. 132424

version targeted for testing:
 xen                  8aa276235b93eeb4f81095c638970900e19b31e5
baseline version:
 xen                  08b908ba63dee8bc313983c5e412852cbcbcda85

Last test of basis   132424  2019-01-23 09:19:14 Z   14 days
Failing since        132506  2019-01-27 09:18:42 Z   10 days    4 attempts
Testing same since   132958  2019-02-06 09:19:02 Z    0 days    1 attempts

------------------------------------------------------------
People who touched revisions under test:
  Andrew Cooper <[email protected]>
  Andrii Anisov <[email protected]>
  Anthony PERARD <[email protected]>
  Brian Woods <[email protected]>
  Doug Goldstein <[email protected]>
  George Dunlap <[email protected]>
  Hans van Kranenburg <[email protected]>
  Ian Jackson <[email protected]>
  Jan Beulich <[email protected]>
  Julien Grall <[email protected]>
  Norbert Manthey <[email protected]>
  Roger Pau Monne <[email protected]>
  Roger Pau MonnĂ© <[email protected]>
  Tamas K Lengyel <[email protected]>
  Wei Liu <[email protected]>

jobs:
 coverity-amd64                                               fail    


------------------------------------------------------------
sg-report-flight on osstest.test-lab.xenproject.org
logs: /home/logs/logs
images: /home/logs/images

Logs, config files, etc. are available at
    http://logs.test-lab.xenproject.org/osstest/logs

Explanation of these reports, and of osstest in general, is at
    http://xenbits.xen.org/gitweb/?p=osstest.git;a=blob;f=README.email;hb=master
    http://xenbits.xen.org/gitweb/?p=osstest.git;a=blob;f=README;hb=master

Test harness code can be found at
    http://xenbits.xen.org/gitweb?p=osstest.git;a=summary


Not pushing.

(No revision log; it would be 778 lines long.)

_______________________________________________
Xen-devel mailing list
[email protected]
https://lists.xenproject.org/mailman/listinfo/xen-devel

Reply via email to