flight 132170 ovmf real [real]
http://logs.test-lab.xenproject.org/osstest/logs/132170/

Regressions :-(

Tests which did not succeed and are blocking,
including tests which could not be run:
 test-amd64-amd64-xl-qemuu-ovmf-amd64 10 debian-hvm-install fail REGR. vs. 
129475
 test-amd64-i386-xl-qemuu-ovmf-amd64 10 debian-hvm-install fail REGR. vs. 129475

version targeted for testing:
 ovmf                 cce9d763580a955d294a5e3696cbe07a03965e2b
baseline version:
 ovmf                 5ae3184d8c59f7bbb84bad482df6b8020ba58188

Last test of basis   129475  2018-11-05 21:13:11 Z   76 days
Failing since        129526  2018-11-06 20:49:26 Z   75 days  270 attempts
Testing same since   132077  2019-01-19 03:50:59 Z    2 days    2 attempts

------------------------------------------------------------
People who touched revisions under test:
  Achin Gupta <[email protected]>
  Alex James <[email protected]>
  Ard Biesheuvel <[email protected]>
  Ashish Singhal <[email protected]>
  Bob Feng <[email protected]>
  [email protected] <[email protected]>
  BobCF <[email protected]>
  Carsey, Jaben <[email protected]>
  Chasel Chiu <[email protected]>
  Chasel, Chiu <[email protected]>
  Chen A Chen <[email protected]>
  Chu, Maggie <[email protected]>
  Dandan Bi <[email protected]>
  David Wei <[email protected]>
  Derek Lin <[email protected]>
  Eric Dong <[email protected]>
  Eugene Cohen <[email protected]>
  Feng, Bob C <[email protected]>
  Fu Siyuan <[email protected]>
  Gary Lin <[email protected]>
  Hao Wu <[email protected]>
  Jaben Carsey <[email protected]>
  Jagadeesh Ujja <[email protected]>
  Jeff Brasen <[email protected]>
  Jian J Wang <[email protected]>
  Jiaxin Wu <[email protected]>
  Jiewen Yao <[email protected]>
  Laszlo Ersek <[email protected]>
  Leif Lindholm <[email protected]>
  Liming Gao <[email protected]>
  Liu Yu <[email protected]>
  Maggie Chu <[email protected]>
  Marc Zyngier <[email protected]>
  Marcin Wojtas <[email protected]>
  Mike Maslenkin <[email protected]>
  Ming Huang <[email protected]>
  Pedroa Liu <[email protected]>
  Ray Ni <[email protected]>
  Ruiyu Ni <[email protected]>
  Sami Mujawar <[email protected]>
  shenglei <[email protected]>
  Shenglei Zhang <[email protected]>
  Siyuan Fu <[email protected]>
  Songpeng Li <[email protected]>
  Star Zeng <[email protected]>
  Sughosh Ganu <[email protected]>
  Sumit Garg <[email protected]>
  Sun, Zailiang </o=Intel/ou=Exchange Administrative Group 
(FYDIBOHF23SPDLT)/cn=Recipients/cn=Sun, Zailiangf5d>
  Thomas Abraham <[email protected]>
  Thomas Rydman <[email protected]>
  Ting Ye <[email protected]>
  Tomasz Michalec <[email protected]>
  Vijayenthiran Subramaniam <[email protected]>
  Vladimir Olovyannikov <[email protected]>
  Wang BinX A <[email protected]>
  Wu Jiaxin <[email protected]>
  Ye Ting <[email protected]>
  Yonghong Zhu <[email protected]>
  yuchenlin <[email protected]>
  Zailiang Sun <[email protected]>
  Zhang, Chao B <[email protected]>
  Zhao, ZhiqiangX <[email protected]>
  Zhiju.Fan <[email protected]>
  zhijufan <[email protected]>
  ZhiqiangX Zhao <[email protected]>
  zwei4 <[email protected]>

jobs:
 build-amd64-xsm                                              pass    
 build-i386-xsm                                               pass    
 build-amd64                                                  pass    
 build-i386                                                   pass    
 build-amd64-libvirt                                          pass    
 build-i386-libvirt                                           pass    
 build-amd64-pvops                                            pass    
 build-i386-pvops                                             pass    
 test-amd64-amd64-xl-qemuu-ovmf-amd64                         fail    
 test-amd64-i386-xl-qemuu-ovmf-amd64                          fail    


------------------------------------------------------------
sg-report-flight on osstest.test-lab.xenproject.org
logs: /home/logs/logs
images: /home/logs/images

Logs, config files, etc. are available at
    http://logs.test-lab.xenproject.org/osstest/logs

Explanation of these reports, and of osstest in general, is at
    http://xenbits.xen.org/gitweb/?p=osstest.git;a=blob;f=README.email;hb=master
    http://xenbits.xen.org/gitweb/?p=osstest.git;a=blob;f=README;hb=master

Test harness code can be found at
    http://xenbits.xen.org/gitweb?p=osstest.git;a=summary


Not pushing.

(No revision log; it would be 6689 lines long.)

_______________________________________________
Xen-devel mailing list
[email protected]
https://lists.xenproject.org/mailman/listinfo/xen-devel

Reply via email to