flight 131689 xen-unstable-smoke real [real] http://logs.test-lab.xenproject.org/osstest/logs/131689/
Failures :-/ but no regressions. Tests which did not succeed, but are not blocking: test-amd64-amd64-libvirt 13 migrate-support-check fail never pass test-armhf-armhf-xl 13 migrate-support-check fail never pass test-armhf-armhf-xl 14 saverestore-support-check fail never pass version targeted for testing: xen e5268a3ce35be2d0e1b910ef8a6b0ad4de3c3a1a baseline version: xen 9b97818c3d5854caa95d8af20fe7ef6112ff1b06 Last test of basis 131686 2019-01-02 13:00:28 Z 0 days Testing same since 131689 2019-01-02 15:00:36 Z 0 days 1 attempts ------------------------------------------------------------ People who touched revisions under test: Anthony PERARD <[email protected]> Julien Grall <[email protected]> Lars Kurth <[email protected]> Razvan Cojocaru <[email protected]> Roger Pau Monne <[email protected]> Roger Pau Monné <[email protected]> Wei Liu <[email protected]> jobs: build-amd64 pass build-armhf pass build-amd64-libvirt pass test-armhf-armhf-xl pass test-amd64-amd64-xl-qemuu-debianhvm-i386 pass test-amd64-amd64-libvirt pass ------------------------------------------------------------ sg-report-flight on osstest.test-lab.xenproject.org logs: /home/logs/logs images: /home/logs/images Logs, config files, etc. are available at http://logs.test-lab.xenproject.org/osstest/logs Explanation of these reports, and of osstest in general, is at http://xenbits.xen.org/gitweb/?p=osstest.git;a=blob;f=README.email;hb=master http://xenbits.xen.org/gitweb/?p=osstest.git;a=blob;f=README;hb=master Test harness code can be found at http://xenbits.xen.org/gitweb?p=osstest.git;a=summary Pushing revision : To xenbits.xen.org:/home/xen/git/xen.git 9b97818c3d..e5268a3ce3 e5268a3ce35be2d0e1b910ef8a6b0ad4de3c3a1a -> smoke _______________________________________________ Xen-devel mailing list [email protected] https://lists.xenproject.org/mailman/listinfo/xen-devel
