flight 131429 linux-4.9 real [real]
http://logs.test-lab.xenproject.org/osstest/logs/131429/

Failures :-/ but no regressions.

Tests which are failing intermittently (not blocking):
 test-amd64-i386-libvirt-qemuu-debianhvm-amd64-xsm 10 debian-hvm-install fail 
in 131386 pass in 131429
 test-armhf-armhf-xl-cubietruck 16 guest-start/debian.repeat fail in 131386 
pass in 131429
 test-amd64-amd64-libvirt-xsm  7 xen-boot                   fail pass in 131386
 test-armhf-armhf-xl-multivcpu 16 guest-start/debian.repeat fail pass in 131386

Tests which did not succeed, but are not blocking:
 test-amd64-amd64-libvirt-xsm 13 migrate-support-check fail in 131386 never pass
 test-amd64-i386-xl-qemut-win7-amd64 17 guest-stop             fail like 131317
 test-amd64-amd64-xl-qemut-win7-amd64 17 guest-stop            fail like 131317
 test-amd64-amd64-xl-qemuu-win7-amd64 17 guest-stop            fail like 131317
 test-amd64-i386-xl-qemuu-win7-amd64 17 guest-stop             fail like 131317
 test-amd64-amd64-xl-qemuu-ws16-amd64 17 guest-stop            fail like 131317
 test-amd64-amd64-xl-qemuu-dmrestrict-amd64-dmrestrict 10 debian-hvm-install 
fail never pass
 test-amd64-amd64-xl-pvhv2-intel 12 guest-start                 fail never pass
 test-amd64-i386-xl-qemuu-dmrestrict-amd64-dmrestrict 10 debian-hvm-install 
fail never pass
 test-amd64-amd64-xl-pvhv2-amd 12 guest-start                  fail  never pass
 test-amd64-amd64-libvirt     13 migrate-support-check        fail   never pass
 test-amd64-i386-xl-pvshim    12 guest-start                  fail   never pass
 test-amd64-i386-libvirt-xsm  13 migrate-support-check        fail   never pass
 test-amd64-i386-libvirt      13 migrate-support-check        fail   never pass
 test-amd64-amd64-libvirt-qemuu-debianhvm-amd64-xsm 11 migrate-support-check 
fail never pass
 test-amd64-i386-libvirt-qemuu-debianhvm-amd64-xsm 11 migrate-support-check 
fail never pass
 test-armhf-armhf-xl-arndale  13 migrate-support-check        fail   never pass
 test-armhf-armhf-xl-arndale  14 saverestore-support-check    fail   never pass
 test-amd64-amd64-qemuu-nested-amd 17 debian-hvm-install/l1/l2  fail never pass
 test-amd64-amd64-libvirt-vhd 12 migrate-support-check        fail   never pass
 test-armhf-armhf-xl-credit2  13 migrate-support-check        fail   never pass
 test-armhf-armhf-xl-credit2  14 saverestore-support-check    fail   never pass
 test-armhf-armhf-xl-cubietruck 13 migrate-support-check        fail never pass
 test-armhf-armhf-xl-cubietruck 14 saverestore-support-check    fail never pass
 test-armhf-armhf-xl-multivcpu 13 migrate-support-check        fail  never pass
 test-armhf-armhf-xl-multivcpu 14 saverestore-support-check    fail  never pass
 test-armhf-armhf-xl          13 migrate-support-check        fail   never pass
 test-armhf-armhf-xl          14 saverestore-support-check    fail   never pass
 test-armhf-armhf-xl-credit1  13 migrate-support-check        fail   never pass
 test-armhf-armhf-xl-credit1  14 saverestore-support-check    fail   never pass
 test-amd64-amd64-xl-qemut-ws16-amd64 17 guest-stop             fail never pass
 test-amd64-i386-xl-qemut-ws16-amd64 17 guest-stop              fail never pass
 test-amd64-i386-xl-qemuu-ws16-amd64 17 guest-stop              fail never pass
 test-armhf-armhf-libvirt-raw 12 migrate-support-check        fail   never pass
 test-armhf-armhf-libvirt-raw 13 saverestore-support-check    fail   never pass
 test-armhf-armhf-libvirt     13 migrate-support-check        fail   never pass
 test-armhf-armhf-libvirt     14 saverestore-support-check    fail   never pass
 test-armhf-armhf-xl-rtds     13 migrate-support-check        fail   never pass
 test-armhf-armhf-xl-rtds     14 saverestore-support-check    fail   never pass
 test-armhf-armhf-xl-vhd      12 migrate-support-check        fail   never pass
 test-armhf-armhf-xl-vhd      13 saverestore-support-check    fail   never pass
 test-amd64-amd64-xl-qemut-win10-i386 10 windows-install        fail never pass
 test-amd64-amd64-xl-qemuu-win10-i386 10 windows-install        fail never pass
 test-amd64-i386-xl-qemuu-win10-i386 10 windows-install         fail never pass
 test-amd64-i386-xl-qemut-win10-i386 10 windows-install         fail never pass

version targeted for testing:
 linux                0cff89461d557239296735d18b5a144c8f4b151b
baseline version:
 linux                9c2f007c3c5e713749227f179fbe926ce1d38407

Last test of basis   131317  2018-12-14 17:01:21 Z    5 days
Testing same since   131386  2018-12-17 09:10:13 Z    2 days    2 attempts

------------------------------------------------------------
People who touched revisions under test:
  Aaro Koskinen <[email protected]>
  Aaron Brown <[email protected]>
  Adam Ford <[email protected]>
  Al Viro <[email protected]>
  Andrew Bowers <[email protected]>
  Andrew Morton <[email protected]>
  Artem Savkov <[email protected]>
  Catalin Marinas <[email protected]>
  Christoph Paasch <[email protected]>
  Colin Ian King <[email protected]>
  Daniel Axtens <[email protected]>
  Daniel Borkmann <[email protected]>
  Dave Airlie <[email protected]>
  David Howells <[email protected]>
  David S. Miller <[email protected]>
  David Sterba <[email protected]>
  Eric Dumazet <[email protected]>
  Felipe Balbi <[email protected]>
  Filipe Manana <[email protected]>
  Florian Westphal <[email protected]>
  Greg Kroah-Hartman <[email protected]>
  Guenter Roeck <[email protected]>
  Heiner Kallweit <[email protected]>
  Huacai Chen <[email protected]>
  Ingo Molnar <[email protected]>
  Janusz Krzysztofik <[email protected]>
  Jarkko Nikula <[email protected]>
  Jason Gunthorpe <[email protected]>
  Jeff Kirsher <[email protected]>
  Josh Elsasser <[email protected]>
  Josh Poimboeuf <[email protected]>
  Juergen Gross <[email protected]>
  Julian Anastasov <[email protected]>
  Kees Cook <[email protected]>
  Kiran Kumar Modukuri <[email protected]>
  Larry Chen <[email protected]>
  Leon Romanovsky <[email protected]>
  Linus Torvalds <[email protected]>
  Lorenzo Bianconi <[email protected]>
  Majd Dibbiny <[email protected]>
  Mark Brown <[email protected]>
  Martin Schwidefsky <[email protected]>
  Martynas Pumputis <[email protected]>
  Namhyung Kim <[email protected]>
  Nathan Chancellor <[email protected]>
  Neal Cardwell <[email protected]>
  NeilBrown <[email protected]>
  Nicolas Dichtel <[email protected]>
  Nicolin Chen <[email protected]>
  Pablo Neira Ayuso <[email protected]>
  Pan Bian <[email protected]>
  Paolo Bonzini <[email protected]>
  Peter Ujfalusi <[email protected]>
  Qian Cai <[email protected]>
  Robbie Ko <[email protected]>
  Sasha Levin <[email protected]>
  Shantanu Goel <[email protected]>
  Simon Horman <[email protected]>
  Srikanth Boddepalli <[email protected]>
  Stefano Brivio <[email protected]>
  Su Yanjun <[email protected]>
  Tarick Bedeir <[email protected]>
  Thomas Richter <[email protected]>
  Tony Lindgren <[email protected]>
  Tzung-Bi Shih <[email protected]>
  Waiman Long <[email protected]>
  Xin Long <[email protected]>
  Y.C. Chen <[email protected]>
  Yao Wang <[email protected]>
  Yi Wang <[email protected]>
  Yuchung Cheng <[email protected]>
  YueHaibing <[email protected]>
  Yunjian Wang <[email protected]>

jobs:
 build-amd64-xsm                                              pass    
 build-i386-xsm                                               pass    
 build-amd64                                                  pass    
 build-armhf                                                  pass    
 build-i386                                                   pass    
 build-amd64-libvirt                                          pass    
 build-armhf-libvirt                                          pass    
 build-i386-libvirt                                           pass    
 build-amd64-pvops                                            pass    
 build-armhf-pvops                                            pass    
 build-i386-pvops                                             pass    
 build-amd64-rumprun                                          pass    
 build-i386-rumprun                                           pass    
 test-amd64-amd64-xl                                          pass    
 test-armhf-armhf-xl                                          pass    
 test-amd64-i386-xl                                           pass    
 test-amd64-amd64-xl-qemut-debianhvm-amd64-xsm                pass    
 test-amd64-i386-xl-qemut-debianhvm-amd64-xsm                 pass    
 test-amd64-amd64-libvirt-qemuu-debianhvm-amd64-xsm           pass    
 test-amd64-i386-libvirt-qemuu-debianhvm-amd64-xsm            pass    
 test-amd64-amd64-xl-qemuu-debianhvm-amd64-xsm                pass    
 test-amd64-i386-xl-qemuu-debianhvm-amd64-xsm                 pass    
 test-amd64-amd64-xl-qemut-stubdom-debianhvm-amd64-xsm        pass    
 test-amd64-i386-xl-qemut-stubdom-debianhvm-amd64-xsm         pass    
 test-amd64-amd64-libvirt-xsm                                 fail    
 test-amd64-i386-libvirt-xsm                                  pass    
 test-amd64-amd64-xl-xsm                                      pass    
 test-amd64-i386-xl-xsm                                       pass    
 test-amd64-amd64-qemuu-nested-amd                            fail    
 test-amd64-amd64-xl-pvhv2-amd                                fail    
 test-amd64-i386-qemut-rhel6hvm-amd                           pass    
 test-amd64-i386-qemuu-rhel6hvm-amd                           pass    
 test-amd64-amd64-xl-qemut-debianhvm-amd64                    pass    
 test-amd64-i386-xl-qemut-debianhvm-amd64                     pass    
 test-amd64-amd64-xl-qemuu-debianhvm-amd64                    pass    
 test-amd64-i386-xl-qemuu-debianhvm-amd64                     pass    
 test-amd64-i386-freebsd10-amd64                              pass    
 test-amd64-amd64-xl-qemuu-ovmf-amd64                         pass    
 test-amd64-i386-xl-qemuu-ovmf-amd64                          pass    
 test-amd64-amd64-rumprun-amd64                               pass    
 test-amd64-amd64-xl-qemut-win7-amd64                         fail    
 test-amd64-i386-xl-qemut-win7-amd64                          fail    
 test-amd64-amd64-xl-qemuu-win7-amd64                         fail    
 test-amd64-i386-xl-qemuu-win7-amd64                          fail    
 test-amd64-amd64-xl-qemut-ws16-amd64                         fail    
 test-amd64-i386-xl-qemut-ws16-amd64                          fail    
 test-amd64-amd64-xl-qemuu-ws16-amd64                         fail    
 test-amd64-i386-xl-qemuu-ws16-amd64                          fail    
 test-armhf-armhf-xl-arndale                                  pass    
 test-amd64-amd64-xl-credit1                                  pass    
 test-armhf-armhf-xl-credit1                                  pass    
 test-amd64-amd64-xl-credit2                                  pass    
 test-armhf-armhf-xl-credit2                                  pass    
 test-armhf-armhf-xl-cubietruck                               pass    
 test-amd64-amd64-xl-qemuu-dmrestrict-amd64-dmrestrict        fail    
 test-amd64-i386-xl-qemuu-dmrestrict-amd64-dmrestrict         fail    
 test-amd64-amd64-examine                                     pass    
 test-armhf-armhf-examine                                     pass    
 test-amd64-i386-examine                                      pass    
 test-amd64-i386-freebsd10-i386                               pass    
 test-amd64-i386-rumprun-i386                                 pass    
 test-amd64-amd64-xl-qemut-win10-i386                         fail    
 test-amd64-i386-xl-qemut-win10-i386                          fail    
 test-amd64-amd64-xl-qemuu-win10-i386                         fail    
 test-amd64-i386-xl-qemuu-win10-i386                          fail    
 test-amd64-amd64-qemuu-nested-intel                          pass    
 test-amd64-amd64-xl-pvhv2-intel                              fail    
 test-amd64-i386-qemut-rhel6hvm-intel                         pass    
 test-amd64-i386-qemuu-rhel6hvm-intel                         pass    
 test-amd64-amd64-libvirt                                     pass    
 test-armhf-armhf-libvirt                                     pass    
 test-amd64-i386-libvirt                                      pass    
 test-amd64-amd64-xl-multivcpu                                pass    
 test-armhf-armhf-xl-multivcpu                                fail    
 test-amd64-amd64-pair                                        pass    
 test-amd64-i386-pair                                         pass    
 test-amd64-amd64-libvirt-pair                                pass    
 test-amd64-i386-libvirt-pair                                 pass    
 test-amd64-amd64-amd64-pvgrub                                pass    
 test-amd64-amd64-i386-pvgrub                                 pass    
 test-amd64-amd64-xl-pvshim                                   pass    
 test-amd64-i386-xl-pvshim                                    fail    
 test-amd64-amd64-pygrub                                      pass    
 test-amd64-amd64-xl-qcow2                                    pass    
 test-armhf-armhf-libvirt-raw                                 pass    
 test-amd64-i386-xl-raw                                       pass    
 test-amd64-amd64-xl-rtds                                     pass    
 test-armhf-armhf-xl-rtds                                     pass    
 test-amd64-amd64-xl-qemuu-debianhvm-amd64-shadow             pass    
 test-amd64-i386-xl-qemuu-debianhvm-amd64-shadow              pass    
 test-amd64-amd64-xl-shadow                                   pass    
 test-amd64-i386-xl-shadow                                    pass    
 test-amd64-amd64-libvirt-vhd                                 pass    
 test-armhf-armhf-xl-vhd                                      pass    


------------------------------------------------------------
sg-report-flight on osstest.test-lab.xenproject.org
logs: /home/logs/logs
images: /home/logs/images

Logs, config files, etc. are available at
    http://logs.test-lab.xenproject.org/osstest/logs

Explanation of these reports, and of osstest in general, is at
    http://xenbits.xen.org/gitweb/?p=osstest.git;a=blob;f=README.email;hb=master
    http://xenbits.xen.org/gitweb/?p=osstest.git;a=blob;f=README;hb=master

Test harness code can be found at
    http://xenbits.xen.org/gitweb?p=osstest.git;a=summary


Pushing revision :

To xenbits.xen.org:/home/xen/git/linux-pvops.git
   9c2f007c3c5e..0cff89461d55  0cff89461d557239296735d18b5a144c8f4b151b -> 
tested/linux-4.9

_______________________________________________
Xen-devel mailing list
[email protected]
https://lists.xenproject.org/mailman/listinfo/xen-devel

Reply via email to