flight 131427 linux-4.14 real [real]
http://logs.test-lab.xenproject.org/osstest/logs/131427/

Failures :-/ but no regressions.

Tests which did not succeed, but are not blocking:
 test-amd64-i386-xl-pvshim    12 guest-start                  fail   never pass
 test-amd64-amd64-libvirt-xsm 13 migrate-support-check        fail   never pass
 test-amd64-i386-libvirt-xsm  13 migrate-support-check        fail   never pass
 test-amd64-i386-libvirt      13 migrate-support-check        fail   never pass
 test-amd64-amd64-libvirt     13 migrate-support-check        fail   never pass
 test-amd64-amd64-libvirt-qemuu-debianhvm-amd64-xsm 11 migrate-support-check 
fail never pass
 test-amd64-i386-libvirt-qemuu-debianhvm-amd64-xsm 11 migrate-support-check 
fail never pass
 test-amd64-amd64-qemuu-nested-amd 17 debian-hvm-install/l1/l2  fail never pass
 test-amd64-amd64-libvirt-vhd 12 migrate-support-check        fail   never pass
 test-armhf-armhf-xl          13 migrate-support-check        fail   never pass
 test-armhf-armhf-xl          14 saverestore-support-check    fail   never pass
 test-armhf-armhf-xl-multivcpu 13 migrate-support-check        fail  never pass
 test-armhf-armhf-xl-multivcpu 14 saverestore-support-check    fail  never pass
 test-armhf-armhf-xl-cubietruck 13 migrate-support-check        fail never pass
 test-armhf-armhf-xl-cubietruck 14 saverestore-support-check    fail never pass
 test-armhf-armhf-xl-rtds     13 migrate-support-check        fail   never pass
 test-armhf-armhf-xl-rtds     14 saverestore-support-check    fail   never pass
 test-armhf-armhf-xl-credit2  13 migrate-support-check        fail   never pass
 test-armhf-armhf-xl-credit2  14 saverestore-support-check    fail   never pass
 test-armhf-armhf-libvirt     13 migrate-support-check        fail   never pass
 test-armhf-armhf-libvirt     14 saverestore-support-check    fail   never pass
 test-armhf-armhf-xl-credit1  13 migrate-support-check        fail   never pass
 test-armhf-armhf-xl-credit1  14 saverestore-support-check    fail   never pass
 test-amd64-i386-xl-qemut-win7-amd64 17 guest-stop              fail never pass
 test-amd64-amd64-xl-qemuu-ws16-amd64 17 guest-stop             fail never pass
 test-amd64-amd64-xl-qemuu-win7-amd64 17 guest-stop             fail never pass
 test-amd64-i386-xl-qemuu-win7-amd64 17 guest-stop              fail never pass
 test-amd64-amd64-xl-qemut-ws16-amd64 17 guest-stop             fail never pass
 test-amd64-amd64-xl-qemut-win7-amd64 17 guest-stop             fail never pass
 test-armhf-armhf-libvirt-raw 12 migrate-support-check        fail   never pass
 test-armhf-armhf-libvirt-raw 13 saverestore-support-check    fail   never pass
 test-armhf-armhf-xl-arndale  13 migrate-support-check        fail   never pass
 test-armhf-armhf-xl-arndale  14 saverestore-support-check    fail   never pass
 test-amd64-i386-xl-qemuu-ws16-amd64 17 guest-stop              fail never pass
 test-amd64-i386-xl-qemut-ws16-amd64 17 guest-stop              fail never pass
 test-armhf-armhf-xl-vhd      12 migrate-support-check        fail   never pass
 test-armhf-armhf-xl-vhd      13 saverestore-support-check    fail   never pass
 test-amd64-i386-xl-qemut-win10-i386 10 windows-install         fail never pass
 test-amd64-amd64-xl-qemut-win10-i386 10 windows-install        fail never pass
 test-amd64-amd64-xl-qemuu-win10-i386 10 windows-install        fail never pass
 test-amd64-i386-xl-qemuu-win10-i386 10 windows-install         fail never pass

version targeted for testing:
 linux                3beeb2615681fe87f4e6291ade669d50c27ce59a
baseline version:
 linux                1bb538a39cf959009d4e424ea4e590a1f58b2ed6

Last test of basis   131318  2018-12-14 18:04:28 Z    5 days
Testing same since   131385  2018-12-17 08:40:50 Z    2 days    2 attempts

------------------------------------------------------------
People who touched revisions under test:
  Aaro Koskinen <[email protected]>
  Aaron Brown <[email protected]>
  Adam Ford <[email protected]>
  Al Viro <[email protected]>
  Alex Deucher <[email protected]>
  Alexandre Belloni <[email protected]>
  Alin Nastac <[email protected]>
  Andrew Bowers <[email protected]>
  Andrew Morton <[email protected]>
  Arnaldo Carvalho de Melo <[email protected]>
  Artem Savkov <[email protected]>
  Artemy Kovalyov <[email protected]>
  Benjamin Tissoires <[email protected]>
  Catalin Marinas <[email protected]>
  Christian Hewitt <[email protected]>
  Christoph Hellwig <[email protected]>
  Christoph Paasch <[email protected]>
  Christophe JAILLET <[email protected]>
  Colin Ian King <[email protected]>
  Daniel Axtens <[email protected]>
  Daniel Borkmann <[email protected]>
  Dave Airlie <[email protected]>
  David Howells <[email protected]>
  David S. Miller <[email protected]>
  David Sterba <[email protected]>
  Davidlohr Bueso <[email protected]>
  Davidlohr Bueso <[email protected]>
  Dennis Dalessandro <[email protected]>
  Doug Ledford <[email protected]>
  Eran Ben Elisha <[email protected]>
  Eric Dumazet <[email protected]>
  Ewan D. Milne <[email protected]>
  Felipe Balbi <[email protected]>
  Felix Kuehling <[email protected]>
  Filipe Manana <[email protected]>
  Florian Westphal <[email protected]>
  Greg Kroah-Hartman <[email protected]>
  Guenter Roeck <[email protected]>
  Hans de Goede <[email protected]>
  Heiner Kallweit <[email protected]>
  Huacai Chen <[email protected]>
  Igor Druzhinin <[email protected]>
  Ingo Molnar <[email protected]>
  Janusz Krzysztofik <[email protected]>
  Jarkko Nikula <[email protected]>
  Jason Gunthorpe <[email protected]>
  Jason Wang <[email protected]>
  Jeff Kirsher <[email protected]>
  Jiri Olsa <[email protected]>
  Jiri Wiesner <[email protected]>
  Jonathan Cameron <[email protected]>
  Josh Elsasser <[email protected]>
  Josh Poimboeuf <[email protected]>
  Juergen Gross <[email protected]>
  Julian Anastasov <[email protected]>
  Kailang Yang <[email protected]>
  Kamal Heib <[email protected]>
  Kees Cook <[email protected]>
  Kiran Kumar Modukuri <[email protected]>
  Kuninori Morimoto <[email protected]>
  Larry Chen <[email protected]>
  Leon Romanovsky <[email protected]>
  Linus Torvalds <[email protected]>
  Lorenzo Bianconi <[email protected]>
  Lorenzo Pieralisi <[email protected]>
  Majd Dibbiny <[email protected]>
  Marcelo Ricardo Leitner <[email protected]>
  Marek Szyprowski <[email protected]>
  Mark Brown <[email protected]>
  Martin Schwidefsky <[email protected]>
  Martynas Pumputis <[email protected]>
  Michal Hocko <[email protected]>
  Moni Shoua <[email protected]>
  Nathan Chancellor <[email protected]>
  Neal Cardwell <[email protected]>
  Neil Armstrong <[email protected]>
  Neil Horman <[email protected]>
  NeilBrown <[email protected]>
  Nicolas Dichtel <[email protected]>
  Nicolin Chen <[email protected]>
  Pablo Neira Ayuso <[email protected]>
  Pan Bian <[email protected]>
  Paolo Bonzini <[email protected]>
  Peter Oskolkov <[email protected]>
  Peter Ujfalusi <[email protected]>
  Petr Mladek <[email protected]>
  Piotr Stankiewicz <[email protected]>
  Qian Cai <[email protected]>
  Richard Fitzgerald <[email protected]>
  Robbie Ko <[email protected]>
  Romain Izard <[email protected]>
  Sagi Grimberg <[email protected]>
  Sasha Levin <[email protected]>
  Sean Paul <[email protected]>
  Sergey Senozhatsky <[email protected]>
  Sergey Senozhatsky <[email protected]>
  Shantanu Goel <[email protected]>
  shaoyunl <[email protected]>
  Shmulik Ladkani <[email protected]>
  Shmulik Ladkani <[email protected]>
  Simon Horman <[email protected]>
  Soheil Hassas Yeganeh <[email protected]>
  Srikanth Boddepalli <[email protected]>
  Srinivas Pandruvada <[email protected]>
  Stefano Brivio <[email protected]>
  Steven Rostedt (VMware) <[email protected]>
  Su Yanjun <[email protected]>
  Taehee Yoo <[email protected]>
  Takashi Iwai <[email protected]>
  Takashi Sakamoto <[email protected]>
  Tarick Bedeir <[email protected]>
  Tariq Toukan <[email protected]>
  Thomas Richter <[email protected]>
  Tigran Mkrtchyan <[email protected]>
  Tony Lindgren <[email protected]>
  Trent Piepho <[email protected]>
  Trond Myklebust <[email protected]>
  Tzung-Bi Shih <[email protected]>
  Waiman Long <[email protected]>
  Wei Yang <[email protected]>
  Will Deacon <[email protected]>
  Xin Long <[email protected]>
  Y.C. Chen <[email protected]>
  Yao Wang <[email protected]>
  Yi Wang <[email protected]>
  Yuchung Cheng <[email protected]>
  YueHaibing <[email protected]>
  Yunjian Wang <[email protected]>
  Yusuke Goda <[email protected]>

jobs:
 build-amd64-xsm                                              pass    
 build-i386-xsm                                               pass    
 build-amd64                                                  pass    
 build-armhf                                                  pass    
 build-i386                                                   pass    
 build-amd64-libvirt                                          pass    
 build-armhf-libvirt                                          pass    
 build-i386-libvirt                                           pass    
 build-amd64-pvops                                            pass    
 build-armhf-pvops                                            pass    
 build-i386-pvops                                             pass    
 build-amd64-rumprun                                          pass    
 build-i386-rumprun                                           pass    
 test-amd64-amd64-xl                                          pass    
 test-armhf-armhf-xl                                          pass    
 test-amd64-i386-xl                                           pass    
 test-amd64-amd64-xl-qemut-debianhvm-amd64-xsm                pass    
 test-amd64-i386-xl-qemut-debianhvm-amd64-xsm                 pass    
 test-amd64-amd64-libvirt-qemuu-debianhvm-amd64-xsm           pass    
 test-amd64-i386-libvirt-qemuu-debianhvm-amd64-xsm            pass    
 test-amd64-amd64-xl-qemuu-debianhvm-amd64-xsm                pass    
 test-amd64-i386-xl-qemuu-debianhvm-amd64-xsm                 pass    
 test-amd64-amd64-xl-qemut-stubdom-debianhvm-amd64-xsm        pass    
 test-amd64-i386-xl-qemut-stubdom-debianhvm-amd64-xsm         pass    
 test-amd64-amd64-libvirt-xsm                                 pass    
 test-amd64-i386-libvirt-xsm                                  pass    
 test-amd64-amd64-xl-xsm                                      pass    
 test-amd64-i386-xl-xsm                                       pass    
 test-amd64-amd64-qemuu-nested-amd                            fail    
 test-amd64-amd64-xl-pvhv2-amd                                pass    
 test-amd64-i386-qemut-rhel6hvm-amd                           pass    
 test-amd64-i386-qemuu-rhel6hvm-amd                           pass    
 test-amd64-amd64-xl-qemut-debianhvm-amd64                    pass    
 test-amd64-i386-xl-qemut-debianhvm-amd64                     pass    
 test-amd64-amd64-xl-qemuu-debianhvm-amd64                    pass    
 test-amd64-i386-xl-qemuu-debianhvm-amd64                     pass    
 test-amd64-i386-freebsd10-amd64                              pass    
 test-amd64-amd64-xl-qemuu-ovmf-amd64                         pass    
 test-amd64-i386-xl-qemuu-ovmf-amd64                          pass    
 test-amd64-amd64-rumprun-amd64                               pass    
 test-amd64-amd64-xl-qemut-win7-amd64                         fail    
 test-amd64-i386-xl-qemut-win7-amd64                          fail    
 test-amd64-amd64-xl-qemuu-win7-amd64                         fail    
 test-amd64-i386-xl-qemuu-win7-amd64                          fail    
 test-amd64-amd64-xl-qemut-ws16-amd64                         fail    
 test-amd64-i386-xl-qemut-ws16-amd64                          fail    
 test-amd64-amd64-xl-qemuu-ws16-amd64                         fail    
 test-amd64-i386-xl-qemuu-ws16-amd64                          fail    
 test-armhf-armhf-xl-arndale                                  pass    
 test-amd64-amd64-xl-credit1                                  pass    
 test-armhf-armhf-xl-credit1                                  pass    
 test-amd64-amd64-xl-credit2                                  pass    
 test-armhf-armhf-xl-credit2                                  pass    
 test-armhf-armhf-xl-cubietruck                               pass    
 test-amd64-amd64-xl-qemuu-dmrestrict-amd64-dmrestrict        pass    
 test-amd64-i386-xl-qemuu-dmrestrict-amd64-dmrestrict         pass    
 test-amd64-amd64-examine                                     pass    
 test-armhf-armhf-examine                                     pass    
 test-amd64-i386-examine                                      pass    
 test-amd64-i386-freebsd10-i386                               pass    
 test-amd64-i386-rumprun-i386                                 pass    
 test-amd64-amd64-xl-qemut-win10-i386                         fail    
 test-amd64-i386-xl-qemut-win10-i386                          fail    
 test-amd64-amd64-xl-qemuu-win10-i386                         fail    
 test-amd64-i386-xl-qemuu-win10-i386                          fail    
 test-amd64-amd64-qemuu-nested-intel                          pass    
 test-amd64-amd64-xl-pvhv2-intel                              pass    
 test-amd64-i386-qemut-rhel6hvm-intel                         pass    
 test-amd64-i386-qemuu-rhel6hvm-intel                         pass    
 test-amd64-amd64-libvirt                                     pass    
 test-armhf-armhf-libvirt                                     pass    
 test-amd64-i386-libvirt                                      pass    
 test-amd64-amd64-xl-multivcpu                                pass    
 test-armhf-armhf-xl-multivcpu                                pass    
 test-amd64-amd64-pair                                        pass    
 test-amd64-i386-pair                                         pass    
 test-amd64-amd64-libvirt-pair                                pass    
 test-amd64-i386-libvirt-pair                                 pass    
 test-amd64-amd64-amd64-pvgrub                                pass    
 test-amd64-amd64-i386-pvgrub                                 pass    
 test-amd64-amd64-xl-pvshim                                   pass    
 test-amd64-i386-xl-pvshim                                    fail    
 test-amd64-amd64-pygrub                                      pass    
 test-amd64-amd64-xl-qcow2                                    pass    
 test-armhf-armhf-libvirt-raw                                 pass    
 test-amd64-i386-xl-raw                                       pass    
 test-amd64-amd64-xl-rtds                                     pass    
 test-armhf-armhf-xl-rtds                                     pass    
 test-amd64-amd64-xl-qemuu-debianhvm-amd64-shadow             pass    
 test-amd64-i386-xl-qemuu-debianhvm-amd64-shadow              pass    
 test-amd64-amd64-xl-shadow                                   pass    
 test-amd64-i386-xl-shadow                                    pass    
 test-amd64-amd64-libvirt-vhd                                 pass    
 test-armhf-armhf-xl-vhd                                      pass    


------------------------------------------------------------
sg-report-flight on osstest.test-lab.xenproject.org
logs: /home/logs/logs
images: /home/logs/images

Logs, config files, etc. are available at
    http://logs.test-lab.xenproject.org/osstest/logs

Explanation of these reports, and of osstest in general, is at
    http://xenbits.xen.org/gitweb/?p=osstest.git;a=blob;f=README.email;hb=master
    http://xenbits.xen.org/gitweb/?p=osstest.git;a=blob;f=README;hb=master

Test harness code can be found at
    http://xenbits.xen.org/gitweb?p=osstest.git;a=summary


Pushing revision :

To xenbits.xen.org:/home/xen/git/linux-pvops.git
   1bb538a39cf9..3beeb2615681  3beeb2615681fe87f4e6291ade669d50c27ce59a -> 
tested/linux-4.14

_______________________________________________
Xen-devel mailing list
[email protected]
https://lists.xenproject.org/mailman/listinfo/xen-devel

Reply via email to