flight 131070 libvirt real [real] http://logs.test-lab.xenproject.org/osstest/logs/131070/
Failures :-/ but no regressions. Tests which did not succeed, but are not blocking: test-armhf-armhf-libvirt-raw 13 saverestore-support-check fail like 130894 test-armhf-armhf-libvirt 14 saverestore-support-check fail like 130894 test-amd64-i386-libvirt-xsm 13 migrate-support-check fail never pass test-amd64-amd64-libvirt 13 migrate-support-check fail never pass test-amd64-i386-libvirt 13 migrate-support-check fail never pass test-amd64-amd64-libvirt-xsm 13 migrate-support-check fail never pass test-amd64-amd64-libvirt-qemuu-debianhvm-amd64-xsm 11 migrate-support-check fail never pass test-amd64-i386-libvirt-qemuu-debianhvm-amd64-xsm 11 migrate-support-check fail never pass test-amd64-amd64-libvirt-vhd 12 migrate-support-check fail never pass test-armhf-armhf-libvirt-raw 12 migrate-support-check fail never pass test-armhf-armhf-libvirt 13 migrate-support-check fail never pass version targeted for testing: libvirt eed7b205c4b9b6e490b23b16ba5e0cf3ad718a9e baseline version: libvirt 022c4b7a9c070774afba0b131dfabfaf1466a5c6 Last test of basis 130894 2018-12-01 08:24:53 Z 5 days Failing since 130995 2018-12-04 04:19:15 Z 3 days 2 attempts Testing same since 131070 2018-12-06 00:15:24 Z 1 days 1 attempts ------------------------------------------------------------ People who touched revisions under test: Andrea Bolognani <[email protected]> Daniel Veillard <[email protected]> Erik Skultety <[email protected]> Jason Baron <[email protected]> Ján Tomko <[email protected]> Michael S. Tsirkin <[email protected]> Michal Privoznik <[email protected]> Peter Krempa <[email protected]> Stefan Schallenberg <[email protected]> Yuri Chornoivan <[email protected]> jobs: build-amd64-xsm pass build-i386-xsm pass build-amd64 pass build-armhf pass build-i386 pass build-amd64-libvirt pass build-armhf-libvirt pass build-i386-libvirt pass build-amd64-pvops pass build-armhf-pvops pass build-i386-pvops pass test-amd64-amd64-libvirt-qemuu-debianhvm-amd64-xsm pass test-amd64-i386-libvirt-qemuu-debianhvm-amd64-xsm pass test-amd64-amd64-libvirt-xsm pass test-amd64-i386-libvirt-xsm pass test-amd64-amd64-libvirt pass test-armhf-armhf-libvirt pass test-amd64-i386-libvirt pass test-amd64-amd64-libvirt-pair pass test-amd64-i386-libvirt-pair pass test-armhf-armhf-libvirt-raw pass test-amd64-amd64-libvirt-vhd pass ------------------------------------------------------------ sg-report-flight on osstest.test-lab.xenproject.org logs: /home/logs/logs images: /home/logs/images Logs, config files, etc. are available at http://logs.test-lab.xenproject.org/osstest/logs Explanation of these reports, and of osstest in general, is at http://xenbits.xen.org/gitweb/?p=osstest.git;a=blob;f=README.email;hb=master http://xenbits.xen.org/gitweb/?p=osstest.git;a=blob;f=README;hb=master Test harness code can be found at http://xenbits.xen.org/gitweb?p=osstest.git;a=summary Pushing revision : To xenbits.xen.org:/home/xen/git/libvirt.git 022c4b7a9c..eed7b205c4 eed7b205c4b9b6e490b23b16ba5e0cf3ad718a9e -> xen-tested-master _______________________________________________ Xen-devel mailing list [email protected] https://lists.xenproject.org/mailman/listinfo/xen-devel
