This run is configured for baseline tests only.

flight 75637 xen-unstable real [real]
http://osstest.xensource.com/osstest/logs/75637/

Regressions :-(

Tests which did not succeed and are blocking,
including tests which could not be run:
 test-amd64-amd64-libvirt-vhd 10 debian-di-install         fail REGR. vs. 75614
 test-amd64-amd64-pygrub      10 debian-di-install         fail REGR. vs. 75614
 test-amd64-amd64-xl-qemut-stubdom-debianhvm-amd64-xsm 10 debian-hvm-install 
fail REGR. vs. 75614
 test-amd64-i386-xl-qemut-debianhvm-amd64-xsm 10 debian-hvm-install fail REGR. 
vs. 75614
 test-amd64-amd64-xl-qemut-debianhvm-amd64-xsm 10 debian-hvm-install fail REGR. 
vs. 75614
 test-amd64-amd64-xl-pvhv2-intel 12 guest-start            fail REGR. vs. 75614
 test-amd64-amd64-amd64-pvgrub 22 leak-check/check         fail REGR. vs. 75614
 test-amd64-i386-freebsd10-amd64 22 leak-check/check       fail REGR. vs. 75614

Tests which did not succeed, but are not blocking:
 test-amd64-amd64-i386-pvgrub 19 guest-start/debian.repeat fail blocked in 75614
 test-amd64-i386-xl-raw      19 guest-start/debian.repeat fail blocked in 75614
 test-amd64-i386-xl-qemut-win10-i386 10 windows-install         fail like 75614
 test-amd64-amd64-xl-qemut-win10-i386 10 windows-install        fail like 75614
 test-amd64-i386-xl-qemuu-debianhvm-amd64-xsm 10 debian-hvm-install fail like 
75614
 test-amd64-amd64-libvirt-qemuu-debianhvm-amd64-xsm 10 debian-hvm-install fail 
like 75614
 test-amd64-i386-xl-qemuu-debianhvm-amd64-shadow 10 debian-hvm-install fail 
like 75614
 test-amd64-amd64-xl-qemuu-debianhvm-amd64-shadow 10 debian-hvm-install fail 
like 75614
 test-amd64-amd64-xl-qemuu-ovmf-amd64 10 debian-hvm-install     fail like 75614
 test-armhf-armhf-xl-multivcpu 12 guest-start                  fail  like 75614
 test-amd64-amd64-xl-qemuu-win10-i386 10 windows-install        fail like 75614
 test-amd64-amd64-xl-qemut-ws16-amd64 10 windows-install        fail like 75614
 test-amd64-amd64-xl-pvshim   12 guest-start                  fail   like 75614
 test-armhf-armhf-xl-midway   12 guest-start                  fail   like 75614
 test-armhf-armhf-xl-rtds     12 guest-start                  fail   like 75614
 test-armhf-armhf-libvirt     12 guest-start                  fail   like 75614
 test-amd64-amd64-qemuu-nested-intel 10 debian-hvm-install      fail like 75614
 test-amd64-i386-xl-qemuu-ws16-amd64 10 windows-install         fail like 75614
 test-armhf-armhf-xl-credit2  12 guest-start                  fail   like 75614
 test-armhf-armhf-xl          12 guest-start                  fail   like 75614
 test-amd64-amd64-xl-qemuu-win7-amd64 17 guest-stop             fail like 75614
 test-armhf-armhf-libvirt-raw 10 debian-di-install            fail   like 75614
 test-amd64-i386-xl-qemuu-win7-amd64 17 guest-stop              fail like 75614
 test-armhf-armhf-xl-vhd      10 debian-di-install            fail   like 75614
 test-amd64-i386-xl-qemut-win7-amd64 17 guest-stop              fail like 75614
 test-amd64-i386-xl-qemuu-win10-i386 17 guest-stop              fail like 75614
 test-amd64-i386-libvirt      13 migrate-support-check        fail   never pass
 test-amd64-i386-libvirt-xsm  13 migrate-support-check        fail   never pass
 test-armhf-armhf-xl-credit1  12 guest-start                  fail   never pass
 test-amd64-amd64-libvirt     13 migrate-support-check        fail   never pass
 test-amd64-i386-xl-pvshim    12 guest-start                  fail   never pass
 test-amd64-amd64-libvirt-xsm 13 migrate-support-check        fail   never pass
 test-amd64-i386-libvirt-qemuu-debianhvm-amd64-xsm 11 migrate-support-check 
fail never pass
 test-amd64-amd64-qemuu-nested-amd 17 debian-hvm-install/l1/l2  fail never pass
 test-amd64-amd64-xl-qemut-win7-amd64 17 guest-stop             fail never pass
 test-amd64-amd64-xl-qemuu-ws16-amd64 17 guest-stop             fail never pass
 test-amd64-i386-xl-qemut-ws16-amd64 17 guest-stop              fail never pass

version targeted for testing:
 xen                  82855aba5bf91e50c81526167c11d4aeaf665e66
baseline version:
 xen                  6d8ffac1f7a782dc2c7f8df3871a294729ae36bd

Last test of basis    75614  2018-11-19 17:53:48 Z   16 days
Testing same since    75637  2018-12-05 19:32:41 Z    0 days    1 attempts

------------------------------------------------------------
People who touched revisions under test:
  Alexandru Isaila <[email protected]>
  Alexandru Stefan ISAILA <[email protected]>
  Andrew Cooper <[email protected]>
  Andrii Anisov <[email protected]>
  Brian Woods <[email protected]>
  Christian Lindig <[email protected]>
  Daniel De Graaf <[email protected]>
  Dario Faggioli <[email protected]>
  Doug Goldstein <[email protected]>
  George Dunlap <[email protected]>
  Ian Jackson <[email protected]>
  Jan Beulich <[email protected]>
  Juergen Gross <[email protected]>
  Julien Grall <[email protected]>
  Kevin Tian <[email protected]>
  Len Brown <[email protected]>
  Norbert Manthey <[email protected]>
  Olaf Hering <[email protected]>
  Paul Durrant <[email protected]>
  Rafael J. Wysocki <[email protected]>
  Razvan Cojocaru <[email protected]>
  Roger Pau Monne <[email protected]>
  Roger Pau MonnĂ© <[email protected]>
  Sergey Dyasli <[email protected]>
  Stefano Stabellini <[email protected]>
  Stefano Stabellini <[email protected]>
  Tamas K Lengyel <[email protected]>
  Tim Deegan <[email protected]>
  Wei Liu <[email protected]>

jobs:
 build-amd64-xsm                                              pass    
 build-i386-xsm                                               pass    
 build-amd64-xtf                                              pass    
 build-amd64                                                  pass    
 build-armhf                                                  pass    
 build-i386                                                   pass    
 build-amd64-libvirt                                          pass    
 build-armhf-libvirt                                          pass    
 build-i386-libvirt                                           pass    
 build-amd64-prev                                             pass    
 build-i386-prev                                              pass    
 build-amd64-pvops                                            pass    
 build-armhf-pvops                                            pass    
 build-i386-pvops                                             pass    
 build-amd64-rumprun                                          pass    
 build-i386-rumprun                                           pass    
 test-xtf-amd64-amd64-1                                       pass    
 test-xtf-amd64-amd64-2                                       pass    
 test-xtf-amd64-amd64-3                                       pass    
 test-xtf-amd64-amd64-4                                       pass    
 test-xtf-amd64-amd64-5                                       pass    
 test-amd64-amd64-xl                                          pass    
 test-armhf-armhf-xl                                          fail    
 test-amd64-i386-xl                                           pass    
 test-amd64-amd64-xl-qemut-debianhvm-amd64-xsm                fail    
 test-amd64-i386-xl-qemut-debianhvm-amd64-xsm                 fail    
 test-amd64-amd64-libvirt-qemuu-debianhvm-amd64-xsm           fail    
 test-amd64-i386-libvirt-qemuu-debianhvm-amd64-xsm            pass    
 test-amd64-amd64-xl-qemuu-debianhvm-amd64-xsm                pass    
 test-amd64-i386-xl-qemuu-debianhvm-amd64-xsm                 fail    
 test-amd64-amd64-xl-qemut-stubdom-debianhvm-amd64-xsm        fail    
 test-amd64-i386-xl-qemut-stubdom-debianhvm-amd64-xsm         pass    
 test-amd64-amd64-libvirt-xsm                                 pass    
 test-amd64-i386-libvirt-xsm                                  pass    
 test-amd64-amd64-xl-xsm                                      pass    
 test-amd64-i386-xl-xsm                                       pass    
 test-amd64-amd64-qemuu-nested-amd                            fail    
 test-amd64-amd64-xl-pvhv2-amd                                pass    
 test-amd64-i386-qemut-rhel6hvm-amd                           pass    
 test-amd64-i386-qemuu-rhel6hvm-amd                           pass    
 test-amd64-amd64-xl-qemut-debianhvm-amd64                    pass    
 test-amd64-i386-xl-qemut-debianhvm-amd64                     pass    
 test-amd64-amd64-xl-qemuu-debianhvm-amd64                    pass    
 test-amd64-i386-xl-qemuu-debianhvm-amd64                     pass    
 test-amd64-i386-freebsd10-amd64                              fail    
 test-amd64-amd64-xl-qemuu-ovmf-amd64                         fail    
 test-amd64-i386-xl-qemuu-ovmf-amd64                          pass    
 test-amd64-amd64-rumprun-amd64                               pass    
 test-amd64-amd64-xl-qemut-win7-amd64                         fail    
 test-amd64-i386-xl-qemut-win7-amd64                          fail    
 test-amd64-amd64-xl-qemuu-win7-amd64                         fail    
 test-amd64-i386-xl-qemuu-win7-amd64                          fail    
 test-amd64-amd64-xl-qemut-ws16-amd64                         fail    
 test-amd64-i386-xl-qemut-ws16-amd64                          fail    
 test-amd64-amd64-xl-qemuu-ws16-amd64                         fail    
 test-amd64-i386-xl-qemuu-ws16-amd64                          fail    
 test-amd64-amd64-xl-credit1                                  pass    
 test-armhf-armhf-xl-credit1                                  fail    
 test-amd64-amd64-xl-credit2                                  pass    
 test-armhf-armhf-xl-credit2                                  fail    
 test-amd64-amd64-xl-qemuu-dmrestrict-amd64-dmrestrict        pass    
 test-amd64-i386-xl-qemuu-dmrestrict-amd64-dmrestrict         pass    
 test-amd64-amd64-examine                                     pass    
 test-armhf-armhf-examine                                     pass    
 test-amd64-i386-examine                                      pass    
 test-amd64-i386-freebsd10-i386                               pass    
 test-amd64-i386-rumprun-i386                                 pass    
 test-amd64-amd64-xl-qemut-win10-i386                         fail    
 test-amd64-i386-xl-qemut-win10-i386                          fail    
 test-amd64-amd64-xl-qemuu-win10-i386                         fail    
 test-amd64-i386-xl-qemuu-win10-i386                          fail    
 test-amd64-amd64-qemuu-nested-intel                          fail    
 test-amd64-amd64-xl-pvhv2-intel                              fail    
 test-amd64-i386-qemut-rhel6hvm-intel                         pass    
 test-amd64-i386-qemuu-rhel6hvm-intel                         pass    
 test-amd64-amd64-libvirt                                     pass    
 test-armhf-armhf-libvirt                                     fail    
 test-amd64-i386-libvirt                                      pass    
 test-amd64-amd64-livepatch                                   pass    
 test-amd64-i386-livepatch                                    pass    
 test-armhf-armhf-xl-midway                                   fail    
 test-amd64-amd64-migrupgrade                                 pass    
 test-amd64-i386-migrupgrade                                  pass    
 test-amd64-amd64-xl-multivcpu                                pass    
 test-armhf-armhf-xl-multivcpu                                fail    
 test-amd64-amd64-pair                                        pass    
 test-amd64-i386-pair                                         pass    
 test-amd64-amd64-libvirt-pair                                pass    
 test-amd64-i386-libvirt-pair                                 pass    
 test-amd64-amd64-amd64-pvgrub                                fail    
 test-amd64-amd64-i386-pvgrub                                 fail    
 test-amd64-amd64-xl-pvshim                                   fail    
 test-amd64-i386-xl-pvshim                                    fail    
 test-amd64-amd64-pygrub                                      fail    
 test-amd64-amd64-xl-qcow2                                    pass    
 test-armhf-armhf-libvirt-raw                                 fail    
 test-amd64-i386-xl-raw                                       fail    
 test-amd64-amd64-xl-rtds                                     pass    
 test-armhf-armhf-xl-rtds                                     fail    
 test-amd64-amd64-xl-qemuu-debianhvm-amd64-shadow             fail    
 test-amd64-i386-xl-qemuu-debianhvm-amd64-shadow              fail    
 test-amd64-amd64-xl-shadow                                   pass    
 test-amd64-i386-xl-shadow                                    pass    
 test-amd64-amd64-libvirt-vhd                                 fail    
 test-armhf-armhf-xl-vhd                                      fail    


------------------------------------------------------------
sg-report-flight on osstest.xs.citrite.net
logs: /home/osstest/logs
images: /home/osstest/images

Logs, config files, etc. are available at
    http://osstest.xensource.com/osstest/logs

Test harness code can be found at
    http://xenbits.xensource.com/gitweb?p=osstest.git;a=summary


Push not applicable.

(No revision log; it would be 2962 lines long.)

_______________________________________________
Xen-devel mailing list
[email protected]
https://lists.xenproject.org/mailman/listinfo/xen-devel

Reply via email to