flight 130989 linux-4.4 real [real]
http://logs.test-lab.xenproject.org/osstest/logs/130989/

Failures :-/ but no regressions.

Tests which are failing intermittently (not blocking):
 test-armhf-armhf-xl-cubietruck 16 guest-start/debian.repeat fail in 130904 
pass in 130989
 test-armhf-armhf-libvirt 16 guest-start/debian.repeat fail in 130904 pass in 
130989
 test-armhf-armhf-xl           7 xen-boot                   fail pass in 130904
 test-amd64-amd64-xl-qemuu-debianhvm-amd64-shadow 16 guest-localmigrate/x10 
fail pass in 130904

Tests which did not succeed, but are not blocking:
 test-armhf-armhf-xl         13 migrate-support-check fail in 130904 never pass
 test-armhf-armhf-xl     14 saverestore-support-check fail in 130904 never pass
 test-amd64-amd64-xl-qemuu-dmrestrict-amd64-dmrestrict 10 debian-hvm-install 
fail never pass
 test-amd64-i386-xl-qemuu-dmrestrict-amd64-dmrestrict 10 debian-hvm-install 
fail never pass
 test-amd64-i386-xl-pvshim    12 guest-start                  fail   never pass
 test-amd64-amd64-libvirt     13 migrate-support-check        fail   never pass
 test-amd64-amd64-xl-pvhv2-amd 12 guest-start                  fail  never pass
 test-amd64-i386-libvirt      13 migrate-support-check        fail   never pass
 test-amd64-i386-libvirt-xsm  13 migrate-support-check        fail   never pass
 test-amd64-amd64-xl-pvhv2-intel 12 guest-start                 fail never pass
 test-amd64-amd64-libvirt-xsm 13 migrate-support-check        fail   never pass
 test-amd64-amd64-libvirt-qemuu-debianhvm-amd64-xsm 11 migrate-support-check 
fail never pass
 test-amd64-i386-libvirt-qemuu-debianhvm-amd64-xsm 11 migrate-support-check 
fail never pass
 test-armhf-armhf-xl-arndale  13 migrate-support-check        fail   never pass
 test-armhf-armhf-xl-arndale  14 saverestore-support-check    fail   never pass
 test-amd64-amd64-libvirt-vhd 12 migrate-support-check        fail   never pass
 test-amd64-amd64-qemuu-nested-amd 17 debian-hvm-install/l1/l2  fail never pass
 test-amd64-i386-xl-qemuu-win7-amd64 17 guest-stop              fail never pass
 test-amd64-amd64-xl-qemuu-win7-amd64 17 guest-stop             fail never pass
 test-armhf-armhf-xl-credit2  13 migrate-support-check        fail   never pass
 test-armhf-armhf-xl-credit2  14 saverestore-support-check    fail   never pass
 test-armhf-armhf-xl-rtds     13 migrate-support-check        fail   never pass
 test-armhf-armhf-xl-rtds     14 saverestore-support-check    fail   never pass
 test-armhf-armhf-xl-multivcpu 13 migrate-support-check        fail  never pass
 test-armhf-armhf-xl-multivcpu 14 saverestore-support-check    fail  never pass
 test-armhf-armhf-xl-credit1  13 migrate-support-check        fail   never pass
 test-armhf-armhf-xl-cubietruck 13 migrate-support-check        fail never pass
 test-armhf-armhf-xl-credit1  14 saverestore-support-check    fail   never pass
 test-armhf-armhf-xl-cubietruck 14 saverestore-support-check    fail never pass
 test-armhf-armhf-libvirt     13 migrate-support-check        fail   never pass
 test-armhf-armhf-libvirt     14 saverestore-support-check    fail   never pass
 test-amd64-amd64-xl-qemut-win7-amd64 17 guest-stop             fail never pass
 test-amd64-i386-xl-qemut-win7-amd64 17 guest-stop              fail never pass
 test-amd64-amd64-xl-qemut-ws16-amd64 17 guest-stop             fail never pass
 test-armhf-armhf-libvirt-raw 12 migrate-support-check        fail   never pass
 test-armhf-armhf-libvirt-raw 13 saverestore-support-check    fail   never pass
 test-amd64-amd64-xl-qemuu-ws16-amd64 17 guest-stop             fail never pass
 test-armhf-armhf-xl-vhd      12 migrate-support-check        fail   never pass
 test-armhf-armhf-xl-vhd      13 saverestore-support-check    fail   never pass
 test-amd64-i386-xl-qemuu-ws16-amd64 17 guest-stop              fail never pass
 test-amd64-i386-xl-qemut-ws16-amd64 17 guest-stop              fail never pass
 test-amd64-amd64-xl-qemut-win10-i386 10 windows-install        fail never pass
 test-amd64-i386-xl-qemuu-win10-i386 10 windows-install         fail never pass
 test-amd64-i386-xl-qemut-win10-i386 10 windows-install         fail never pass
 test-amd64-amd64-xl-qemuu-win10-i386 10 windows-install        fail never pass

version targeted for testing:
 linux                56ccc3f7a7ee1f0ab64453794ebbc7d9a4c8ddf7
baseline version:
 linux                2757e11be64bcfcba65ff885e08a5b6067a8e394

Last test of basis   130865  2018-11-30 04:35:19 Z    5 days
Testing same since   130904  2018-12-02 06:17:42 Z    3 days    2 attempts

------------------------------------------------------------
People who touched revisions under test:
  "Pierre-Loup A. Griffais" <[email protected]>
  Aaron Ma <[email protected]>
  Amit Pundir <[email protected]>
  Amitkumar Karwar <[email protected]>
  Andrew Morton <[email protected]>
  Andrew Price <[email protected]>
  Andrey Konovalov <[email protected]>
  Andy Lutomirski <[email protected]>
  Anson Huang <[email protected]>
  Arnd Bergmann <[email protected]>
  aronschatz <[email protected]>
  Arvind Yadav <[email protected]>
  aszlig <[email protected]>
  Benjamin Valentin <[email protected]>
  Bob Peterson <[email protected]>
  Borislav Petkov <[email protected]>
  Cameron Gutman <[email protected]>
  Catalin Marinas <[email protected]>
  Clement Calmels <[email protected]>
  Daniel Thompson <[email protected]>
  Daniel Tobias <[email protected]>
  Daniel Zatovic <[email protected]>
  Dave Airlie <[email protected]>
  David S. Miller <[email protected]>
  David Sterba <[email protected]>
  Dennis Wassenberg <[email protected]>
  Dmitry Torokhov <[email protected]>
  Dominique Martinet <[email protected]>
  Emmanuel Grumbach <[email protected]>
  Enno Boland <[email protected]>
  Eric Dumazet <[email protected]>
  Ethan Lee <[email protected]>
  Francis Therien <[email protected]>
  Greg Hackmann <[email protected]>
  Greg Hackmann <[email protected]>
  Greg Kroah-Hartman <[email protected]>
  Greg Kroah-Hartman <[email protected]>
  Himanshu Madhani <[email protected]>
  Ingo Molnar <[email protected]>
  Janosch Frank <[email protected]>
  Jean Delvare <[email protected]>
  Jiri Kosina <[email protected]>
  Johan Hovold <[email protected]>
  Johannes Thumshirn <[email protected]>
  Kalle Valo <[email protected]>
  Kalle Valo <[email protected]>
  Karthik D A <[email protected]>
  Kees Cook <[email protected]>
  Kyle Beauchamp <[email protected]>
  Laurent Dufour <[email protected]>
  Leo Sperling <[email protected]>
  Linus Torvalds <[email protected]>
  Liping Zhang <[email protected]>
  Luca Coelho <[email protected]>
  Marc Kleine-Budde <[email protected]>
  Marcus Folkesson <[email protected]>
  Mark Furneaux <[email protected]>
  Martin K. Petersen <[email protected]>
  Mathias Nyman <[email protected]>
  Mauricio Faria de Oliveira <[email protected]>
  Michael Ellerman <[email protected]>
  Milan Broz <[email protected]>
  Nick Desaulniers <[email protected]>
  Nicolas Iooss <[email protected]>
  Pablo Neira Ayuso <[email protected]>
  Pavel Rojtberg <[email protected]>
  Peter Zijlstra (Intel) <[email protected]>
  Pierre-Loup A. Griffais <[email protected]>
  Pierre-Loup A. Griffais <[email protected]>
  Pierre-Loup A. Griffais <[email protected]>
  Prarit Bhargava <[email protected]>
  Qu Wenruo <[email protected]>
  Rafael J. Wysocki <[email protected]>
  Ramses Ramírez <[email protected]>
  Rob Herring <[email protected]>
  Salvatore Mesoraca <[email protected]>
  Sasha Levin <[email protected]>
  Satheesh Rajendran <[email protected]>
  Scott Wood <[email protected]>
  Silvan Jegen <[email protected]>
  Steven Rostedt (VMware) <[email protected]>
  Subhash Jadavani <[email protected]>
  Tetsuo Handa <[email protected]>
  Thomas Debesse <[email protected]>
  Thomas Zimmermann <[email protected]>
  Trond Myklebust <[email protected]>
  Vasanthakumar Thiagarajan <[email protected]>
  Venkat Gopalakrishnan <[email protected]>
  Viresh Kumar <[email protected]>
  Will Deacon <[email protected]>
  Xin Long <[email protected]>
  Y.C. Chen <[email protected]>
  Yaniv Gardi <[email protected]>
  Yufen Yu <[email protected]>

jobs:
 build-amd64-xsm                                              pass    
 build-i386-xsm                                               pass    
 build-amd64                                                  pass    
 build-armhf                                                  pass    
 build-i386                                                   pass    
 build-amd64-libvirt                                          pass    
 build-armhf-libvirt                                          pass    
 build-i386-libvirt                                           pass    
 build-amd64-pvops                                            pass    
 build-armhf-pvops                                            pass    
 build-i386-pvops                                             pass    
 build-amd64-rumprun                                          pass    
 build-i386-rumprun                                           pass    
 test-amd64-amd64-xl                                          pass    
 test-armhf-armhf-xl                                          fail    
 test-amd64-i386-xl                                           pass    
 test-amd64-amd64-xl-qemut-debianhvm-amd64-xsm                pass    
 test-amd64-i386-xl-qemut-debianhvm-amd64-xsm                 pass    
 test-amd64-amd64-libvirt-qemuu-debianhvm-amd64-xsm           pass    
 test-amd64-i386-libvirt-qemuu-debianhvm-amd64-xsm            pass    
 test-amd64-amd64-xl-qemuu-debianhvm-amd64-xsm                pass    
 test-amd64-i386-xl-qemuu-debianhvm-amd64-xsm                 pass    
 test-amd64-amd64-xl-qemut-stubdom-debianhvm-amd64-xsm        pass    
 test-amd64-i386-xl-qemut-stubdom-debianhvm-amd64-xsm         pass    
 test-amd64-amd64-libvirt-xsm                                 pass    
 test-amd64-i386-libvirt-xsm                                  pass    
 test-amd64-amd64-xl-xsm                                      pass    
 test-amd64-i386-xl-xsm                                       pass    
 test-amd64-amd64-qemuu-nested-amd                            fail    
 test-amd64-amd64-xl-pvhv2-amd                                fail    
 test-amd64-i386-qemut-rhel6hvm-amd                           pass    
 test-amd64-i386-qemuu-rhel6hvm-amd                           pass    
 test-amd64-amd64-xl-qemut-debianhvm-amd64                    pass    
 test-amd64-i386-xl-qemut-debianhvm-amd64                     pass    
 test-amd64-amd64-xl-qemuu-debianhvm-amd64                    pass    
 test-amd64-i386-xl-qemuu-debianhvm-amd64                     pass    
 test-amd64-i386-freebsd10-amd64                              pass    
 test-amd64-amd64-xl-qemuu-ovmf-amd64                         pass    
 test-amd64-i386-xl-qemuu-ovmf-amd64                          pass    
 test-amd64-amd64-rumprun-amd64                               pass    
 test-amd64-amd64-xl-qemut-win7-amd64                         fail    
 test-amd64-i386-xl-qemut-win7-amd64                          fail    
 test-amd64-amd64-xl-qemuu-win7-amd64                         fail    
 test-amd64-i386-xl-qemuu-win7-amd64                          fail    
 test-amd64-amd64-xl-qemut-ws16-amd64                         fail    
 test-amd64-i386-xl-qemut-ws16-amd64                          fail    
 test-amd64-amd64-xl-qemuu-ws16-amd64                         fail    
 test-amd64-i386-xl-qemuu-ws16-amd64                          fail    
 test-armhf-armhf-xl-arndale                                  pass    
 test-amd64-amd64-xl-credit1                                  pass    
 test-armhf-armhf-xl-credit1                                  pass    
 test-amd64-amd64-xl-credit2                                  pass    
 test-armhf-armhf-xl-credit2                                  pass    
 test-armhf-armhf-xl-cubietruck                               pass    
 test-amd64-amd64-xl-qemuu-dmrestrict-amd64-dmrestrict        fail    
 test-amd64-i386-xl-qemuu-dmrestrict-amd64-dmrestrict         fail    
 test-amd64-amd64-examine                                     pass    
 test-armhf-armhf-examine                                     pass    
 test-amd64-i386-examine                                      pass    
 test-amd64-i386-freebsd10-i386                               pass    
 test-amd64-i386-rumprun-i386                                 pass    
 test-amd64-amd64-xl-qemut-win10-i386                         fail    
 test-amd64-i386-xl-qemut-win10-i386                          fail    
 test-amd64-amd64-xl-qemuu-win10-i386                         fail    
 test-amd64-i386-xl-qemuu-win10-i386                          fail    
 test-amd64-amd64-qemuu-nested-intel                          pass    
 test-amd64-amd64-xl-pvhv2-intel                              fail    
 test-amd64-i386-qemut-rhel6hvm-intel                         pass    
 test-amd64-i386-qemuu-rhel6hvm-intel                         pass    
 test-amd64-amd64-libvirt                                     pass    
 test-armhf-armhf-libvirt                                     pass    
 test-amd64-i386-libvirt                                      pass    
 test-amd64-amd64-xl-multivcpu                                pass    
 test-armhf-armhf-xl-multivcpu                                pass    
 test-amd64-amd64-pair                                        pass    
 test-amd64-i386-pair                                         pass    
 test-amd64-amd64-libvirt-pair                                pass    
 test-amd64-i386-libvirt-pair                                 pass    
 test-amd64-amd64-amd64-pvgrub                                pass    
 test-amd64-amd64-i386-pvgrub                                 pass    
 test-amd64-amd64-xl-pvshim                                   pass    
 test-amd64-i386-xl-pvshim                                    fail    
 test-amd64-amd64-pygrub                                      pass    
 test-amd64-amd64-xl-qcow2                                    pass    
 test-armhf-armhf-libvirt-raw                                 pass    
 test-amd64-i386-xl-raw                                       pass    
 test-amd64-amd64-xl-rtds                                     pass    
 test-armhf-armhf-xl-rtds                                     pass    
 test-amd64-amd64-xl-qemuu-debianhvm-amd64-shadow             fail    
 test-amd64-i386-xl-qemuu-debianhvm-amd64-shadow              pass    
 test-amd64-amd64-xl-shadow                                   pass    
 test-amd64-i386-xl-shadow                                    pass    
 test-amd64-amd64-libvirt-vhd                                 pass    
 test-armhf-armhf-xl-vhd                                      pass    


------------------------------------------------------------
sg-report-flight on osstest.test-lab.xenproject.org
logs: /home/logs/logs
images: /home/logs/images

Logs, config files, etc. are available at
    http://logs.test-lab.xenproject.org/osstest/logs

Explanation of these reports, and of osstest in general, is at
    http://xenbits.xen.org/gitweb/?p=osstest.git;a=blob;f=README.email;hb=master
    http://xenbits.xen.org/gitweb/?p=osstest.git;a=blob;f=README;hb=master

Test harness code can be found at
    http://xenbits.xen.org/gitweb?p=osstest.git;a=summary


Pushing revision :

To xenbits.xen.org:/home/xen/git/linux-pvops.git
   2757e11be64b..56ccc3f7a7ee  56ccc3f7a7ee1f0ab64453794ebbc7d9a4c8ddf7 -> 
tested/linux-4.4

_______________________________________________
Xen-devel mailing list
[email protected]
https://lists.xenproject.org/mailman/listinfo/xen-devel

Reply via email to