flight 127747 linux-4.14 real [real]
http://logs.test-lab.xenproject.org/osstest/logs/127747/

Failures :-/ but no regressions.

Tests which did not succeed, but are not blocking:
 test-amd64-amd64-examine      4 memdisk-try-append           fail  like 127464
 test-amd64-amd64-libvirt     13 migrate-support-check        fail   never pass
 test-amd64-amd64-libvirt-xsm 13 migrate-support-check        fail   never pass
 test-amd64-i386-xl-pvshim    12 guest-start                  fail   never pass
 test-amd64-i386-libvirt      13 migrate-support-check        fail   never pass
 test-arm64-arm64-libvirt-xsm 13 migrate-support-check        fail   never pass
 test-arm64-arm64-libvirt-xsm 14 saverestore-support-check    fail   never pass
 test-arm64-arm64-xl          13 migrate-support-check        fail   never pass
 test-arm64-arm64-xl          14 saverestore-support-check    fail   never pass
 test-amd64-i386-libvirt-xsm  13 migrate-support-check        fail   never pass
 test-arm64-arm64-xl-credit2  13 migrate-support-check        fail   never pass
 test-arm64-arm64-xl-credit2  14 saverestore-support-check    fail   never pass
 test-amd64-amd64-libvirt-qemuu-debianhvm-amd64-xsm 11 migrate-support-check 
fail never pass
 test-amd64-i386-libvirt-qemuu-debianhvm-amd64-xsm 11 migrate-support-check 
fail never pass
 test-armhf-armhf-xl-arndale  13 migrate-support-check        fail   never pass
 test-armhf-armhf-xl-arndale  14 saverestore-support-check    fail   never pass
 test-amd64-amd64-qemuu-nested-amd 17 debian-hvm-install/l1/l2  fail never pass
 test-amd64-amd64-libvirt-vhd 12 migrate-support-check        fail   never pass
 test-armhf-armhf-xl-rtds     13 migrate-support-check        fail   never pass
 test-armhf-armhf-xl-rtds     14 saverestore-support-check    fail   never pass
 test-armhf-armhf-xl          13 migrate-support-check        fail   never pass
 test-armhf-armhf-xl          14 saverestore-support-check    fail   never pass
 test-armhf-armhf-xl-credit2  13 migrate-support-check        fail   never pass
 test-armhf-armhf-xl-credit2  14 saverestore-support-check    fail   never pass
 test-armhf-armhf-xl-multivcpu 13 migrate-support-check        fail  never pass
 test-armhf-armhf-xl-multivcpu 14 saverestore-support-check    fail  never pass
 test-armhf-armhf-xl-cubietruck 13 migrate-support-check        fail never pass
 test-armhf-armhf-xl-cubietruck 14 saverestore-support-check    fail never pass
 test-amd64-i386-xl-qemut-win7-amd64 17 guest-stop              fail never pass
 test-amd64-amd64-xl-qemuu-win7-amd64 17 guest-stop             fail never pass
 test-amd64-amd64-xl-qemuu-ws16-amd64 17 guest-stop             fail never pass
 test-amd64-i386-xl-qemuu-win7-amd64 17 guest-stop              fail never pass
 test-arm64-arm64-xl-xsm      13 migrate-support-check        fail   never pass
 test-arm64-arm64-xl-xsm      14 saverestore-support-check    fail   never pass
 test-armhf-armhf-libvirt-raw 12 migrate-support-check        fail   never pass
 test-armhf-armhf-libvirt-raw 13 saverestore-support-check    fail   never pass
 test-amd64-amd64-xl-qemut-ws16-amd64 17 guest-stop             fail never pass
 test-amd64-amd64-xl-qemut-win7-amd64 17 guest-stop             fail never pass
 test-armhf-armhf-xl-vhd      12 migrate-support-check        fail   never pass
 test-armhf-armhf-xl-vhd      13 saverestore-support-check    fail   never pass
 test-armhf-armhf-libvirt     13 migrate-support-check        fail   never pass
 test-armhf-armhf-libvirt     14 saverestore-support-check    fail   never pass
 test-amd64-i386-xl-qemuu-ws16-amd64 17 guest-stop              fail never pass
 test-amd64-i386-xl-qemut-ws16-amd64 17 guest-stop              fail never pass
 test-amd64-i386-xl-qemut-win10-i386 10 windows-install         fail never pass
 test-amd64-amd64-xl-qemut-win10-i386 10 windows-install        fail never pass
 test-amd64-amd64-xl-qemuu-win10-i386 10 windows-install        fail never pass
 test-amd64-i386-xl-qemuu-win10-i386 10 windows-install         fail never pass

version targeted for testing:
 linux                5dfe87ac34e2326ae2957fc68b63212d84f78701
baseline version:
 linux                7fe7a0f4c5cf9e7f5b7cb67c1341cdbf62ed4c30

Last test of basis   127464  2018-09-10 01:59:42 Z    9 days
Testing same since   127636  2018-09-15 08:10:59 Z    3 days    3 attempts

------------------------------------------------------------
People who touched revisions under test:
  Aleh Filipovich <[email protected]>
  Aleh Filipovich<[email protected]>
  Alex Deucher <[email protected]>
  Alexei Starovoitov <[email protected]>
  Alexey Kodanev <[email protected]>
  Anatoly Trosinenko <[email protected]>
  Andrew Morton <[email protected]>
  Andrey Ryabinin <[email protected]>
  Andy Shevchenko <[email protected]>
  Anna Schumaker <[email protected]>
  Anssi Hannula <[email protected]>
  Anthony Wong <[email protected]>
  Arnaldo Carvalho de Melo <[email protected]>
  Arnd Bergmann <[email protected]>
  Bart Van Assche <[email protected]>
  Benno Evers <[email protected]>
  Boris Ostrovsky <[email protected]>
  Breno Leitao <[email protected]>
  Catalin Marinas <[email protected]>
  Chao Yu <[email protected]>
  Charles Keepax <[email protected]>
  Chris Wilson <[email protected]>
  Claudiu Beznea <[email protected]>
  Cong Wang <[email protected]>
  Dan Carpenter <[email protected]>
  Dan Williams <[email protected]>
  Daniel Borkmann <[email protected]>
  Daniel Vetter <[email protected]>
  Dave Young <[email protected]>
  David S. Miller <[email protected]>
  David Sterba <[email protected]>
  Davide Caratti <[email protected]>
  Dennis Dalessandro <[email protected]>
  Dexuan Cui <[email protected]>
  Dmitry Torokhov <[email protected]>
  Dmitry Vyukov <[email protected]>
  Dominique Martinet <[email protected]>
  Doug Berger <[email protected]>
  Eric Dumazet <[email protected]>
  Ernesto A. Fernández <[email protected]>
  Fabio Estevam <[email protected]>
  Felipe Balbi <[email protected]>
  Florian Westphal <[email protected]>
  Fredrik Schön <[email protected]>
  Fredrik Schön <[email protected]>
  Gal Pressman <[email protected]>
  Geoff Alexander <[email protected]>
  Greg Edwards <[email protected]>
  Greg Kroah-Hartman <[email protected]>
  Gu Jinxiang <[email protected]>
  Guenter Roeck <[email protected]>
  Gustavo A. R. Silva <[email protected]>
  Gustavo Romero <[email protected]>
  Hans de Goede <[email protected]>
  Heiko Carstens <[email protected]>
  Heiko Stuebner <[email protected]>
  Huang Rui <[email protected]>
  Ian Abbott <[email protected]>
  Ido Schimmel <[email protected]>
  Ingo Molnar <[email protected]>
  J. Bruce Fields <[email protected]>
  Jaegeuk Kim <[email protected]>
  Jakub Kicinski <[email protected]>
  Jamal Hadi Salim <[email protected]>
  James Morse <[email protected]>
  James Zhu <[email protected]>
  James Zhu <[email protected]>
  Jan H. Schönherr <[email protected]>
  Jani Nikula <[email protected]>
  Jann Horn <[email protected]>
  Jason Andryuk <[email protected]>
  Jason Gunthorpe <[email protected]>
  Jason Wang <[email protected]>
  Javier González <[email protected]>
  Jean-Philippe Brucker <[email protected]>
  Jens Axboe <[email protected]>
  Jerome Brunet <[email protected]>
  Jian Shen <[email protected]>
  Jim Mattson <[email protected]>
  Jiri Kosina <[email protected]>
  Joel Fernandes (Google) <[email protected]>
  Joerg Roedel <[email protected]>
  John Fastabend <[email protected]>
  John Pittman <[email protected]>
  Jonas Gorski <[email protected]>
  Juergen Gross <[email protected]>
  Julian Anastasov <[email protected]>
  Junaid Shahid <[email protected]>
  Kai-Heng Feng <[email protected]>
  Kees Cook <[email protected]>
  Laura Abbott <[email protected]>
  Lee Jones <[email protected]>
  Levin Du <[email protected]>
  Lijun Ou <[email protected]>
  Likun Gao <[email protected]>
  Linus Torvalds <[email protected]>
  Lorenzo Pieralisi <[email protected]>
  luca abeni <[email protected]>
  Mahesh Salgaonkar <[email protected]>
  Manish <[email protected]>
  Manish Chopra <[email protected]>
  Marc Zyngier <[email protected]>
  Marcelo Ricardo Leitner <[email protected]>
  Mark Brown <[email protected]>
  Martin K. Petersen <[email protected]>
  Martin Schwidefsky <[email protected]>
  Masahiro Yamada <[email protected]>
  Matias Bjørling <[email protected]>
  Matthias Kaehlcke <[email protected]>
  Maxim Zhukov <[email protected]>
  Michael Ellerman <[email protected]>
  Michael J. Ruhl <[email protected]>
  Michael S. Tsirkin <[email protected]>
  Michal Hocko <[email protected]>
  Michel Dänzer <[email protected]>
  Mike Snitzer <[email protected]>
  Misono Tomohiro <[email protected]>
  Namhyung Kim <[email protected]>
  Naveen N. Rao <[email protected]>
  Neil Armstrong <[email protected]>
  Neil Horman <[email protected]>
  OGAWA Hirofumi <[email protected]>
  Olof Johansson <[email protected]>
  Pablo Neira Ayuso <[email protected]>
  Paolo Bonzini <[email protected]>
  Paul Menzel <[email protected]>
  Peng Li <[email protected]>
  Peter Xu <[email protected]>
  Peter Zijlstra (Intel) <[email protected]>
  Philipp Rudo <[email protected]>
  Qu Wenruo <[email protected]>
  Rafael J. Wysocki <[email protected]>
  Ralf Goebel <[email protected]>
  Randy Dunlap <[email protected]>
  Rex Zhu <[email protected]>
  Rodrigo Vivi <[email protected]>
  Roger Pau Monne <[email protected]>
  Roger Pau Monné <[email protected]>
  Roger Quadros <[email protected]>
  Roman Mamedov <[email protected]>
  Ronnie Sahlberg <[email protected]>
  Salil Mehta <[email protected]>
  Sandipan Das <[email protected]>
  Santosh Shilimkar <[email protected]>
  Sasha Levin <[email protected]>
  Sean Christopherson <[email protected]>
  Simon Horman <[email protected]>
  Song Liu <[email protected]>
  Stefan Haberland <[email protected]>
  Steffen Klassert <[email protected]>
  Stephen Hemminger <[email protected]>
  Stephen Hemminger <[email protected]>
  Steve French <[email protected]>
  Sudip Mukherjee <[email protected]>
  Suman Anna <[email protected]>
  Suzuki K Poulose <[email protected]>
  Tan Hu <[email protected]>
  Tetsuo Handa <[email protected]>
  Thierry Reding <[email protected]>
  Thomas Gleixner <[email protected]>
  Thomas Petazzoni <[email protected]>
  Tomas Bortoli <[email protected]>
  Tyler Hicks <[email protected]>
  Vlad Buslov <[email protected]>
  Waiman Long <[email protected]>
  Wei Yongjun <[email protected]>
  Weichao Guo <[email protected]>
  Will Deacon <[email protected]>
  Xi Wang <[email protected]>
  Xin Long <[email protected]>
  Yang Shi <[email protected]>
  YueHaibing <[email protected]>

jobs:
 build-amd64-xsm                                              pass    
 build-arm64-xsm                                              pass    
 build-i386-xsm                                               pass    
 build-amd64                                                  pass    
 build-arm64                                                  pass    
 build-armhf                                                  pass    
 build-i386                                                   pass    
 build-amd64-libvirt                                          pass    
 build-arm64-libvirt                                          pass    
 build-armhf-libvirt                                          pass    
 build-i386-libvirt                                           pass    
 build-amd64-pvops                                            pass    
 build-arm64-pvops                                            pass    
 build-armhf-pvops                                            pass    
 build-i386-pvops                                             pass    
 build-amd64-rumprun                                          pass    
 build-i386-rumprun                                           pass    
 test-amd64-amd64-xl                                          pass    
 test-arm64-arm64-xl                                          pass    
 test-armhf-armhf-xl                                          pass    
 test-amd64-i386-xl                                           pass    
 test-amd64-amd64-xl-qemut-debianhvm-amd64-xsm                pass    
 test-amd64-i386-xl-qemut-debianhvm-amd64-xsm                 pass    
 test-amd64-amd64-libvirt-qemuu-debianhvm-amd64-xsm           pass    
 test-amd64-i386-libvirt-qemuu-debianhvm-amd64-xsm            pass    
 test-amd64-amd64-xl-qemuu-debianhvm-amd64-xsm                pass    
 test-amd64-i386-xl-qemuu-debianhvm-amd64-xsm                 pass    
 test-amd64-amd64-xl-qemut-stubdom-debianhvm-amd64-xsm        pass    
 test-amd64-i386-xl-qemut-stubdom-debianhvm-amd64-xsm         pass    
 test-amd64-amd64-libvirt-xsm                                 pass    
 test-arm64-arm64-libvirt-xsm                                 pass    
 test-amd64-i386-libvirt-xsm                                  pass    
 test-amd64-amd64-xl-xsm                                      pass    
 test-arm64-arm64-xl-xsm                                      pass    
 test-amd64-i386-xl-xsm                                       pass    
 test-amd64-amd64-qemuu-nested-amd                            fail    
 test-amd64-amd64-xl-pvhv2-amd                                pass    
 test-amd64-i386-qemut-rhel6hvm-amd                           pass    
 test-amd64-i386-qemuu-rhel6hvm-amd                           pass    
 test-amd64-amd64-xl-qemut-debianhvm-amd64                    pass    
 test-amd64-i386-xl-qemut-debianhvm-amd64                     pass    
 test-amd64-amd64-xl-qemuu-debianhvm-amd64                    pass    
 test-amd64-i386-xl-qemuu-debianhvm-amd64                     pass    
 test-amd64-i386-freebsd10-amd64                              pass    
 test-amd64-amd64-xl-qemuu-ovmf-amd64                         pass    
 test-amd64-i386-xl-qemuu-ovmf-amd64                          pass    
 test-amd64-amd64-rumprun-amd64                               pass    
 test-amd64-amd64-xl-qemut-win7-amd64                         fail    
 test-amd64-i386-xl-qemut-win7-amd64                          fail    
 test-amd64-amd64-xl-qemuu-win7-amd64                         fail    
 test-amd64-i386-xl-qemuu-win7-amd64                          fail    
 test-amd64-amd64-xl-qemut-ws16-amd64                         fail    
 test-amd64-i386-xl-qemut-ws16-amd64                          fail    
 test-amd64-amd64-xl-qemuu-ws16-amd64                         fail    
 test-amd64-i386-xl-qemuu-ws16-amd64                          fail    
 test-armhf-armhf-xl-arndale                                  pass    
 test-amd64-amd64-xl-credit2                                  pass    
 test-arm64-arm64-xl-credit2                                  pass    
 test-armhf-armhf-xl-credit2                                  pass    
 test-armhf-armhf-xl-cubietruck                               pass    
 test-amd64-amd64-xl-qemuu-dmrestrict-amd64-dmrestrict        pass    
 test-amd64-i386-xl-qemuu-dmrestrict-amd64-dmrestrict         pass    
 test-amd64-amd64-examine                                     pass    
 test-arm64-arm64-examine                                     pass    
 test-armhf-armhf-examine                                     pass    
 test-amd64-i386-examine                                      pass    
 test-amd64-i386-freebsd10-i386                               pass    
 test-amd64-i386-rumprun-i386                                 pass    
 test-amd64-amd64-xl-qemut-win10-i386                         fail    
 test-amd64-i386-xl-qemut-win10-i386                          fail    
 test-amd64-amd64-xl-qemuu-win10-i386                         fail    
 test-amd64-i386-xl-qemuu-win10-i386                          fail    
 test-amd64-amd64-qemuu-nested-intel                          pass    
 test-amd64-amd64-xl-pvhv2-intel                              pass    
 test-amd64-i386-qemut-rhel6hvm-intel                         pass    
 test-amd64-i386-qemuu-rhel6hvm-intel                         pass    
 test-amd64-amd64-libvirt                                     pass    
 test-armhf-armhf-libvirt                                     pass    
 test-amd64-i386-libvirt                                      pass    
 test-amd64-amd64-xl-multivcpu                                pass    
 test-armhf-armhf-xl-multivcpu                                pass    
 test-amd64-amd64-pair                                        pass    
 test-amd64-i386-pair                                         pass    
 test-amd64-amd64-libvirt-pair                                pass    
 test-amd64-i386-libvirt-pair                                 pass    
 test-amd64-amd64-amd64-pvgrub                                pass    
 test-amd64-amd64-i386-pvgrub                                 pass    
 test-amd64-amd64-xl-pvshim                                   pass    
 test-amd64-i386-xl-pvshim                                    fail    
 test-amd64-amd64-pygrub                                      pass    
 test-amd64-amd64-xl-qcow2                                    pass    
 test-armhf-armhf-libvirt-raw                                 pass    
 test-amd64-i386-xl-raw                                       pass    
 test-amd64-amd64-xl-rtds                                     pass    
 test-armhf-armhf-xl-rtds                                     pass    
 test-amd64-amd64-xl-qemuu-debianhvm-amd64-shadow             pass    
 test-amd64-i386-xl-qemuu-debianhvm-amd64-shadow              pass    
 test-amd64-amd64-xl-shadow                                   pass    
 test-amd64-i386-xl-shadow                                    pass    
 test-amd64-amd64-libvirt-vhd                                 pass    
 test-armhf-armhf-xl-vhd                                      pass    


------------------------------------------------------------
sg-report-flight on osstest.test-lab.xenproject.org
logs: /home/logs/logs
images: /home/logs/images

Logs, config files, etc. are available at
    http://logs.test-lab.xenproject.org/osstest/logs

Explanation of these reports, and of osstest in general, is at
    http://xenbits.xen.org/gitweb/?p=osstest.git;a=blob;f=README.email;hb=master
    http://xenbits.xen.org/gitweb/?p=osstest.git;a=blob;f=README;hb=master

Test harness code can be found at
    http://xenbits.xen.org/gitweb?p=osstest.git;a=summary


Pushing revision :

To xenbits.xen.org:/home/xen/git/linux-pvops.git
   7fe7a0f4c5cf..5dfe87ac34e2  5dfe87ac34e2326ae2957fc68b63212d84f78701 -> 
tested/linux-4.14

_______________________________________________
Xen-devel mailing list
[email protected]
https://lists.xenproject.org/mailman/listinfo/xen-devel

Reply via email to