flight 127207 freebsd-master real [real] http://logs.test-lab.xenproject.org/osstest/logs/127207/
Regressions :-( Tests which did not succeed and are blocking, including tests which could not be run: build-amd64-xen-freebsd 5 host-install(5) fail REGR. vs. 127033 version targeted for testing: freebsd ee0548d281551997c5d975b8a4f5377b4e81789c baseline version: freebsd 8846b8448acb98ba31b203ac6c2ad45be2b96ad9 Last test of basis 127033 2018-08-31 09:19:38 Z 3 days Testing same since 127207 2018-09-03 09:19:06 Z 0 days 1 attempts ------------------------------------------------------------ People who touched revisions under test: alc <[email protected]> avatar <[email protected]> br <[email protected]> brd <[email protected]> gjb <[email protected]> imp <[email protected]> jhb <[email protected]> kevans <[email protected]> kib <[email protected]> kp <[email protected]> markj <[email protected]> trasz <[email protected]> jobs: build-amd64-freebsd-again pass build-amd64-freebsd pass build-amd64-xen-freebsd fail ------------------------------------------------------------ sg-report-flight on osstest.test-lab.xenproject.org logs: /home/logs/logs images: /home/logs/images Logs, config files, etc. are available at http://logs.test-lab.xenproject.org/osstest/logs Explanation of these reports, and of osstest in general, is at http://xenbits.xen.org/gitweb/?p=osstest.git;a=blob;f=README.email;hb=master http://xenbits.xen.org/gitweb/?p=osstest.git;a=blob;f=README;hb=master Test harness code can be found at http://xenbits.xen.org/gitweb?p=osstest.git;a=summary Not pushing. (No revision log; it would be 378 lines long.) _______________________________________________ Xen-devel mailing list [email protected] https://lists.xenproject.org/mailman/listinfo/xen-devel
