flight 126730 libvirt real [real]
http://logs.test-lab.xenproject.org/osstest/logs/126730/
Regressions :-(
Tests which did not succeed and are blocking,
including tests which could not be run:
build-i386-libvirt 6 libvirt-build fail REGR. vs. 123814
build-amd64-libvirt 6 libvirt-build fail REGR. vs. 123814
build-armhf-libvirt 6 libvirt-build fail REGR. vs. 123814
Tests which did not succeed, but are not blocking:
test-amd64-amd64-libvirt 1 build-check(1) blocked n/a
test-armhf-armhf-libvirt 1 build-check(1) blocked n/a
test-armhf-armhf-libvirt-raw 1 build-check(1) blocked n/a
test-amd64-i386-libvirt-qemuu-debianhvm-amd64-xsm 1 build-check(1) blocked n/a
test-amd64-amd64-libvirt-pair 1 build-check(1) blocked n/a
test-amd64-amd64-libvirt-xsm 1 build-check(1) blocked n/a
test-amd64-amd64-libvirt-qemuu-debianhvm-amd64-xsm 1 build-check(1) blocked n/a
test-amd64-i386-libvirt-pair 1 build-check(1) blocked n/a
test-amd64-i386-libvirt 1 build-check(1) blocked n/a
test-amd64-amd64-libvirt-vhd 1 build-check(1) blocked n/a
test-amd64-i386-libvirt-xsm 1 build-check(1) blocked n/a
version targeted for testing:
libvirt 3b89e1f9621895d5789b024caf93fd3b17654610
baseline version:
libvirt 076a2b409667dd9f716a2a2085e1ffea9d58fe8b
Last test of basis 123814 2018-06-05 04:19:23 Z 83 days
Failing since 123840 2018-06-06 04:19:28 Z 82 days 63 attempts
Testing same since 126623 2018-08-25 14:39:40 Z 2 days 2 attempts
------------------------------------------------------------
People who touched revisions under test:
Ales Musil <[email protected]>
Andrea Bolognani <[email protected]>
Anya Harter <[email protected]>
Bing Niu <[email protected]>
Bjoern Walk <[email protected]>
Bobo Du <[email protected]>
Boris Fiuczynski <[email protected]>
Brijesh Singh <[email protected]>
Changkuo Shi <[email protected]>
Chen Hanxiao <[email protected]>
Christian Ehrhardt <[email protected]>
Clementine Hayat <[email protected]>
Cole Robinson <[email protected]>
Dan Kenigsberg <[email protected]>
Daniel Nicoletti <[email protected]>
Daniel P. Berrangé <[email protected]>
Daniel Veillard <[email protected]>
Eric Blake <[email protected]>
Erik Skultety <[email protected]>
Fabiano Fidêncio <[email protected]>
Filip Alac <[email protected]>
Han Han <[email protected]>
intrigeri <[email protected]>
intrigeri <[email protected]>
Jamie Strandboge <[email protected]>
Jie Wang <wangjie88.huawei.com>
Jim Fehlig <[email protected]>
Jiri Denemark <[email protected]>
John Ferlan <[email protected]>
Julio Faracco <[email protected]>
Ján Tomko <[email protected]>
Kashyap Chamarthy <[email protected]>
Katerina Koukiou <[email protected]>
Laine Stump <[email protected]>
Laszlo Ersek <[email protected]>
Lubomir Rintel <[email protected]>
Luyao Huang <[email protected]>
Marc Hartmayer <[email protected]>
Marc Hartmayer <[email protected]>
Marcos Paulo de Souza <[email protected]>
Marek Marczykowski-Górecki <[email protected]>
Martin Kletzander <[email protected]>
Matthias Bolte <[email protected]>
Michal Privoznik <[email protected]>
Michal Prívozník <[email protected]>
Nikolay Shirokovskiy <[email protected]>
Pavel Hrdina <[email protected]>
Peter Krempa <[email protected]>
Pino Toscano <[email protected]>
Radostin Stoyanov <[email protected]>
Ramy Elkest <[email protected]>
ramyelkest <[email protected]>
Richard W.M. Jones <[email protected]>
Roman Bogorodskiy <[email protected]>
Shi Lei <[email protected]>
Shichangkuo <[email protected]>
Shivaprasad G Bhat <[email protected]>
Simon Kobyda <[email protected]>
Stefan Bader <[email protected]>
Stefan Berger <[email protected]>
Sukrit Bhatnagar <[email protected]>
Tomáš Golembiovský <[email protected]>
Vitaly Kuznetsov <[email protected]>
w00251574 <[email protected]>
Weilun Zhu <[email protected]>
xinhua.Cao <[email protected]>
jobs:
build-amd64-xsm pass
build-i386-xsm pass
build-amd64 pass
build-armhf pass
build-i386 pass
build-amd64-libvirt fail
build-armhf-libvirt fail
build-i386-libvirt fail
build-amd64-pvops pass
build-armhf-pvops pass
build-i386-pvops pass
test-amd64-amd64-libvirt-qemuu-debianhvm-amd64-xsm blocked
test-amd64-i386-libvirt-qemuu-debianhvm-amd64-xsm blocked
test-amd64-amd64-libvirt-xsm blocked
test-amd64-i386-libvirt-xsm blocked
test-amd64-amd64-libvirt blocked
test-armhf-armhf-libvirt blocked
test-amd64-i386-libvirt blocked
test-amd64-amd64-libvirt-pair blocked
test-amd64-i386-libvirt-pair blocked
test-armhf-armhf-libvirt-raw blocked
test-amd64-amd64-libvirt-vhd blocked
------------------------------------------------------------
sg-report-flight on osstest.test-lab.xenproject.org
logs: /home/logs/logs
images: /home/logs/images
Logs, config files, etc. are available at
http://logs.test-lab.xenproject.org/osstest/logs
Explanation of these reports, and of osstest in general, is at
http://xenbits.xen.org/gitweb/?p=osstest.git;a=blob;f=README.email;hb=master
http://xenbits.xen.org/gitweb/?p=osstest.git;a=blob;f=README;hb=master
Test harness code can be found at
http://xenbits.xen.org/gitweb?p=osstest.git;a=summary
Not pushing.
(No revision log; it would be 15044 lines long.)
_______________________________________________
Xen-devel mailing list
[email protected]
https://lists.xenproject.org/mailman/listinfo/xen-devel