This run is configured for baseline tests only.

flight 75128 qemu-mainline real [real]
http://osstest.xensource.com/osstest/logs/75128/

Failures :-/ but no regressions.

Tests which did not succeed, but are not blocking:
 test-amd64-amd64-i386-pvgrub 19 guest-start/debian.repeat fail blocked in 75116
 test-amd64-i386-xl-raw      19 guest-start/debian.repeat fail blocked in 75116
 test-amd64-i386-xl-qemuu-debianhvm-amd64-shadow 10 debian-hvm-install fail 
like 75116
 test-amd64-amd64-xl-qemuu-ovmf-amd64 10 debian-hvm-install     fail like 75116
 test-amd64-i386-xl-qemuu-debianhvm-amd64-xsm 10 debian-hvm-install fail like 
75116
 test-amd64-amd64-qemuu-nested-intel 10 debian-hvm-install      fail like 75116
 test-amd64-amd64-xl-qemuu-debianhvm-amd64 10 debian-hvm-install fail like 75116
 test-amd64-i386-xl-qemuu-dmrestrict-amd64-dmrestrict 10 debian-hvm-install 
fail like 75116
 test-amd64-amd64-xl-pvshim   12 guest-start                  fail   like 75116
 test-amd64-amd64-xl-qemuu-win10-i386 10 windows-install        fail like 75116
 test-armhf-armhf-libvirt     12 guest-start                  fail   like 75116
 test-armhf-armhf-xl-credit2  12 guest-start                  fail   like 75116
 test-armhf-armhf-xl          12 guest-start                  fail   like 75116
 test-armhf-armhf-xl-rtds     12 guest-start                  fail   like 75116
 test-armhf-armhf-xl-midway   12 guest-start                  fail   like 75116
 test-amd64-amd64-libvirt-qemuu-debianhvm-amd64-xsm 10 debian-hvm-install fail 
like 75116
 test-armhf-armhf-xl-multivcpu 12 guest-start                  fail  like 75116
 test-armhf-armhf-xl-vhd      10 debian-di-install            fail   like 75116
 test-armhf-armhf-libvirt-raw 10 debian-di-install            fail   like 75116
 test-amd64-amd64-xl-qemuu-win7-amd64 17 guest-stop             fail like 75116
 test-amd64-i386-xl-qemuu-win7-amd64 17 guest-stop              fail like 75116
 test-amd64-i386-xl-qemuu-win10-i386 17 guest-stop              fail like 75116
 test-amd64-i386-xl-pvshim    12 guest-start                  fail   never pass
 test-amd64-amd64-libvirt     13 migrate-support-check        fail   never pass
 test-amd64-amd64-libvirt-xsm 13 migrate-support-check        fail   never pass
 test-amd64-i386-libvirt-xsm  13 migrate-support-check        fail   never pass
 test-amd64-i386-libvirt      13 migrate-support-check        fail   never pass
 test-amd64-i386-libvirt-qemuu-debianhvm-amd64-xsm 11 migrate-support-check 
fail never pass
 test-amd64-amd64-qemuu-nested-amd 17 debian-hvm-install/l1/l2  fail never pass
 test-amd64-amd64-libvirt-vhd 12 migrate-support-check        fail   never pass
 test-amd64-amd64-xl-qemuu-ws16-amd64 17 guest-stop             fail never pass
 test-amd64-i386-xl-qemuu-ws16-amd64 17 guest-stop              fail never pass

version targeted for testing:
 qemuu                235c82acca0491465e94be3cae2583b42d37c859
baseline version:
 qemuu                13b7b188501d419a7d63c016e00065bcc693b7d4

Last test of basis    75116  2018-08-24 09:51:51 Z    3 days
Testing same since    75128  2018-08-27 05:24:50 Z    0 days    1 attempts

------------------------------------------------------------
People who touched revisions under test:
  "Aleksandar Markovic <[email protected]>"
  Aleksandar Markovic <[email protected]>
  Aleksandar Rikalo <[email protected]>
  Alex Williamson <[email protected]>
  Andrew Morton <[email protected]>
  Andrew Oates <[email protected]>
  Aviad Yehezkel <[email protected]>
  Bandan Das <[email protected]>
  chaiwen <[email protected]>
  Christian Borntraeger <[email protected]>
  Christian Ehrhardt <[email protected]>
  Corey Minyard <[email protected]>
  Cornelia Huck <[email protected]>
  David Gibson <[email protected]>
  David Hildenbrand <[email protected]>
  Dimitrije Nikolic <[email protected]>
  Dr. David Alan Gilbert <[email protected]>
  Eduardo Habkost <[email protected]>
  Eduardo Otubo <[email protected]>
  Emilio G. Cota <[email protected]>
  Fam Zheng <[email protected]>
  Gal Shachaf <[email protected]>
  George Kennedy <[email protected]>
  Gerd Hoffmann <[email protected]>
  Greg Edwards <[email protected]>
  Greg Kurz <[email protected]>
  Guenter Roeck <[email protected]>
  Heinrich Schuchardt <[email protected]>
  James Hogan <[email protected]>
  Jeff Cody <[email protected]>
  jialina01 <[email protected]>
  Joe Perches <[email protected]>
  Juan Quintela <[email protected]>
  Julia Suvorova <[email protected]>
  Laurent Vivier <[email protected]>
  Li Qiang <[email protected]>
  Lidong Chen <[email protected]>
  Lidong Chen <[email protected]>
  Linus Torvalds <[email protected]>
  Marc-André Lureau <[email protected]>
  Marc-André Lureau <[email protected]>
  Markus Armbruster <[email protected]>
  Matthew Fortune <[email protected]>
  Murilo Opsfelder Araujo <[email protected]>
  npes87184 <[email protected]>
  Paolo Bonzini <[email protected]>
  Paul Burton <[email protected]>
  Peter Maydell <[email protected]>
  Prasad Singamsetty <[email protected]>
  Richard Henderson <[email protected]>
  ryang <[email protected]>
  Sebastian Bauer <[email protected]>
  Stefan Markovic <[email protected]>
  Thomas Huth <[email protected]>
  Xiao Guangrong <[email protected]>
  Yongbok Kim <[email protected]>

jobs:
 build-amd64-xsm                                              pass    
 build-i386-xsm                                               pass    
 build-amd64                                                  pass    
 build-armhf                                                  pass    
 build-i386                                                   pass    
 build-amd64-libvirt                                          pass    
 build-armhf-libvirt                                          pass    
 build-i386-libvirt                                           pass    
 build-amd64-pvops                                            pass    
 build-armhf-pvops                                            pass    
 build-i386-pvops                                             pass    
 test-amd64-amd64-xl                                          pass    
 test-armhf-armhf-xl                                          fail    
 test-amd64-i386-xl                                           pass    
 test-amd64-amd64-libvirt-qemuu-debianhvm-amd64-xsm           fail    
 test-amd64-i386-libvirt-qemuu-debianhvm-amd64-xsm            pass    
 test-amd64-amd64-xl-qemuu-debianhvm-amd64-xsm                pass    
 test-amd64-i386-xl-qemuu-debianhvm-amd64-xsm                 fail    
 test-amd64-amd64-libvirt-xsm                                 pass    
 test-amd64-i386-libvirt-xsm                                  pass    
 test-amd64-amd64-xl-xsm                                      pass    
 test-amd64-i386-xl-xsm                                       pass    
 test-amd64-amd64-qemuu-nested-amd                            fail    
 test-amd64-amd64-xl-pvhv2-amd                                pass    
 test-amd64-i386-qemuu-rhel6hvm-amd                           pass    
 test-amd64-amd64-xl-qemuu-debianhvm-amd64                    fail    
 test-amd64-i386-xl-qemuu-debianhvm-amd64                     pass    
 test-amd64-i386-freebsd10-amd64                              pass    
 test-amd64-amd64-xl-qemuu-ovmf-amd64                         fail    
 test-amd64-i386-xl-qemuu-ovmf-amd64                          pass    
 test-amd64-amd64-xl-qemuu-win7-amd64                         fail    
 test-amd64-i386-xl-qemuu-win7-amd64                          fail    
 test-amd64-amd64-xl-qemuu-ws16-amd64                         fail    
 test-amd64-i386-xl-qemuu-ws16-amd64                          fail    
 test-amd64-amd64-xl-credit2                                  pass    
 test-armhf-armhf-xl-credit2                                  fail    
 test-amd64-amd64-xl-qemuu-dmrestrict-amd64-dmrestrict        pass    
 test-amd64-i386-xl-qemuu-dmrestrict-amd64-dmrestrict         fail    
 test-amd64-i386-freebsd10-i386                               pass    
 test-amd64-amd64-xl-qemuu-win10-i386                         fail    
 test-amd64-i386-xl-qemuu-win10-i386                          fail    
 test-amd64-amd64-qemuu-nested-intel                          fail    
 test-amd64-amd64-xl-pvhv2-intel                              pass    
 test-amd64-i386-qemuu-rhel6hvm-intel                         pass    
 test-amd64-amd64-libvirt                                     pass    
 test-armhf-armhf-libvirt                                     fail    
 test-amd64-i386-libvirt                                      pass    
 test-armhf-armhf-xl-midway                                   fail    
 test-amd64-amd64-xl-multivcpu                                pass    
 test-armhf-armhf-xl-multivcpu                                fail    
 test-amd64-amd64-pair                                        pass    
 test-amd64-i386-pair                                         pass    
 test-amd64-amd64-libvirt-pair                                pass    
 test-amd64-i386-libvirt-pair                                 pass    
 test-amd64-amd64-amd64-pvgrub                                pass    
 test-amd64-amd64-i386-pvgrub                                 fail    
 test-amd64-amd64-xl-pvshim                                   fail    
 test-amd64-i386-xl-pvshim                                    fail    
 test-amd64-amd64-pygrub                                      pass    
 test-amd64-amd64-xl-qcow2                                    pass    
 test-armhf-armhf-libvirt-raw                                 fail    
 test-amd64-i386-xl-raw                                       fail    
 test-amd64-amd64-xl-rtds                                     pass    
 test-armhf-armhf-xl-rtds                                     fail    
 test-amd64-amd64-xl-qemuu-debianhvm-amd64-shadow             pass    
 test-amd64-i386-xl-qemuu-debianhvm-amd64-shadow              fail    
 test-amd64-amd64-xl-shadow                                   pass    
 test-amd64-i386-xl-shadow                                    pass    
 test-amd64-amd64-libvirt-vhd                                 pass    
 test-armhf-armhf-xl-vhd                                      fail    


------------------------------------------------------------
sg-report-flight on osstest.xs.citrite.net
logs: /home/osstest/logs
images: /home/osstest/images

Logs, config files, etc. are available at
    http://osstest.xensource.com/osstest/logs

Test harness code can be found at
    http://xenbits.xensource.com/gitweb?p=osstest.git;a=summary


Push not applicable.

(No revision log; it would be 5471 lines long.)

_______________________________________________
Xen-devel mailing list
[email protected]
https://lists.xenproject.org/mailman/listinfo/xen-devel

Reply via email to