flight 126635 linux-4.14 real [real]
http://logs.test-lab.xenproject.org/osstest/logs/126635/

Failures :-/ but no regressions.

Tests which did not succeed, but are not blocking:
 test-amd64-i386-xl-pvshim    12 guest-start                  fail   never pass
 test-amd64-i386-libvirt-xsm  13 migrate-support-check        fail   never pass
 test-amd64-i386-libvirt      13 migrate-support-check        fail   never pass
 test-amd64-amd64-libvirt     13 migrate-support-check        fail   never pass
 test-amd64-amd64-libvirt-xsm 13 migrate-support-check        fail   never pass
 test-amd64-i386-libvirt-qemuu-debianhvm-amd64-xsm 11 migrate-support-check 
fail never pass
 test-armhf-armhf-xl-arndale  13 migrate-support-check        fail   never pass
 test-armhf-armhf-xl-arndale  14 saverestore-support-check    fail   never pass
 test-amd64-amd64-libvirt-qemuu-debianhvm-amd64-xsm 11 migrate-support-check 
fail never pass
 test-amd64-amd64-qemuu-nested-amd 17 debian-hvm-install/l1/l2  fail never pass
 test-amd64-amd64-libvirt-vhd 12 migrate-support-check        fail   never pass
 test-armhf-armhf-xl-credit2  13 migrate-support-check        fail   never pass
 test-armhf-armhf-xl-credit2  14 saverestore-support-check    fail   never pass
 test-armhf-armhf-xl-cubietruck 13 migrate-support-check        fail never pass
 test-armhf-armhf-xl-cubietruck 14 saverestore-support-check    fail never pass
 test-armhf-armhf-xl-rtds     13 migrate-support-check        fail   never pass
 test-armhf-armhf-xl-rtds     14 saverestore-support-check    fail   never pass
 test-amd64-i386-xl-qemut-win7-amd64 17 guest-stop              fail never pass
 test-amd64-amd64-xl-qemuu-ws16-amd64 17 guest-stop             fail never pass
 test-amd64-amd64-xl-qemuu-win7-amd64 17 guest-stop             fail never pass
 test-armhf-armhf-libvirt     13 migrate-support-check        fail   never pass
 test-armhf-armhf-libvirt     14 saverestore-support-check    fail   never pass
 test-amd64-i386-xl-qemuu-win7-amd64 17 guest-stop              fail never pass
 test-amd64-amd64-xl-qemut-win7-amd64 17 guest-stop             fail never pass
 test-armhf-armhf-libvirt-raw 12 migrate-support-check        fail   never pass
 test-armhf-armhf-libvirt-raw 13 saverestore-support-check    fail   never pass
 test-amd64-amd64-xl-qemut-ws16-amd64 17 guest-stop             fail never pass
 test-armhf-armhf-xl          13 migrate-support-check        fail   never pass
 test-armhf-armhf-xl          14 saverestore-support-check    fail   never pass
 test-armhf-armhf-xl-multivcpu 13 migrate-support-check        fail  never pass
 test-armhf-armhf-xl-multivcpu 14 saverestore-support-check    fail  never pass
 test-amd64-i386-xl-qemuu-ws16-amd64 17 guest-stop              fail never pass
 test-amd64-i386-xl-qemut-ws16-amd64 17 guest-stop              fail never pass
 test-armhf-armhf-xl-vhd      12 migrate-support-check        fail   never pass
 test-armhf-armhf-xl-vhd      13 saverestore-support-check    fail   never pass
 test-amd64-i386-xl-qemut-win10-i386 10 windows-install         fail never pass
 test-amd64-amd64-xl-qemut-win10-i386 10 windows-install        fail never pass
 test-amd64-i386-xl-qemuu-win10-i386 10 windows-install         fail never pass
 test-amd64-amd64-xl-qemuu-win10-i386 10 windows-install        fail never pass

version targeted for testing:
 linux                f4c88459f7c9320f587b839c3d24a2a9dc18a8a0
baseline version:
 linux                c5f7d3c4daf14ba3717fcc1497854d8c365bd742

Last test of basis   126364  2018-08-22 06:10:33 Z    4 days
Testing same since   126542  2018-08-24 11:40:05 Z    2 days    2 attempts

------------------------------------------------------------
People who touched revisions under test:
  "Yan, Zheng" <[email protected]>
  Adam Ford <[email protected]>
  Ajay Gupta <[email protected]>
  Aleksa Sarai <[email protected]>
  Alex Deucher <[email protected]>
  Alexander Aring <[email protected]>
  Alexander Duyck <[email protected]>
  Alexander Sverdlin <[email protected]>
  Alexander Sverdlin <[email protected]>
  Alexei Starovoitov <[email protected]>
  Alexey Brodkin <[email protected]>
  Alexey Brodkin <[email protected]>
  Alison Wang <[email protected]>
  Anders Roxell <[email protected]>
  Andreas Ziegler <[email protected]>
  Andrew Bowers <[email protected]>
  Andrew Morton <[email protected]>
  Andrey Ryabinin <[email protected]>
  Andrey Smirnov <[email protected]>
  Andrzej Hajda <[email protected]>
  Andy Gross <[email protected]>
  Andy Lutomirski <[email protected]>
  Andy Shevchenko <[email protected]>
  Anson Huang <[email protected]>
  Ard Biesheuvel <[email protected]>
  Arend van Spriel <[email protected]>
  Ariel Elior <[email protected]>
  Arnaldo Carvalho de Melo <[email protected]>
  Arun Kumar Neelakantam <[email protected]>
  Ayan Kumar halder <[email protected]>
  Bart Van Assche <[email protected]>
  Bartosz Golaszewski <[email protected]>
  Ben Skeggs <[email protected]>
  BingJing Chang <[email protected]>
  Bjorn Helgaas <[email protected]>
  Bob Copeland <[email protected]>
  Bob Copeland <[email protected]>
  Boris Brezillon <[email protected]>
  Borislav Petkov <[email protected]>
  Casey Leedom <[email protected]>
  Casey Schaufler <[email protected]>
  Catalin Marinas <[email protected]>
  Chad Dupuis <[email protected]>
  Chengguang Xu <[email protected]>
  Christoph Hellwig <[email protected]>
  Christophe JAILLET <[email protected]>
  Chunfeng Yun <[email protected]>
  Cornelia Huck <[email protected]>
  Dan Carpenter <[email protected]>
  Dan Williams <[email protected]>
  Daniel Borkmann <[email protected]>
  Daniel Mack <[email protected]>
  Dave Jiang <[email protected]>
  David Lechner <[email protected]>
  David S. Miller <[email protected]>
  David Sterba <[email protected]>
  Davide Caratti <[email protected]>
  Dinh Nguyen <[email protected]>
  Dirk Gouders <[email protected]>
  Dmitry Osipenko <[email protected]>
  Dmitry Torokhov <[email protected]>
  Dong Jia Shi <[email protected]>
  Dongjiu Geng <[email protected]>
  Doron Roberts-Kedes <[email protected]>
  Douglas Anderson <[email protected]>
  Eli Cohen <[email protected]>
  Eric Dumazet <[email protected]>
  Esben Haabendal <[email protected]>
  Fabio Estevam <[email protected]>
  Fathi Boudra <[email protected]>
  Felipe Balbi <[email protected]>
  Florian Fainelli <[email protected]>
  Florian Westphal <[email protected]>
  Ganesh Goudar <[email protected]>
  Gao Feng <[email protected]>
  Geert Uytterhoeven <[email protected]>
  Gevorg Sahakyan <[email protected]>
  Govindarajulu Varadarajan <[email protected]>
  Greg Kroah-Hartman <[email protected]>
  Greg Ungerer <[email protected]>
  Gregory CLEMENT <[email protected]>
  Grigor Tovmasyan <[email protected]>
  Grigor Tovmasyan <[email protected]>
  Guenter Roeck <[email protected]>
  Gustavo A. R. Silva <[email protected]>
  Hangbin Liu <[email protected]>
  Hans de Goede <[email protected]>
  Heikki Krogerus <[email protected]>
  Heiko Stuebner <[email protected]>
  Helge Deller <[email protected]>
  Hoan Tran <[email protected]>
  Ilya Dryomov <[email protected]>
  Ingo Molnar <[email protected]>
  Inki Dae <[email protected]>
  Jaegeuk Kim <[email protected]>
  Jakub Kicinski <[email protected]>
  James Morris <[email protected]>
  Jann Horn <[email protected]>
  Janne Huttunen <[email protected]>
  Jason Gerecke <[email protected]>
  Jason Gerecke <[email protected]>
  Jason Gunthorpe <[email protected]>
  Jay Hsu <[email protected]>
  Jeff Kirsher <[email protected]>
  Jeff Mahoney <[email protected]>
  Jeff Moyer <[email protected]>
  Jeffrin Jose T (Rajagiri SET) <[email protected]>
  Jeffrin Jose T <[email protected]>
  Jens Axboe <[email protected]>
  Jeremy Cline <[email protected]>
  Jiri Kosina <[email protected]>
  Jiri Olsa <[email protected]>
  Johan Hovold <[email protected]>
  Johannes Berg <[email protected]>
  John Allen <[email protected]>
  John Allen <[email protected]>
  John David Anglin <[email protected]>
  John Garry <[email protected]>
  Jon Hunter <[email protected]>
  Jonathan Cameron <[email protected]>
  Josh Poimboeuf <[email protected]>
  Juergen Gross <[email protected]>
  Kalle Valo <[email protected]>
  Kamal Heib <[email protected]>
  Keerthy <[email protected]>
  Kevin Hilman <[email protected]>
  Kim Phillips <[email protected]>
  Laura Abbott <[email protected]>
  Lawrence Brakmo <[email protected]>
  Leon Romanovsky <[email protected]>
  Li RongQing <[email protected]>
  Linus Lüssing <[email protected]>
  Linus Torvalds <[email protected]>
  Linus Walleij <[email protected]>
  Liviu Dudau <[email protected]>
  Lorenzo Pieralisi <[email protected]>
  Lubomir Rintel <[email protected]>
  Lucas Stach <[email protected]>
  Lukas Wunner <[email protected]>
  Maciej Purski <[email protected]>
  Madalin Bucur <[email protected]>
  Manish Rangankar <[email protected]>
  Manish Rangankar <[email protected]>
  Marc Zyngier <[email protected]>
  Marcelo Ricardo Leitner <[email protected]>
  Marek Lindner <[email protected]>
  Marek Szyprowski <[email protected]>
  Mark Rutland <[email protected]>
  Martin Blumenstingl <[email protected]>
  Martin K. Petersen <[email protected]>
  Masahiro Yamada <[email protected]>
  Mathias Nyman <[email protected]>
  Mathieu Malaterre <[email protected]>
  Mathieu Poirier <[email protected]>
  Matt Ranostay <[email protected]>
  Matthijs van Duin <[email protected]>
  Mauricio Vasquez B <[email protected]>
  Max Gurtuvoy <[email protected]>
  Michael Chan <[email protected]>
  Michael Trimarchi <[email protected]>
  Michal Kalderon <[email protected]>
  Mika Westerberg <[email protected]>
  Mike Rapoport <[email protected]>
  Mikko Perttunen <[email protected]>
  Minas Harutyunyan <[email protected]>
  Minas Harutyunyan <[email protected]>
  Minas Harutyunyan [email protected]>
  Myron Stowe <[email protected]>
  Nagaraj Annaiah <[email protected]>
  Namhyung Kim <[email protected]>
  Neal Cardwell <[email protected]>
  Neil Armstrong <[email protected]>
  Neil Horman <[email protected]>
  Nicholas Mc Guire <[email protected]>
  Nick Dyer <[email protected]>
  Nishanth Menon <[email protected]>
  Or Gerlitz <[email protected]>
  Pablo Neira Ayuso <[email protected]>
  Paolo Bonzini <[email protected]>
  Paul Cercueil <[email protected]>
  Paul Menzel <[email protected]>
  Paul Moore <[email protected]>
  Peng Hao <[email protected]>
  Peter Zijlstra <[email protected]>
  Qu Wenruo <[email protected]>
  Rafael J. Wysocki <[email protected]>
  Randy Dunlap <[email protected]>
  Ravi Bangoria <[email protected]>
  Ray Jui <[email protected]>
  Rob Herring <[email protected]>
  Robert Jarzmik <[email protected]>
  Robin H. Johnson <[email protected]>
  Roland Dreier <[email protected]>
  Russell King <[email protected]>
  Ryan Hsu <[email protected]>
  Sagi Grimberg <[email protected]>
  Sam Protsenko <[email protected]>
  Sandipan Das <[email protected]>
  Sasha Levin <[email protected]>
  Saurav Kashyap <[email protected]>
  Scott Bauer <[email protected]>
  Scott Branden <[email protected]>
  Sekhar Nori <[email protected]>
  Sergei Shtylyov <[email protected]>
  Shaohua Li <[email protected]>
  Shawn Guo <[email protected]>
  Shuah Khan (Samsung OSG) <[email protected]>
  Simon Wunderlich <[email protected]>
  Srinivas Kandagatla <[email protected]>
  Stafford Horne <[email protected]>
  Stefan Agner <[email protected]>
  Stefan Schmidt <[email protected]>
  Stefan Wahren <[email protected]>
  Steffen Klassert <[email protected]>
  Stephen Hemminger <[email protected]>
  Stephen Hemminger <[email protected]>
  Steven Rostedt (VMware) <[email protected]>
  Sudarsana Reddy Kalluru <[email protected]>
  Sudip Mukherjee <[email protected]>
  Suzuki K Poulose <[email protected]>
  Sven Eckelmann <[email protected]>
  Taeung Song <[email protected]>
  Takashi Iwai <[email protected]>
  Tejun Heo <[email protected]>
  Theodore Ts'o <[email protected]>
  Thierry Reding <[email protected]>
  Thomas Gleixner <[email protected]>
  Thomas Richter <[email protected]>
  Timur Kristóf <[email protected]>
  Tomasz Duszynski <[email protected]>
  Tony Lindgren <[email protected]>
  Trond Myklebust <[email protected]>
  Ursula Braun <[email protected]>
  Uwe Kleine-König <[email protected]>
  Vijay Immanuel <[email protected]>
  Vikas Gupta <[email protected]>
  Vincent Pelletier <[email protected]>
  Vineet Gupta <[email protected]>
  Vinod Koul <[email protected]>
  Viresh Kumar <[email protected]>
  Vladimir Zapolskiy <[email protected]>
  Wei Yongjun <[email protected]>
  Will Deacon <[email protected]>
  Willem de Bruijn <[email protected]>
  William Wu <[email protected]>
  Wolfram Sang <[email protected]>
  Yan, Zheng <[email protected]>
  Yonghong Song <[email protected]>
  Yuchung Cheng <[email protected]>
  Yuiko Oshino <[email protected]>
  Zeng Tao <[email protected]>
  Zhen Lei <[email protected]>
  Zhenyu Wang <[email protected]>
  Zhenzhong Duan <[email protected]>
  Zhizhou Zhang <[email protected]>
  Zhouyang Jia <[email protected]>

jobs:
 build-amd64-xsm                                              pass    
 build-i386-xsm                                               pass    
 build-amd64                                                  pass    
 build-armhf                                                  pass    
 build-i386                                                   pass    
 build-amd64-libvirt                                          pass    
 build-armhf-libvirt                                          pass    
 build-i386-libvirt                                           pass    
 build-amd64-pvops                                            pass    
 build-armhf-pvops                                            pass    
 build-i386-pvops                                             pass    
 build-amd64-rumprun                                          pass    
 build-i386-rumprun                                           pass    
 test-amd64-amd64-xl                                          pass    
 test-armhf-armhf-xl                                          pass    
 test-amd64-i386-xl                                           pass    
 test-amd64-amd64-xl-qemut-debianhvm-amd64-xsm                pass    
 test-amd64-i386-xl-qemut-debianhvm-amd64-xsm                 pass    
 test-amd64-amd64-libvirt-qemuu-debianhvm-amd64-xsm           pass    
 test-amd64-i386-libvirt-qemuu-debianhvm-amd64-xsm            pass    
 test-amd64-amd64-xl-qemuu-debianhvm-amd64-xsm                pass    
 test-amd64-i386-xl-qemuu-debianhvm-amd64-xsm                 pass    
 test-amd64-amd64-xl-qemut-stubdom-debianhvm-amd64-xsm        pass    
 test-amd64-i386-xl-qemut-stubdom-debianhvm-amd64-xsm         pass    
 test-amd64-amd64-libvirt-xsm                                 pass    
 test-amd64-i386-libvirt-xsm                                  pass    
 test-amd64-amd64-xl-xsm                                      pass    
 test-amd64-i386-xl-xsm                                       pass    
 test-amd64-amd64-qemuu-nested-amd                            fail    
 test-amd64-amd64-xl-pvhv2-amd                                pass    
 test-amd64-i386-qemut-rhel6hvm-amd                           pass    
 test-amd64-i386-qemuu-rhel6hvm-amd                           pass    
 test-amd64-amd64-xl-qemut-debianhvm-amd64                    pass    
 test-amd64-i386-xl-qemut-debianhvm-amd64                     pass    
 test-amd64-amd64-xl-qemuu-debianhvm-amd64                    pass    
 test-amd64-i386-xl-qemuu-debianhvm-amd64                     pass    
 test-amd64-i386-freebsd10-amd64                              pass    
 test-amd64-amd64-xl-qemuu-ovmf-amd64                         pass    
 test-amd64-i386-xl-qemuu-ovmf-amd64                          pass    
 test-amd64-amd64-rumprun-amd64                               pass    
 test-amd64-amd64-xl-qemut-win7-amd64                         fail    
 test-amd64-i386-xl-qemut-win7-amd64                          fail    
 test-amd64-amd64-xl-qemuu-win7-amd64                         fail    
 test-amd64-i386-xl-qemuu-win7-amd64                          fail    
 test-amd64-amd64-xl-qemut-ws16-amd64                         fail    
 test-amd64-i386-xl-qemut-ws16-amd64                          fail    
 test-amd64-amd64-xl-qemuu-ws16-amd64                         fail    
 test-amd64-i386-xl-qemuu-ws16-amd64                          fail    
 test-armhf-armhf-xl-arndale                                  pass    
 test-amd64-amd64-xl-credit2                                  pass    
 test-armhf-armhf-xl-credit2                                  pass    
 test-armhf-armhf-xl-cubietruck                               pass    
 test-amd64-amd64-xl-qemuu-dmrestrict-amd64-dmrestrict        pass    
 test-amd64-i386-xl-qemuu-dmrestrict-amd64-dmrestrict         pass    
 test-amd64-amd64-examine                                     pass    
 test-armhf-armhf-examine                                     pass    
 test-amd64-i386-examine                                      pass    
 test-amd64-i386-freebsd10-i386                               pass    
 test-amd64-i386-rumprun-i386                                 pass    
 test-amd64-amd64-xl-qemut-win10-i386                         fail    
 test-amd64-i386-xl-qemut-win10-i386                          fail    
 test-amd64-amd64-xl-qemuu-win10-i386                         fail    
 test-amd64-i386-xl-qemuu-win10-i386                          fail    
 test-amd64-amd64-qemuu-nested-intel                          pass    
 test-amd64-amd64-xl-pvhv2-intel                              pass    
 test-amd64-i386-qemut-rhel6hvm-intel                         pass    
 test-amd64-i386-qemuu-rhel6hvm-intel                         pass    
 test-amd64-amd64-libvirt                                     pass    
 test-armhf-armhf-libvirt                                     pass    
 test-amd64-i386-libvirt                                      pass    
 test-amd64-amd64-xl-multivcpu                                pass    
 test-armhf-armhf-xl-multivcpu                                pass    
 test-amd64-amd64-pair                                        pass    
 test-amd64-i386-pair                                         pass    
 test-amd64-amd64-libvirt-pair                                pass    
 test-amd64-i386-libvirt-pair                                 pass    
 test-amd64-amd64-amd64-pvgrub                                pass    
 test-amd64-amd64-i386-pvgrub                                 pass    
 test-amd64-amd64-xl-pvshim                                   pass    
 test-amd64-i386-xl-pvshim                                    fail    
 test-amd64-amd64-pygrub                                      pass    
 test-amd64-amd64-xl-qcow2                                    pass    
 test-armhf-armhf-libvirt-raw                                 pass    
 test-amd64-i386-xl-raw                                       pass    
 test-amd64-amd64-xl-rtds                                     pass    
 test-armhf-armhf-xl-rtds                                     pass    
 test-amd64-amd64-xl-qemuu-debianhvm-amd64-shadow             pass    
 test-amd64-i386-xl-qemuu-debianhvm-amd64-shadow              pass    
 test-amd64-amd64-xl-shadow                                   pass    
 test-amd64-i386-xl-shadow                                    pass    
 test-amd64-amd64-libvirt-vhd                                 pass    
 test-armhf-armhf-xl-vhd                                      pass    


------------------------------------------------------------
sg-report-flight on osstest.test-lab.xenproject.org
logs: /home/logs/logs
images: /home/logs/images

Logs, config files, etc. are available at
    http://logs.test-lab.xenproject.org/osstest/logs

Explanation of these reports, and of osstest in general, is at
    http://xenbits.xen.org/gitweb/?p=osstest.git;a=blob;f=README.email;hb=master
    http://xenbits.xen.org/gitweb/?p=osstest.git;a=blob;f=README;hb=master

Test harness code can be found at
    http://xenbits.xen.org/gitweb?p=osstest.git;a=summary


Pushing revision :

To xenbits.xen.org:/home/xen/git/linux-pvops.git
   c5f7d3c4daf1..f4c88459f7c9  f4c88459f7c9320f587b839c3d24a2a9dc18a8a0 -> 
tested/linux-4.14

_______________________________________________
Xen-devel mailing list
[email protected]
https://lists.xenproject.org/mailman/listinfo/xen-devel

Reply via email to