flight 187909 linux-6.1 real [real] http://logs.test-lab.xenproject.org/osstest/logs/187909/
Failures :-/ but no regressions. Tests which did not succeed, but are not blocking: test-armhf-armhf-libvirt 16 saverestore-support-check fail like 187749 test-amd64-amd64-xl-qemuu-win7-amd64 19 guest-stop fail like 187749 test-amd64-amd64-xl-qemuu-ws16-amd64 19 guest-stop fail like 187749 test-amd64-amd64-xl-qemut-win7-amd64 19 guest-stop fail like 187749 test-amd64-amd64-xl-qemut-ws16-amd64 19 guest-stop fail like 187749 test-amd64-amd64-qemuu-nested-amd 20 debian-hvm-install/l1/l2 fail like 187749 test-arm64-arm64-xl 15 migrate-support-check fail never pass test-arm64-arm64-xl 16 saverestore-support-check fail never pass test-amd64-amd64-libvirt 15 migrate-support-check fail never pass test-amd64-amd64-libvirt-xsm 15 migrate-support-check fail never pass test-arm64-arm64-xl-credit2 15 migrate-support-check fail never pass test-arm64-arm64-xl-thunderx 15 migrate-support-check fail never pass test-arm64-arm64-xl-credit2 16 saverestore-support-check fail never pass test-arm64-arm64-xl-thunderx 16 saverestore-support-check fail never pass test-arm64-arm64-xl-xsm 15 migrate-support-check fail never pass test-arm64-arm64-xl-xsm 16 saverestore-support-check fail never pass test-amd64-amd64-libvirt-qemuu-debianhvm-amd64-xsm 13 migrate-support-check fail never pass test-arm64-arm64-libvirt-xsm 15 migrate-support-check fail never pass test-arm64-arm64-libvirt-xsm 16 saverestore-support-check fail never pass test-arm64-arm64-xl-credit1 15 migrate-support-check fail never pass test-arm64-arm64-xl-credit1 16 saverestore-support-check fail never pass test-armhf-armhf-xl 15 migrate-support-check fail never pass test-armhf-armhf-xl 16 saverestore-support-check fail never pass test-armhf-armhf-xl-credit2 15 migrate-support-check fail never pass test-armhf-armhf-xl-credit2 16 saverestore-support-check fail never pass test-armhf-armhf-xl-credit1 15 migrate-support-check fail never pass test-armhf-armhf-xl-rtds 15 migrate-support-check fail never pass test-armhf-armhf-xl-credit1 16 saverestore-support-check fail never pass test-armhf-armhf-xl-rtds 16 saverestore-support-check fail never pass test-armhf-armhf-libvirt 15 migrate-support-check fail never pass test-armhf-armhf-xl-multivcpu 15 migrate-support-check fail never pass test-armhf-armhf-xl-multivcpu 16 saverestore-support-check fail never pass test-amd64-amd64-libvirt-qcow2 14 migrate-support-check fail never pass test-amd64-amd64-libvirt-raw 14 migrate-support-check fail never pass test-amd64-amd64-libvirt-vhd 14 migrate-support-check fail never pass test-arm64-arm64-libvirt-raw 14 migrate-support-check fail never pass test-arm64-arm64-libvirt-raw 15 saverestore-support-check fail never pass test-armhf-armhf-xl-qcow2 14 migrate-support-check fail never pass test-armhf-armhf-xl-qcow2 15 saverestore-support-check fail never pass test-arm64-arm64-xl-vhd 14 migrate-support-check fail never pass test-arm64-arm64-xl-vhd 15 saverestore-support-check fail never pass test-armhf-armhf-xl-arndale 15 migrate-support-check fail never pass test-armhf-armhf-xl-arndale 16 saverestore-support-check fail never pass test-armhf-armhf-libvirt-vhd 14 migrate-support-check fail never pass test-armhf-armhf-libvirt-vhd 15 saverestore-support-check fail never pass test-armhf-armhf-xl-raw 14 migrate-support-check fail never pass test-armhf-armhf-xl-raw 15 saverestore-support-check fail never pass version targeted for testing: linux aa4cd140bba57b7064b4c7a7141bebd336d32087 baseline version: linux e526b12bf9169887f8cfe5afed2b10e56bdca4c3 Last test of basis 187749 2024-09-18 17:43:23 Z 12 days Testing same since 187909 2024-09-30 14:42:22 Z 0 days 1 attempts ------------------------------------------------------------ People who touched revisions under test: Albert Jakieła <[email protected]> Allen Pais <[email protected]> Andrew Morton <[email protected]> Bartosz Golaszewski <[email protected]> Benjamin Berg <[email protected]> Borislav Petkov (AMD) <[email protected]> Chandan Babu R <[email protected]> Dan Carpenter <[email protected]> Daniel Gabay <[email protected]> Darrick J. Wong <[email protected]> Dave Chinner <[email protected]> Dave Chinner <[email protected]> Dave Hansen <[email protected]> David S. Miller <[email protected]> David Sterba <[email protected]> Diogo Jahchan Koike <[email protected]> Dmitry Antipov <[email protected]> Edward Adam Davis <[email protected]> Emmanuel Grumbach <[email protected]> Eugene Shalygin <[email protected]> Fabio Estevam <[email protected]> Ferry Meng <[email protected]> Filipe Manana <[email protected]> Florian Fainelli <[email protected]> Florian Westphal <[email protected]> Geert Uytterhoeven <[email protected]> Greg Kroah-Hartman <[email protected]> Guenter Roeck <[email protected]> Hagar Hemdan <[email protected]> Hans de Goede <[email protected]> Hongbo Li <[email protected]> hongchi.peng <[email protected]> Hongyu Jin <[email protected]> Huacai Chen <[email protected]> Hugo SIMELIERE <[email protected]> Jacky Chou <[email protected]> Jakub Kicinski <[email protected]> Jens Axboe <[email protected]> Johan Hovold <[email protected]> Johannes Berg <[email protected]> Jon Hunter <[email protected]> Joseph Qi <[email protected]> Junhao Xie <[email protected]> Kailang Yang <[email protected]> Kent Gibson <[email protected]> kernelci.org bot <[email protected]> Leah Rumancik <[email protected]> Liao Chen <[email protected]> Linus Walleij <[email protected]> Linux Kernel Functional Testing <[email protected]> Liviu Dudau <[email protected]> Long Li <[email protected]> Long Li <[email protected]> Luis Chamberlain <[email protected]> Marc Kleine-Budde <[email protected]> Mark Brown <[email protected]> Martin K. Petersen <[email protected]> Matthieu Baerts (NGI0) <[email protected]> Michael Kelley <[email protected]> Mike Rapoport <[email protected]> Mike Snitzer <[email protected]> Miri Korenblit <[email protected]> Pablo Neira Ayuso <[email protected]> Paulo Alcantara (Red Hat) <[email protected]> Paulo Alcantara <[email protected]> Pavel Machek (CIP) <[email protected]> Peter Schneider <[email protected]> Ping-Ke Shih <[email protected]> Rafael J. Wysocki <[email protected]> Ricardo Neri <[email protected]> Ron Economos <[email protected]> Ross Brown <[email protected]> Salvatore Bonaccorso <[email protected]> Sasha Levin <[email protected]> Sherry Yang <[email protected]> Shiyang Ruan <[email protected]> Shuah Khan <[email protected]> Steve French <[email protected]> Sumeet Pawnikar <[email protected]> Takashi Iwai <[email protected]> Thomas Blocher <[email protected]> Tianyang Zhang <[email protected]> Tony Luck <[email protected]> Wei Liu <[email protected]> Wengang Wang <[email protected]> Wu Guanghao <[email protected]> Ye Bin <[email protected]> Yibin Ding <[email protected]> zhang jiao <[email protected]> jobs: build-amd64-xsm pass build-arm64-xsm pass build-i386-xsm pass build-amd64 pass build-arm64 pass build-armhf pass build-i386 pass build-amd64-libvirt pass build-arm64-libvirt pass build-armhf-libvirt pass build-i386-libvirt pass build-amd64-pvops pass build-arm64-pvops pass build-armhf-pvops pass build-i386-pvops pass test-amd64-amd64-xl pass test-amd64-coresched-amd64-xl pass test-arm64-arm64-xl pass test-armhf-armhf-xl pass test-amd64-amd64-libvirt-qemuu-debianhvm-amd64-xsm pass test-amd64-amd64-xl-qemut-stubdom-debianhvm-amd64-xsm pass test-amd64-amd64-xl-qemut-debianhvm-i386-xsm pass test-amd64-amd64-xl-qemuu-debianhvm-i386-xsm pass test-amd64-amd64-libvirt-xsm pass test-arm64-arm64-libvirt-xsm pass test-amd64-amd64-xl-xsm pass test-arm64-arm64-xl-xsm pass test-amd64-amd64-qemuu-nested-amd fail test-amd64-amd64-xl-pvhv2-amd pass test-amd64-amd64-dom0pvh-xl-amd pass test-amd64-amd64-xl-qemut-debianhvm-amd64 pass test-amd64-amd64-xl-qemuu-debianhvm-amd64 pass test-amd64-amd64-qemuu-freebsd11-amd64 pass test-amd64-amd64-qemuu-freebsd12-amd64 pass test-amd64-amd64-xl-qemuu-ovmf-amd64 pass test-amd64-amd64-xl-qemut-win7-amd64 fail test-amd64-amd64-xl-qemuu-win7-amd64 fail test-amd64-amd64-xl-qemut-ws16-amd64 fail test-amd64-amd64-xl-qemuu-ws16-amd64 fail test-armhf-armhf-xl-arndale pass test-amd64-amd64-examine-bios pass test-amd64-amd64-xl-credit1 pass test-arm64-arm64-xl-credit1 pass test-armhf-armhf-xl-credit1 pass test-amd64-amd64-xl-credit2 pass test-arm64-arm64-xl-credit2 pass test-armhf-armhf-xl-credit2 pass test-amd64-amd64-xl-qemuu-dmrestrict-amd64-dmrestrict pass test-amd64-amd64-examine pass test-arm64-arm64-examine pass test-armhf-armhf-examine pass test-amd64-amd64-qemuu-nested-intel pass test-amd64-amd64-xl-pvhv2-intel pass test-amd64-amd64-dom0pvh-xl-intel pass test-amd64-amd64-libvirt pass test-armhf-armhf-libvirt pass test-amd64-amd64-xl-multivcpu pass test-armhf-armhf-xl-multivcpu pass test-amd64-amd64-pair pass test-amd64-amd64-libvirt-pair pass test-amd64-amd64-xl-pvshim pass test-amd64-amd64-pygrub pass test-amd64-amd64-libvirt-qcow2 pass test-amd64-amd64-xl-qcow2 pass test-armhf-armhf-xl-qcow2 pass test-amd64-amd64-libvirt-raw pass test-arm64-arm64-libvirt-raw pass test-amd64-amd64-xl-raw pass test-armhf-armhf-xl-raw pass test-amd64-amd64-xl-rtds pass test-armhf-armhf-xl-rtds pass test-amd64-amd64-xl-qemuu-debianhvm-amd64-shadow pass test-amd64-amd64-xl-shadow pass test-arm64-arm64-xl-thunderx pass test-amd64-amd64-examine-uefi pass test-amd64-amd64-libvirt-vhd pass test-armhf-armhf-libvirt-vhd pass test-amd64-amd64-xl-vhd pass test-arm64-arm64-xl-vhd pass ------------------------------------------------------------ sg-report-flight on osstest.test-lab.xenproject.org logs: /home/logs/logs images: /home/logs/images Logs, config files, etc. are available at http://logs.test-lab.xenproject.org/osstest/logs Explanation of these reports, and of osstest in general, is at http://xenbits.xen.org/gitweb/?p=osstest.git;a=blob;f=README.email;hb=master http://xenbits.xen.org/gitweb/?p=osstest.git;a=blob;f=README;hb=master Test harness code can be found at http://xenbits.xen.org/gitweb?p=osstest.git;a=summary Pushing revision : hint: The 'hooks/update' hook was ignored because it's not set as executable. hint: You can disable this warning with `git config advice.ignoredHook false`. hint: The 'hooks/post-receive' hook was ignored because it's not set as executable. hint: You can disable this warning with `git config advice.ignoredHook false`. hint: The 'hooks/post-update' hook was ignored because it's not set as executable. hint: You can disable this warning with `git config advice.ignoredHook false`. To xenbits.xen.org:/home/xen/git/linux-pvops.git e526b12bf916..aa4cd140bba5 aa4cd140bba57b7064b4c7a7141bebd336d32087 -> tested/linux-6.1
