flight 187749 linux-6.1 real [real]
flight 187758 linux-6.1 real-retest [real]
http://logs.test-lab.xenproject.org/osstest/logs/187749/
http://logs.test-lab.xenproject.org/osstest/logs/187758/

Failures :-/ but no regressions.

Tests which are failing intermittently (not blocking):
 test-armhf-armhf-xl-credit1   8 xen-boot            fail pass in 187758-retest

Tests which did not succeed, but are not blocking:
 test-armhf-armhf-xl-credit1 15 migrate-support-check fail in 187758 never pass
 test-armhf-armhf-xl-credit1 16 saverestore-support-check fail in 187758 never 
pass
 test-armhf-armhf-libvirt     16 saverestore-support-check    fail  like 187674
 test-amd64-amd64-xl-qemuu-win7-amd64 19 guest-stop            fail like 187674
 test-amd64-amd64-xl-qemuu-ws16-amd64 19 guest-stop            fail like 187674
 test-amd64-amd64-xl-qemut-win7-amd64 19 guest-stop            fail like 187674
 test-amd64-amd64-xl-qemut-ws16-amd64 19 guest-stop            fail like 187674
 test-amd64-amd64-qemuu-nested-amd 20 debian-hvm-install/l1/l2 fail like 187674
 test-armhf-armhf-xl-multivcpu 15 migrate-support-check        fail  never pass
 test-armhf-armhf-xl-multivcpu 16 saverestore-support-check    fail  never pass
 test-amd64-amd64-libvirt     15 migrate-support-check        fail   never pass
 test-amd64-amd64-libvirt-xsm 15 migrate-support-check        fail   never pass
 test-amd64-amd64-libvirt-raw 14 migrate-support-check        fail   never pass
 test-arm64-arm64-xl-thunderx 15 migrate-support-check        fail   never pass
 test-arm64-arm64-xl-thunderx 16 saverestore-support-check    fail   never pass
 test-amd64-amd64-libvirt-qemuu-debianhvm-amd64-xsm 13 migrate-support-check 
fail never pass
 test-arm64-arm64-xl-xsm      15 migrate-support-check        fail   never pass
 test-arm64-arm64-xl-xsm      16 saverestore-support-check    fail   never pass
 test-arm64-arm64-xl          15 migrate-support-check        fail   never pass
 test-arm64-arm64-xl          16 saverestore-support-check    fail   never pass
 test-arm64-arm64-xl-credit2  15 migrate-support-check        fail   never pass
 test-arm64-arm64-xl-credit2  16 saverestore-support-check    fail   never pass
 test-arm64-arm64-xl-credit1  15 migrate-support-check        fail   never pass
 test-arm64-arm64-xl-credit1  16 saverestore-support-check    fail   never pass
 test-arm64-arm64-libvirt-xsm 15 migrate-support-check        fail   never pass
 test-arm64-arm64-libvirt-xsm 16 saverestore-support-check    fail   never pass
 test-armhf-armhf-xl-credit2  15 migrate-support-check        fail   never pass
 test-armhf-armhf-xl-credit2  16 saverestore-support-check    fail   never pass
 test-armhf-armhf-libvirt     15 migrate-support-check        fail   never pass
 test-armhf-armhf-xl          15 migrate-support-check        fail   never pass
 test-armhf-armhf-xl          16 saverestore-support-check    fail   never pass
 test-amd64-amd64-libvirt-qcow2 14 migrate-support-check        fail never pass
 test-armhf-armhf-xl-rtds     15 migrate-support-check        fail   never pass
 test-armhf-armhf-xl-rtds     16 saverestore-support-check    fail   never pass
 test-amd64-amd64-libvirt-vhd 14 migrate-support-check        fail   never pass
 test-arm64-arm64-libvirt-raw 14 migrate-support-check        fail   never pass
 test-arm64-arm64-libvirt-raw 15 saverestore-support-check    fail   never pass
 test-armhf-armhf-xl-qcow2    14 migrate-support-check        fail   never pass
 test-armhf-armhf-xl-qcow2    15 saverestore-support-check    fail   never pass
 test-arm64-arm64-xl-vhd      14 migrate-support-check        fail   never pass
 test-arm64-arm64-xl-vhd      15 saverestore-support-check    fail   never pass
 test-armhf-armhf-libvirt-vhd 14 migrate-support-check        fail   never pass
 test-armhf-armhf-libvirt-vhd 15 saverestore-support-check    fail   never pass
 test-armhf-armhf-xl-arndale  15 migrate-support-check        fail   never pass
 test-armhf-armhf-xl-arndale  16 saverestore-support-check    fail   never pass
 test-armhf-armhf-xl-raw      14 migrate-support-check        fail   never pass
 test-armhf-armhf-xl-raw      15 saverestore-support-check    fail   never pass

version targeted for testing:
 linux                e526b12bf9169887f8cfe5afed2b10e56bdca4c3
baseline version:
 linux                5f55cad62cc9d8d29dd3556e0243b14355725ffb

Last test of basis   187674  2024-09-12 09:43:20 Z    7 days
Testing same since   187749  2024-09-18 17:43:23 Z    0 days    1 attempts

------------------------------------------------------------
People who touched revisions under test:
  Alex Deucher <[email protected]>
  Anders Roxell <[email protected]>
  Andy Shevchenko <[email protected]>
  Anna Schumaker <[email protected]>
  Arseniy Krasnov <[email protected]>
  Bard Liao <[email protected]>
  Benjamin Poirier <[email protected]>
  Bouke Sybren Haarsma <[email protected]>
  Carolina Jubran <[email protected]>
  ChenXiaoSong <[email protected]>
  Christophe Leroy <[email protected]>
  Cosmin Ratiu <[email protected]>
  Daniel Borkmann <[email protected]>
  Dave Jiang <[email protected]>
  David S. Miller <[email protected]>
  David Sterba <[email protected]>
  Dmitry Savin <[email protected]>
  Dmitry Torokhov <[email protected]>
  Edward Adam Davis <[email protected]>
  Florian Fainelli <[email protected]>
  Florian Westphal <[email protected]>
  Foster Snowhill <[email protected]>
  FUKAUMI Naoki <[email protected]>
  George Kuruvinakunnel <[email protected]>
  Georgi Valkov <[email protected]>
  Greg Kroah-Hartman <[email protected]>
  Guenter Roeck <[email protected]>
  Han Xu <[email protected]>
  Hans de Goede <[email protected]>
  Heiko Stuebner <[email protected]>
  Ilpo Järvinen <[email protected]>
  Jacky Chou <[email protected]>
  Jacob Keller <[email protected]>
  Jakub Kicinski <[email protected]>
  Jakub Sitnicki <[email protected]>
  James Harmison <[email protected]>
  Jason Wang <[email protected]>
  Jeff Layton <[email protected]>
  Jinjie Ruan <[email protected]>
  Jiri Kosina <[email protected]>
  John Stultz <[email protected]>
  Jon Hunter <[email protected]>
  Jonathan Denose <[email protected]>
  Konstantin Komarov <[email protected]>
  Krzysztof Kozlowski <[email protected]>
  Kunwu Chan <[email protected]>
  Kurt Kanzenbach <[email protected]>
  Linus Torvalds <[email protected]>
  Lorenzo Stoakes <[email protected]>
  Maciej Fijalkowski <[email protected]>
  Maher Sanalla <[email protected]>
  Marek Vasut <[email protected]>
  Mark Brown <[email protected]>
  Masahiro Yamada <[email protected]>
  Matthieu Baerts (NGI0) <[email protected]>
  Maximilian Luz <[email protected]>
  Michael Ellerman <[email protected]>
  Michael S. Tsirkin <[email protected]>
  Michal Luczaj <[email protected]>
  Mika Westerberg <[email protected]>
  Mikulas Patocka <[email protected]>
  Moon Yeounsu <[email protected]>
  Muhammad Usama Anjum <[email protected]>
  Namjae Jeon <[email protected]>
  Naveen Mamindlapalli <[email protected]>
  Nikita Zhandarovich <[email protected]>
  Pablo Neira Ayuso <[email protected]>
  Paolo Abeni <[email protected]>
  Patryk Biel <[email protected]>
  Pavel Machek (CIP) <[email protected]>
  Pawel Dembicki <[email protected]>
  peng guo <[email protected]>
  Peter Schneider <[email protected]>
  Peter Ujfalusi <[email protected]>
  Quentin Schulz <[email protected]>
  Rafal Romanowski <[email protected]>
  Rob Clark <[email protected]>
  Rodrigo Vivi <[email protected]>
  Ron Economos <[email protected]>
  Saeed Mahameed <[email protected]>
  Salvatore Bonaccorso <[email protected]>
  Sasha Levin <[email protected]>
  Sean Anderson <[email protected]>
  Shahar Shitrit <[email protected]>
  Sriram Yagnaraman <[email protected]>
  Steve French <[email protected]>
  Sumit Semwal <[email protected]>
  Sunil Goutham <[email protected]>
  T.J. Mercier <[email protected]>
  Takashi Iwai <[email protected]>
  Tariq Toukan <[email protected]>
  Tony Nguyen <[email protected]>
  Trond Myklebust <[email protected]>
  Tvrtko Ursulin <[email protected]>
  Ulf Hansson <[email protected]>
  Uwe Kleine-König <[email protected]>
  Vinod Koul <[email protected]>
  Willem de Bruijn <[email protected]>
  Xiangyu Chen <[email protected]>
  Yann Sionneau<[email protected]>

jobs:
 build-amd64-xsm                                              pass    
 build-arm64-xsm                                              pass    
 build-i386-xsm                                               pass    
 build-amd64                                                  pass    
 build-arm64                                                  pass    
 build-armhf                                                  pass    
 build-i386                                                   pass    
 build-amd64-libvirt                                          pass    
 build-arm64-libvirt                                          pass    
 build-armhf-libvirt                                          pass    
 build-i386-libvirt                                           pass    
 build-amd64-pvops                                            pass    
 build-arm64-pvops                                            pass    
 build-armhf-pvops                                            pass    
 build-i386-pvops                                             pass    
 test-amd64-amd64-xl                                          pass    
 test-amd64-coresched-amd64-xl                                pass    
 test-arm64-arm64-xl                                          pass    
 test-armhf-armhf-xl                                          pass    
 test-amd64-amd64-libvirt-qemuu-debianhvm-amd64-xsm           pass    
 test-amd64-amd64-xl-qemut-stubdom-debianhvm-amd64-xsm        pass    
 test-amd64-amd64-xl-qemut-debianhvm-i386-xsm                 pass    
 test-amd64-amd64-xl-qemuu-debianhvm-i386-xsm                 pass    
 test-amd64-amd64-libvirt-xsm                                 pass    
 test-arm64-arm64-libvirt-xsm                                 pass    
 test-amd64-amd64-xl-xsm                                      pass    
 test-arm64-arm64-xl-xsm                                      pass    
 test-amd64-amd64-qemuu-nested-amd                            fail    
 test-amd64-amd64-xl-pvhv2-amd                                pass    
 test-amd64-amd64-dom0pvh-xl-amd                              pass    
 test-amd64-amd64-xl-qemut-debianhvm-amd64                    pass    
 test-amd64-amd64-xl-qemuu-debianhvm-amd64                    pass    
 test-amd64-amd64-qemuu-freebsd11-amd64                       pass    
 test-amd64-amd64-qemuu-freebsd12-amd64                       pass    
 test-amd64-amd64-xl-qemuu-ovmf-amd64                         pass    
 test-amd64-amd64-xl-qemut-win7-amd64                         fail    
 test-amd64-amd64-xl-qemuu-win7-amd64                         fail    
 test-amd64-amd64-xl-qemut-ws16-amd64                         fail    
 test-amd64-amd64-xl-qemuu-ws16-amd64                         fail    
 test-armhf-armhf-xl-arndale                                  pass    
 test-amd64-amd64-examine-bios                                pass    
 test-amd64-amd64-xl-credit1                                  pass    
 test-arm64-arm64-xl-credit1                                  pass    
 test-armhf-armhf-xl-credit1                                  fail    
 test-amd64-amd64-xl-credit2                                  pass    
 test-arm64-arm64-xl-credit2                                  pass    
 test-armhf-armhf-xl-credit2                                  pass    
 test-amd64-amd64-xl-qemuu-dmrestrict-amd64-dmrestrict        pass    
 test-amd64-amd64-examine                                     pass    
 test-arm64-arm64-examine                                     pass    
 test-armhf-armhf-examine                                     pass    
 test-amd64-amd64-qemuu-nested-intel                          pass    
 test-amd64-amd64-xl-pvhv2-intel                              pass    
 test-amd64-amd64-dom0pvh-xl-intel                            pass    
 test-amd64-amd64-libvirt                                     pass    
 test-armhf-armhf-libvirt                                     pass    
 test-amd64-amd64-xl-multivcpu                                pass    
 test-armhf-armhf-xl-multivcpu                                pass    
 test-amd64-amd64-pair                                        pass    
 test-amd64-amd64-libvirt-pair                                pass    
 test-amd64-amd64-xl-pvshim                                   pass    
 test-amd64-amd64-pygrub                                      pass    
 test-amd64-amd64-libvirt-qcow2                               pass    
 test-amd64-amd64-xl-qcow2                                    pass    
 test-armhf-armhf-xl-qcow2                                    pass    
 test-amd64-amd64-libvirt-raw                                 pass    
 test-arm64-arm64-libvirt-raw                                 pass    
 test-amd64-amd64-xl-raw                                      pass    
 test-armhf-armhf-xl-raw                                      pass    
 test-amd64-amd64-xl-rtds                                     pass    
 test-armhf-armhf-xl-rtds                                     pass    
 test-amd64-amd64-xl-qemuu-debianhvm-amd64-shadow             pass    
 test-amd64-amd64-xl-shadow                                   pass    
 test-arm64-arm64-xl-thunderx                                 pass    
 test-amd64-amd64-examine-uefi                                pass    
 test-amd64-amd64-libvirt-vhd                                 pass    
 test-armhf-armhf-libvirt-vhd                                 pass    
 test-amd64-amd64-xl-vhd                                      pass    
 test-arm64-arm64-xl-vhd                                      pass    


------------------------------------------------------------
sg-report-flight on osstest.test-lab.xenproject.org
logs: /home/logs/logs
images: /home/logs/images

Logs, config files, etc. are available at
    http://logs.test-lab.xenproject.org/osstest/logs

Explanation of these reports, and of osstest in general, is at
    http://xenbits.xen.org/gitweb/?p=osstest.git;a=blob;f=README.email;hb=master
    http://xenbits.xen.org/gitweb/?p=osstest.git;a=blob;f=README;hb=master

Test harness code can be found at
    http://xenbits.xen.org/gitweb?p=osstest.git;a=summary


Pushing revision :

hint: The 'hooks/update' hook was ignored because it's not set as executable.
hint: You can disable this warning with `git config advice.ignoredHook false`.
hint: The 'hooks/post-receive' hook was ignored because it's not set as 
executable.
hint: You can disable this warning with `git config advice.ignoredHook false`.
hint: The 'hooks/post-update' hook was ignored because it's not set as 
executable.
hint: You can disable this warning with `git config advice.ignoredHook false`.
To xenbits.xen.org:/home/xen/git/linux-pvops.git
   5f55cad62cc9d..e526b12bf9169  e526b12bf9169887f8cfe5afed2b10e56bdca4c3 -> 
tested/linux-6.1

Reply via email to