flight 187536 linux-linus real [real] http://logs.test-lab.xenproject.org/osstest/logs/187536/
Regressions :-( Tests which did not succeed and are blocking, including tests which could not be run: test-armhf-armhf-xl-arndale 8 xen-boot fail REGR. vs. 187504 build-i386-pvops 6 kernel-build fail REGR. vs. 187504 Tests which did not succeed, but are not blocking: test-armhf-armhf-libvirt 16 saverestore-support-check fail like 187504 test-amd64-amd64-xl-qemut-win7-amd64 19 guest-stop fail like 187504 test-amd64-amd64-xl-qemuu-win7-amd64 19 guest-stop fail like 187504 test-amd64-amd64-xl-qemuu-ws16-amd64 19 guest-stop fail like 187504 test-amd64-amd64-xl-qemut-ws16-amd64 19 guest-stop fail like 187504 test-amd64-amd64-qemuu-nested-amd 20 debian-hvm-install/l1/l2 fail like 187504 test-amd64-amd64-libvirt-xsm 15 migrate-support-check fail never pass test-amd64-amd64-libvirt 15 migrate-support-check fail never pass test-arm64-arm64-xl-xsm 15 migrate-support-check fail never pass test-arm64-arm64-xl-xsm 16 saverestore-support-check fail never pass test-arm64-arm64-libvirt-xsm 15 migrate-support-check fail never pass test-arm64-arm64-libvirt-xsm 16 saverestore-support-check fail never pass test-arm64-arm64-xl-credit1 15 migrate-support-check fail never pass test-arm64-arm64-xl-credit1 16 saverestore-support-check fail never pass test-arm64-arm64-xl-credit2 15 migrate-support-check fail never pass test-arm64-arm64-xl-credit2 16 saverestore-support-check fail never pass test-arm64-arm64-xl 15 migrate-support-check fail never pass test-arm64-arm64-xl 16 saverestore-support-check fail never pass test-arm64-arm64-xl-thunderx 15 migrate-support-check fail never pass test-arm64-arm64-xl-thunderx 16 saverestore-support-check fail never pass test-amd64-amd64-libvirt-qemuu-debianhvm-amd64-xsm 13 migrate-support-check fail never pass test-armhf-armhf-xl 15 migrate-support-check fail never pass test-armhf-armhf-xl 16 saverestore-support-check fail never pass test-armhf-armhf-xl-credit2 15 migrate-support-check fail never pass test-armhf-armhf-xl-credit2 16 saverestore-support-check fail never pass test-armhf-armhf-xl-rtds 15 migrate-support-check fail never pass test-armhf-armhf-xl-rtds 16 saverestore-support-check fail never pass test-amd64-amd64-libvirt-qcow2 14 migrate-support-check fail never pass test-amd64-amd64-libvirt-raw 14 migrate-support-check fail never pass test-armhf-armhf-libvirt 15 migrate-support-check fail never pass test-amd64-amd64-libvirt-vhd 14 migrate-support-check fail never pass test-arm64-arm64-libvirt-raw 14 migrate-support-check fail never pass test-arm64-arm64-libvirt-raw 15 saverestore-support-check fail never pass test-arm64-arm64-xl-vhd 14 migrate-support-check fail never pass test-arm64-arm64-xl-vhd 15 saverestore-support-check fail never pass test-armhf-armhf-xl-qcow2 14 migrate-support-check fail never pass test-armhf-armhf-xl-qcow2 15 saverestore-support-check fail never pass test-armhf-armhf-xl-raw 14 migrate-support-check fail never pass test-armhf-armhf-xl-raw 15 saverestore-support-check fail never pass test-armhf-armhf-xl-credit1 15 migrate-support-check fail never pass test-armhf-armhf-xl-credit1 16 saverestore-support-check fail never pass test-armhf-armhf-xl-multivcpu 15 migrate-support-check fail never pass test-armhf-armhf-xl-multivcpu 16 saverestore-support-check fail never pass test-armhf-armhf-libvirt-vhd 14 migrate-support-check fail never pass test-armhf-armhf-libvirt-vhd 15 saverestore-support-check fail never pass version targeted for testing: linux b831f83e40a24f07c8dcba5be408d93beedc820f baseline version: linux c763c43396883456ef57e5e78b64d3c259c4babc Last test of basis 187504 2024-09-05 10:21:11 Z 1 days Failing since 187510 2024-09-05 23:42:38 Z 1 days 2 attempts Testing same since 187536 2024-09-06 11:30:55 Z 0 days 1 attempts ------------------------------------------------------------ People who touched revisions under test: Aleksandr Mishin <[email protected]> Alexei Starovoitov <[email protected]> Alice Ryhl <[email protected]> Andreas Hindborg <[email protected]> Andreas Hindborg <[email protected]> Andrii Nakryiko <[email protected]> Arkadiusz Kubalewski <[email protected]> Baochen Qiang <[email protected]> Boqun Feng <[email protected]> Breno Leitao <[email protected]> Brian Norris <[email protected]> Chandan Kumar Rout <[email protected]> Charles Han <[email protected]> Cheng-Jui Wang <[email protected]> Chi Zhiling <[email protected]> Cong Wang <[email protected]> Daiwei Li <[email protected]> Dan Carpenter <[email protected]> David Gow <[email protected]> David S. Miller <[email protected]> Dawid Osuchowski <[email protected]> Dirk Behme <[email protected]> Douglas Anderson <[email protected]> Eduard Zingerman <[email protected]> Eric Dumazet <[email protected]> Fabio Estevam <[email protected]> Frank Li <[email protected]> Geert Uytterhoeven <[email protected]> George Kuruvinakunnel <[email protected]> Guillaume Nault <[email protected]> Hayes Wang <[email protected]> Ilpo Järvinen <[email protected]> Jakub Kicinski <[email protected]> Jamie Bainbridge <[email protected]> Jeff Johnson <[email protected]> Jens Emil Schulz Østergaard <[email protected]> Jeongjun Park <[email protected]> Jinjie Ruan <[email protected]> Jon Mulder <[email protected]> Jonas Gorski <[email protected]> Jubilee Young <[email protected]> Julien Panis <[email protected]> Kalle Valo <[email protected]> Kalle Valo <[email protected]> Kuniyuki Iwashima <[email protected]> Larysa Zaremba <[email protected]> Liao Chen <[email protected]> Linus Torvalds <[email protected]> Luiz Augusto von Dentz <[email protected]> Luke D. Jones <[email protected]> Maciej Fijalkowski <[email protected]> Marc Kleine-Budde <[email protected]> Mark Brown <[email protected]> Markus Schneider-Pargmann <[email protected]> Martin Jocic <[email protected]> Martin KaFai Lau <[email protected]> Masami Hiramatsu (Google) <[email protected]> Matt Johnston <[email protected]> Michael Vetter <[email protected]> Miguel Ojeda <[email protected]> Mikko Tiihonen <[email protected]> Nikolay Aleksandrov <[email protected]> Oliver Neukum <[email protected]> Paolo Abeni <[email protected]> Pawel Dembicki <[email protected]> Pucha Himasekhar Reddy <[email protected]> (A Contingent worker at Intel) Rae Moar <[email protected]> Roger Quadros <[email protected]> Sean Anderson <[email protected]> Shuah Khan <[email protected]> Simon Arlott <[email protected]> Simon Horman <[email protected]> Simon Horman <[email protected]> # build-tested Souradeep Chakrabarti <[email protected]> Stanislav Fomichev <[email protected]> Stefan Wahren <[email protected]> Stephen Hemminger <[email protected]> Steven Rostedt (Google) <[email protected]> Steven Rostedt <[email protected]> Toke Høiland-Jørgensen <[email protected]> Tony Nguyen <[email protected]> Tze-nan Wu <[email protected]> Vadim Fedorenko <[email protected]> Vadim Fedorenko <[email protected]> Vincent Woltmann <[email protected]> Vinicius Costa Gomes <[email protected]> Wedson Almeida Filho <[email protected]> Yanghui Li <[email protected]> Zheng Yejian <[email protected]> jobs: build-amd64-xsm pass build-arm64-xsm pass build-i386-xsm pass build-amd64 pass build-arm64 pass build-armhf pass build-i386 pass build-amd64-libvirt pass build-arm64-libvirt pass build-armhf-libvirt pass build-i386-libvirt pass build-amd64-pvops pass build-arm64-pvops pass build-armhf-pvops pass build-i386-pvops fail test-amd64-amd64-xl pass test-amd64-coresched-amd64-xl pass test-arm64-arm64-xl pass test-armhf-armhf-xl pass test-amd64-amd64-libvirt-qemuu-debianhvm-amd64-xsm pass test-amd64-amd64-xl-qemut-stubdom-debianhvm-amd64-xsm pass test-amd64-amd64-xl-qemut-debianhvm-i386-xsm pass test-amd64-amd64-xl-qemuu-debianhvm-i386-xsm pass test-amd64-amd64-libvirt-xsm pass test-arm64-arm64-libvirt-xsm pass test-amd64-amd64-xl-xsm pass test-arm64-arm64-xl-xsm pass test-amd64-amd64-qemuu-nested-amd fail test-amd64-amd64-xl-pvhv2-amd pass test-amd64-amd64-dom0pvh-xl-amd pass test-amd64-amd64-xl-qemut-debianhvm-amd64 pass test-amd64-amd64-xl-qemuu-debianhvm-amd64 pass test-amd64-amd64-qemuu-freebsd11-amd64 pass test-amd64-amd64-qemuu-freebsd12-amd64 pass test-amd64-amd64-xl-qemuu-ovmf-amd64 pass test-amd64-amd64-xl-qemut-win7-amd64 fail test-amd64-amd64-xl-qemuu-win7-amd64 fail test-amd64-amd64-xl-qemut-ws16-amd64 fail test-amd64-amd64-xl-qemuu-ws16-amd64 fail test-armhf-armhf-xl-arndale fail test-amd64-amd64-examine-bios pass test-amd64-amd64-xl-credit1 pass test-arm64-arm64-xl-credit1 pass test-armhf-armhf-xl-credit1 pass test-amd64-amd64-xl-credit2 pass test-arm64-arm64-xl-credit2 pass test-armhf-armhf-xl-credit2 pass test-amd64-amd64-xl-qemuu-dmrestrict-amd64-dmrestrict pass test-amd64-amd64-examine pass test-arm64-arm64-examine pass test-armhf-armhf-examine pass test-amd64-amd64-qemuu-nested-intel pass test-amd64-amd64-xl-pvhv2-intel pass test-amd64-amd64-dom0pvh-xl-intel pass test-amd64-amd64-libvirt pass test-armhf-armhf-libvirt pass test-amd64-amd64-xl-multivcpu pass test-armhf-armhf-xl-multivcpu pass test-amd64-amd64-pair pass test-amd64-amd64-libvirt-pair pass test-amd64-amd64-xl-pvshim pass test-amd64-amd64-pygrub pass test-amd64-amd64-libvirt-qcow2 pass test-amd64-amd64-xl-qcow2 pass test-armhf-armhf-xl-qcow2 pass test-amd64-amd64-libvirt-raw pass test-arm64-arm64-libvirt-raw pass test-amd64-amd64-xl-raw pass test-armhf-armhf-xl-raw pass test-amd64-amd64-xl-rtds pass test-armhf-armhf-xl-rtds pass test-amd64-amd64-xl-qemuu-debianhvm-amd64-shadow pass test-amd64-amd64-xl-shadow pass test-arm64-arm64-xl-thunderx pass test-amd64-amd64-examine-uefi pass test-amd64-amd64-libvirt-vhd pass test-armhf-armhf-libvirt-vhd pass test-amd64-amd64-xl-vhd pass test-arm64-arm64-xl-vhd pass ------------------------------------------------------------ sg-report-flight on osstest.test-lab.xenproject.org logs: /home/logs/logs images: /home/logs/images Logs, config files, etc. are available at http://logs.test-lab.xenproject.org/osstest/logs Explanation of these reports, and of osstest in general, is at http://xenbits.xen.org/gitweb/?p=osstest.git;a=blob;f=README.email;hb=master http://xenbits.xen.org/gitweb/?p=osstest.git;a=blob;f=README;hb=master Test harness code can be found at http://xenbits.xen.org/gitweb?p=osstest.git;a=summary Not pushing. (No revision log; it would be 3470 lines long.)
