flight 187486 xen-unstable-smoke real [real]
http://logs.test-lab.xenproject.org/osstest/logs/187486/

Failures :-/ but no regressions.

Tests which did not succeed, but are not blocking:
 test-amd64-amd64-libvirt     15 migrate-support-check        fail   never pass
 test-arm64-arm64-xl-xsm      15 migrate-support-check        fail   never pass
 test-arm64-arm64-xl-xsm      16 saverestore-support-check    fail   never pass
 test-armhf-armhf-xl          15 migrate-support-check        fail   never pass
 test-armhf-armhf-xl          16 saverestore-support-check    fail   never pass

version targeted for testing:
 xen                  92b6f2f742431c8fc5328ebcc178da7fbeae85b2
baseline version:
 xen                  57c8f93fc163a4a4a744aa6ee0301222a44bac4f

Last test of basis   187483  2024-09-03 23:04:11 Z    0 days
Testing same since   187486  2024-09-04 03:00:23 Z    0 days    1 attempts

------------------------------------------------------------
People who touched revisions under test:
  Ayan Kumar Halder <[email protected]>
  Jan Beulich <[email protected]>
  Julien Grall <[email protected]>
  Michal Orzel <[email protected]>
  Penny Zheng <[email protected]>
  Stefano Stabellini <[email protected]>
  Wei Chen <[email protected]>

jobs:
 build-arm64-xsm                                              pass    
 build-amd64                                                  pass    
 build-armhf                                                  pass    
 build-amd64-libvirt                                          pass    
 test-armhf-armhf-xl                                          pass    
 test-arm64-arm64-xl-xsm                                      pass    
 test-amd64-amd64-xl-qemuu-debianhvm-amd64                    pass    
 test-amd64-amd64-libvirt                                     pass    


------------------------------------------------------------
sg-report-flight on osstest.test-lab.xenproject.org
logs: /home/logs/logs
images: /home/logs/images

Logs, config files, etc. are available at
    http://logs.test-lab.xenproject.org/osstest/logs

Explanation of these reports, and of osstest in general, is at
    http://xenbits.xen.org/gitweb/?p=osstest.git;a=blob;f=README.email;hb=master
    http://xenbits.xen.org/gitweb/?p=osstest.git;a=blob;f=README;hb=master

Test harness code can be found at
    http://xenbits.xen.org/gitweb?p=osstest.git;a=summary


Pushing revision :

To xenbits.xen.org:/home/xen/git/xen.git
   57c8f93fc1..92b6f2f742  92b6f2f742431c8fc5328ebcc178da7fbeae85b2 -> smoke

Reply via email to