flight 187252 linux-6.1 real [real] http://logs.test-lab.xenproject.org/osstest/logs/187252/
Failures :-/ but no regressions. Tests which did not succeed, but are not blocking: test-armhf-armhf-libvirt 16 saverestore-support-check fail like 187211 test-amd64-amd64-xl-qemuu-win7-amd64 19 guest-stop fail like 187211 test-amd64-amd64-xl-qemuu-ws16-amd64 19 guest-stop fail like 187211 test-amd64-amd64-xl-qemut-win7-amd64 19 guest-stop fail like 187211 test-amd64-amd64-xl-qemut-ws16-amd64 19 guest-stop fail like 187211 test-amd64-amd64-qemuu-nested-amd 20 debian-hvm-install/l1/l2 fail like 187211 test-amd64-amd64-libvirt 15 migrate-support-check fail never pass test-amd64-amd64-libvirt-xsm 15 migrate-support-check fail never pass test-amd64-amd64-libvirt-qemuu-debianhvm-amd64-xsm 13 migrate-support-check fail never pass test-arm64-arm64-xl-thunderx 15 migrate-support-check fail never pass test-arm64-arm64-xl-thunderx 16 saverestore-support-check fail never pass test-arm64-arm64-xl-credit1 15 migrate-support-check fail never pass test-arm64-arm64-xl-credit1 16 saverestore-support-check fail never pass test-arm64-arm64-xl-xsm 15 migrate-support-check fail never pass test-arm64-arm64-xl-xsm 16 saverestore-support-check fail never pass test-arm64-arm64-xl-credit2 15 migrate-support-check fail never pass test-arm64-arm64-xl-credit2 16 saverestore-support-check fail never pass test-arm64-arm64-xl 15 migrate-support-check fail never pass test-arm64-arm64-xl 16 saverestore-support-check fail never pass test-armhf-armhf-xl 15 migrate-support-check fail never pass test-armhf-armhf-xl 16 saverestore-support-check fail never pass test-armhf-armhf-libvirt 15 migrate-support-check fail never pass test-armhf-armhf-xl-credit2 15 migrate-support-check fail never pass test-armhf-armhf-xl-credit2 16 saverestore-support-check fail never pass test-armhf-armhf-xl-arndale 15 migrate-support-check fail never pass test-armhf-armhf-xl-arndale 16 saverestore-support-check fail never pass test-amd64-amd64-libvirt-qcow2 14 migrate-support-check fail never pass test-arm64-arm64-libvirt-xsm 15 migrate-support-check fail never pass test-arm64-arm64-libvirt-xsm 16 saverestore-support-check fail never pass test-amd64-amd64-libvirt-raw 14 migrate-support-check fail never pass test-amd64-amd64-libvirt-vhd 14 migrate-support-check fail never pass test-armhf-armhf-xl-multivcpu 15 migrate-support-check fail never pass test-armhf-armhf-xl-multivcpu 16 saverestore-support-check fail never pass test-armhf-armhf-xl-rtds 15 migrate-support-check fail never pass test-armhf-armhf-xl-rtds 16 saverestore-support-check fail never pass test-arm64-arm64-libvirt-raw 14 migrate-support-check fail never pass test-arm64-arm64-libvirt-raw 15 saverestore-support-check fail never pass test-arm64-arm64-xl-vhd 14 migrate-support-check fail never pass test-arm64-arm64-xl-vhd 15 saverestore-support-check fail never pass test-armhf-armhf-libvirt-vhd 14 migrate-support-check fail never pass test-armhf-armhf-libvirt-vhd 15 saverestore-support-check fail never pass test-armhf-armhf-xl-raw 14 migrate-support-check fail never pass test-armhf-armhf-xl-raw 15 saverestore-support-check fail never pass test-armhf-armhf-xl-credit1 15 migrate-support-check fail never pass test-armhf-armhf-xl-credit1 16 saverestore-support-check fail never pass test-armhf-armhf-xl-qcow2 14 migrate-support-check fail never pass test-armhf-armhf-xl-qcow2 15 saverestore-support-check fail never pass version targeted for testing: linux 117ac406ba904da738fb79a3b2c96d4a385292c1 baseline version: linux 36790ef5e00b69ccb92817f95ba1928eea24eebb Last test of basis 187211 2024-08-11 10:42:52 Z 5 days Testing same since 187241 2024-08-14 12:15:39 Z 2 days 3 attempts ------------------------------------------------------------ People who touched revisions under test: Alex Deucher <[email protected]> Alex Hung <[email protected]> Alexander Gordeev <[email protected]> Andi Kleen <[email protected]> Andi Shyti <[email protected]> Andrew Morton <[email protected]> Andrey Konovalov <[email protected]> Anna Schumaker <[email protected]> Anton Khirnov <[email protected]> Arnaldo Carvalho de Melo <[email protected]> Arseniy Krasnov <[email protected]> Bart Van Assche <[email protected]> Benjamin Coddington <[email protected]> Besar Wicaksono <[email protected]> Bharath SM <[email protected]> Bjorn Helgaas <[email protected]> Bjørn Mork <[email protected]> Bob Zhou <[email protected]> Boqun Feng <[email protected]> Catalin Marinas <[email protected]> Chandan Babu R <[email protected]> Cheng-Jui Wang <[email protected]> Chi Zhiling <[email protected]> Chris Wulff <[email protected]> Christoph Hellwig <[email protected]> ChromeOS CQ Test <[email protected]> Csókás, Bence <[email protected]> Curtis Malainey <[email protected]> Damien Le Moal <[email protected]> Dan Williams <[email protected]> Daniel Borkmann <[email protected]> Daniel Lezcano <[email protected]> Daniel Wheeler <[email protected]> Daniele Palmas <[email protected]> Darrick J. Wong <[email protected]> David Hildenbrand <[email protected]> David S. Miller <[email protected]> David Sterba <[email protected]> Dmitry Antipov <[email protected]> Dragan Simic <[email protected]> Dragos Tatulea <[email protected]> Dustin L. Howett <[email protected]> Eric Dumazet <[email protected]> Fangzhi Zuo <[email protected]> Feng Tang <[email protected]> Filipe Manana <[email protected]> Florian Fainelli <[email protected]> Florian Westphal <[email protected]> Frederic Weisbecker <[email protected]> FUJITA Tomonori <[email protected]> Gaosheng Cui <[email protected]> Geert Uytterhoeven <[email protected]> Geliang Tang <[email protected]> George Kennedy <[email protected]> George Zhang <[email protected]> Greg Kroah-Hartman <[email protected]> Guenter Roeck <[email protected]> Hamza Mahfooz <[email protected]> Hanna Czenczek <[email protected]> Hans de Goede <[email protected]> Hans Verkuil <[email protected]> Huacai Chen <[email protected]> HungNien Chen <[email protected]> Ilpo Järvinen <[email protected]> Ivan Lipski <[email protected]> Jakub Kicinski <[email protected]> James Chapman <[email protected]> Jan Kara <[email protected]> Jason Wang <[email protected]> Jens Axboe <[email protected]> Jerome Brunet <[email protected]> Jin Wang <[email protected]> Jiri Olsa <[email protected]> Jithu Joseph <[email protected]> Joe Hattori <[email protected]> Johan Hovold <[email protected]> Johannes Berg <[email protected]> Jon Hunter <[email protected]> Justin Stitt <[email protected]> Kemeng Shi <[email protected]> Kevin Berry <[email protected]> Krzysztof Kozlowski <[email protected]> Kuniyuki Iwashima <[email protected]> Kuppuswamy Sathyanarayanan <[email protected]> Laurent Pinchart <[email protected]> Li Nan <[email protected]> Linus Torvalds <[email protected]> Linux Kernel Functional Testing <[email protected]> Lucas Stach <[email protected]> Luiz Augusto von Dentz <[email protected]> Lyude Paul <[email protected]> Ma Jun <[email protected]> Ma Ke <[email protected]> Manivannan Sadhasivam <[email protected]> Marc Kleine-Budde <[email protected]> Marco Elver <[email protected]> Marek Marczykowski-Górecki <[email protected]> Mark Brown <[email protected]> Mark Rutland <[email protected]> Martin K. Petersen <[email protected]> Masami Hiramatsu (Google) <[email protected]> Matthieu Baerts (NGI0) <[email protected]> Matthieu Baerts <[email protected]> Menglong Dong <[email protected]> Menglong Dong <[email protected]> Miaohe Lin <[email protected]> Michael S. Tsirkin <[email protected]> Michal Pecio <[email protected]> Mikulas Patocka <[email protected]> Ming Qian <[email protected]> Muchun Song <[email protected]> Neil Armstrong <[email protected]> Neil Armstrong <[email protected]> # on SM8650-HDK Nicolas Dichtel <[email protected]> Niklas Söderlund <[email protected]> Nikolay Aleksandrov <[email protected]> Oliver Neukum <[email protected]> Pablo Neira Ayuso <[email protected]> Paolo Abeni <[email protected]> Paul E. McKenney <[email protected]> Pavel Machek (CIP) <[email protected]> Pengfei Xu <[email protected]> Peter Oberparleiter <[email protected]> Peter Zijlstra (Intel) <[email protected]> Peter Zijlstra <[email protected]> Prashanth K <[email protected]> Qiang Yu <[email protected]> Qu Wenruo <[email protected]> Radhey Shyam Pandey <[email protected]> Rafael J. Wysocki <[email protected]> Ricardo Ribalda <[email protected]> Robert Foss <[email protected]> Roman Smirnov <[email protected]> Ron Economos <[email protected]> Salvatore Bonaccorso <[email protected]> Sasha Levin <[email protected]> Sebastian Fricke <[email protected]> Sebastian Reichel <[email protected]> Shay Drory <[email protected]> Shuah Khan <[email protected]> Song Liu <[email protected]> Srinivas Kandagatla <[email protected]> Srinivasan Shanmugam <[email protected]> Stefan Wahren <[email protected]> Steve French <[email protected]> Steven 'Steve' Kendall <[email protected]> Steven Rostedt (Google) <[email protected]> [email protected] Takashi Iwai <[email protected]> Tariq Toukan <[email protected]> Tetsuo Handa <[email protected]> Theodore Ts'o <[email protected]> Thomas Gleixner <[email protected]> Thomas Weißschuh <[email protected]> Thomas Zimmermann <[email protected]> Tom Parkin <[email protected]> Tze-nan Wu <[email protected]> Vamshi Gajjela <[email protected]> Victor Skvortsov <[email protected]> Waiman Long <[email protected]> Wayne Lin <[email protected]> Will Deacon <[email protected]> Wolfram Sang <[email protected]> Wolfram Sang <[email protected]> Xiaxi Shen <[email protected]> Xin Long <[email protected]> Yang Shi <[email protected]> Yang Wang<[email protected]> Yang Yingliang <[email protected]> Yann Sionneau <[email protected]> Yipeng Zou <[email protected]> Yonghong Song <[email protected]> Yu Kuai <[email protected]> Yu Liao <[email protected]> Yves-Alexis Perez <[email protected]> Zheng Zucheng <[email protected]> Zhiguo Niu <[email protected]> jobs: build-amd64-xsm pass build-arm64-xsm pass build-i386-xsm pass build-amd64 pass build-arm64 pass build-armhf pass build-i386 pass build-amd64-libvirt pass build-arm64-libvirt pass build-armhf-libvirt pass build-i386-libvirt pass build-amd64-pvops pass build-arm64-pvops pass build-armhf-pvops pass build-i386-pvops pass test-amd64-amd64-xl pass test-amd64-coresched-amd64-xl pass test-arm64-arm64-xl pass test-armhf-armhf-xl pass test-amd64-amd64-libvirt-qemuu-debianhvm-amd64-xsm pass test-amd64-amd64-xl-qemut-stubdom-debianhvm-amd64-xsm pass test-amd64-amd64-xl-qemut-debianhvm-i386-xsm pass test-amd64-amd64-xl-qemuu-debianhvm-i386-xsm pass test-amd64-amd64-libvirt-xsm pass test-arm64-arm64-libvirt-xsm pass test-amd64-amd64-xl-xsm pass test-arm64-arm64-xl-xsm pass test-amd64-amd64-qemuu-nested-amd fail test-amd64-amd64-xl-pvhv2-amd pass test-amd64-amd64-dom0pvh-xl-amd pass test-amd64-amd64-xl-qemut-debianhvm-amd64 pass test-amd64-amd64-xl-qemuu-debianhvm-amd64 pass test-amd64-amd64-qemuu-freebsd11-amd64 pass test-amd64-amd64-qemuu-freebsd12-amd64 pass test-amd64-amd64-xl-qemuu-ovmf-amd64 pass test-amd64-amd64-xl-qemut-win7-amd64 fail test-amd64-amd64-xl-qemuu-win7-amd64 fail test-amd64-amd64-xl-qemut-ws16-amd64 fail test-amd64-amd64-xl-qemuu-ws16-amd64 fail test-armhf-armhf-xl-arndale pass test-amd64-amd64-examine-bios pass test-amd64-amd64-xl-credit1 pass test-arm64-arm64-xl-credit1 pass test-armhf-armhf-xl-credit1 pass test-amd64-amd64-xl-credit2 pass test-arm64-arm64-xl-credit2 pass test-armhf-armhf-xl-credit2 pass test-amd64-amd64-xl-qemuu-dmrestrict-amd64-dmrestrict pass test-amd64-amd64-examine pass test-arm64-arm64-examine pass test-armhf-armhf-examine pass test-amd64-amd64-qemuu-nested-intel pass test-amd64-amd64-xl-pvhv2-intel pass test-amd64-amd64-dom0pvh-xl-intel pass test-amd64-amd64-libvirt pass test-armhf-armhf-libvirt pass test-amd64-amd64-xl-multivcpu pass test-armhf-armhf-xl-multivcpu pass test-amd64-amd64-pair pass test-amd64-amd64-libvirt-pair pass test-amd64-amd64-xl-pvshim pass test-amd64-amd64-pygrub pass test-amd64-amd64-libvirt-qcow2 pass test-amd64-amd64-xl-qcow2 pass test-armhf-armhf-xl-qcow2 pass test-amd64-amd64-libvirt-raw pass test-arm64-arm64-libvirt-raw pass test-amd64-amd64-xl-raw pass test-armhf-armhf-xl-raw pass test-amd64-amd64-xl-rtds pass test-armhf-armhf-xl-rtds pass test-amd64-amd64-xl-qemuu-debianhvm-amd64-shadow pass test-amd64-amd64-xl-shadow pass test-arm64-arm64-xl-thunderx pass test-amd64-amd64-examine-uefi pass test-amd64-amd64-libvirt-vhd pass test-armhf-armhf-libvirt-vhd pass test-amd64-amd64-xl-vhd pass test-arm64-arm64-xl-vhd pass ------------------------------------------------------------ sg-report-flight on osstest.test-lab.xenproject.org logs: /home/logs/logs images: /home/logs/images Logs, config files, etc. are available at http://logs.test-lab.xenproject.org/osstest/logs Explanation of these reports, and of osstest in general, is at http://xenbits.xen.org/gitweb/?p=osstest.git;a=blob;f=README.email;hb=master http://xenbits.xen.org/gitweb/?p=osstest.git;a=blob;f=README;hb=master Test harness code can be found at http://xenbits.xen.org/gitweb?p=osstest.git;a=summary Pushing revision : hint: The 'hooks/update' hook was ignored because it's not set as executable. hint: You can disable this warning with `git config advice.ignoredHook false`. hint: The 'hooks/post-receive' hook was ignored because it's not set as executable. hint: You can disable this warning with `git config advice.ignoredHook false`. hint: The 'hooks/post-update' hook was ignored because it's not set as executable. hint: You can disable this warning with `git config advice.ignoredHook false`. To xenbits.xen.org:/home/xen/git/linux-pvops.git 36790ef5e00b..117ac406ba90 117ac406ba904da738fb79a3b2c96d4a385292c1 -> tested/linux-6.1
