flight 187002 linux-6.1 real [real]
flight 187009 linux-6.1 real-retest [real]
http://logs.test-lab.xenproject.org/osstest/logs/187002/
http://logs.test-lab.xenproject.org/osstest/logs/187009/

Failures :-/ but no regressions.

Tests which are failing intermittently (not blocking):
 test-amd64-amd64-libvirt-pair 21 debian-fixup/dst_host fail pass in 
187009-retest

Tests which did not succeed, but are not blocking:
 test-armhf-armhf-libvirt     16 saverestore-support-check    fail  like 186877
 test-amd64-amd64-xl-qemuu-win7-amd64 19 guest-stop            fail like 186877
 test-amd64-amd64-xl-qemuu-ws16-amd64 19 guest-stop            fail like 186877
 test-amd64-amd64-xl-qemut-win7-amd64 19 guest-stop            fail like 186877
 test-amd64-amd64-xl-qemut-ws16-amd64 19 guest-stop            fail like 186877
 test-amd64-amd64-qemuu-nested-amd 20 debian-hvm-install/l1/l2 fail like 186877
 test-amd64-amd64-libvirt     15 migrate-support-check        fail   never pass
 test-amd64-amd64-libvirt-xsm 15 migrate-support-check        fail   never pass
 test-amd64-amd64-libvirt-qemuu-debianhvm-amd64-xsm 13 migrate-support-check 
fail never pass
 test-arm64-arm64-xl-thunderx 15 migrate-support-check        fail   never pass
 test-arm64-arm64-xl-thunderx 16 saverestore-support-check    fail   never pass
 test-arm64-arm64-xl-credit1  15 migrate-support-check        fail   never pass
 test-arm64-arm64-xl-credit1  16 saverestore-support-check    fail   never pass
 test-arm64-arm64-xl          15 migrate-support-check        fail   never pass
 test-arm64-arm64-xl          16 saverestore-support-check    fail   never pass
 test-arm64-arm64-xl-xsm      15 migrate-support-check        fail   never pass
 test-arm64-arm64-xl-xsm      16 saverestore-support-check    fail   never pass
 test-arm64-arm64-xl-credit2  15 migrate-support-check        fail   never pass
 test-arm64-arm64-xl-credit2  16 saverestore-support-check    fail   never pass
 test-arm64-arm64-libvirt-xsm 15 migrate-support-check        fail   never pass
 test-arm64-arm64-libvirt-xsm 16 saverestore-support-check    fail   never pass
 test-armhf-armhf-xl-multivcpu 15 migrate-support-check        fail  never pass
 test-armhf-armhf-xl-credit2  15 migrate-support-check        fail   never pass
 test-armhf-armhf-xl-multivcpu 16 saverestore-support-check    fail  never pass
 test-armhf-armhf-xl-credit2  16 saverestore-support-check    fail   never pass
 test-armhf-armhf-xl          15 migrate-support-check        fail   never pass
 test-armhf-armhf-xl          16 saverestore-support-check    fail   never pass
 test-armhf-armhf-xl-credit1  15 migrate-support-check        fail   never pass
 test-armhf-armhf-xl-rtds     15 migrate-support-check        fail   never pass
 test-armhf-armhf-xl-credit1  16 saverestore-support-check    fail   never pass
 test-armhf-armhf-xl-rtds     16 saverestore-support-check    fail   never pass
 test-armhf-armhf-libvirt     15 migrate-support-check        fail   never pass
 test-armhf-armhf-xl-arndale  15 migrate-support-check        fail   never pass
 test-armhf-armhf-xl-arndale  16 saverestore-support-check    fail   never pass
 test-amd64-amd64-libvirt-qcow2 14 migrate-support-check        fail never pass
 test-amd64-amd64-libvirt-raw 14 migrate-support-check        fail   never pass
 test-amd64-amd64-libvirt-vhd 14 migrate-support-check        fail   never pass
 test-arm64-arm64-libvirt-raw 14 migrate-support-check        fail   never pass
 test-arm64-arm64-libvirt-raw 15 saverestore-support-check    fail   never pass
 test-armhf-armhf-xl-qcow2    14 migrate-support-check        fail   never pass
 test-armhf-armhf-xl-qcow2    15 saverestore-support-check    fail   never pass
 test-arm64-arm64-xl-vhd      14 migrate-support-check        fail   never pass
 test-arm64-arm64-xl-vhd      15 saverestore-support-check    fail   never pass
 test-armhf-armhf-libvirt-vhd 14 migrate-support-check        fail   never pass
 test-armhf-armhf-libvirt-vhd 15 saverestore-support-check    fail   never pass
 test-armhf-armhf-xl-raw      14 migrate-support-check        fail   never pass
 test-armhf-armhf-xl-raw      15 saverestore-support-check    fail   never pass

version targeted for testing:
 linux                c18e82d3ee4426dd73eaa5550ac54b8bf01133cd
baseline version:
 linux                9b3f9a5b12dc96965b2fcc9d7d8342f1b63e29c4

Last test of basis   186877  2024-07-18 11:42:52 Z    7 days
Testing same since   187002  2024-07-25 08:13:58 Z    0 days    1 attempts

------------------------------------------------------------
People who touched revisions under test:
  Agathe Boutmy <[email protected]>
  Aivaz Latypov <[email protected]>
  Alex Deucher <[email protected]>
  Alexander Gordeev <[email protected]>
  Alexander Usyskin <[email protected]>
  Alexey Makhalov <[email protected]>
  Alvin Lee <[email protected]>
  Amadeusz Sławiński <[email protected]>
  Ananth Narayan <[email protected]>
  Andreas Hindborg <[email protected]>
  Andrew Morton <[email protected]>
  Andy Shevchenko <[email protected]>
  Anjali K <[email protected]>
  Anup Patel <[email protected]>
  Ard Biesheuvel <[email protected]>
  Armin Wolf <[email protected]>
  Arnd Bergmann <[email protected]>
  Atish Patra <[email protected]>
  Ayala Beker <[email protected]>
  Baokun Li <[email protected]>
  Bartosz Golaszewski <[email protected]>
  Bjørn Mork <[email protected]>
  Borislav Petkov (AMD) <[email protected]>
  Chen Ni <[email protected]>
  Christian Brauner <[email protected]>
  Chunguang Xu <[email protected]>
  Conor Dooley <[email protected]>
  Daniel Gabay <[email protected]>
  Daniel Wagner <[email protected]>
  Daniel Wheeler <[email protected]>
  Daniele Palmas <[email protected]>
  David Laight <[email protected]>
  David Lechner <[email protected]>
  David Sterba <[email protected]>
  Dhananjay Ugwekar <[email protected]>
  Dmitry Antipov <[email protected]>
  Dmitry Mastykin <[email protected]>
  Dmitry Torokhov <[email protected]>
  Edward Adam Davis <[email protected]>
  Eric Dumazet <[email protected]>
  Filipe Manana <[email protected]>
  Florian Fainelli <[email protected]>
  Ganesh Goudar <[email protected]>
  Gao Xiang <[email protected]>
  Greg Kroah-Hartman <[email protected]>
  Hannes Reinecke <[email protected]>
  Hans de Goede <[email protected]>
  Heiko Carstens <[email protected]>
  Huacai Chen <[email protected]>
  Ian Ray <[email protected]>
  Ilan Peer <[email protected]>
  Jai Luthra <[email protected]>
  Jakub Kicinski <[email protected]>
  Jann Horn <[email protected]>
  Jason A. Donenfeld <[email protected]>
  Jeff Layton <[email protected]>
  Jens Axboe <[email protected]>
  Jens Wiklander <[email protected]>
  Jerry Zuo <[email protected]>
  Jiri Kosina <[email protected]>
  Johannes Berg <[email protected]>
  John Hubbard <[email protected]>
  Jon Hunter <[email protected]>
  Jonathan Denose <[email protected]>
  Kailang Yang <[email protected]>
  Kees Cook <[email protected]>
  Keith Busch <[email protected]>
  kernelci.org bot <[email protected]>
  Linus Torvalds <[email protected]>
  Linux Kernel Functional Testing <[email protected]>
  Louis Dalibard <[email protected]>
  Luiz Augusto von Dentz <[email protected]>
  Marc Kleine-Budde <[email protected]>
  Marc Zyngier <[email protected]>
  Mark Brown <[email protected]>
  Mark-PK Tsai <[email protected]>
  Martin K. Petersen <[email protected]>
  Martin Wilck <[email protected]>
  Masahiro Yamada <[email protected]>
  Michael Ellerman <[email protected]>
  ming-jen.chang <[email protected]>
  Miri Korenblit <[email protected]>
  Muhammad Usama Anjum <[email protected]>
  Namjae Jeon <[email protected]>
  Nathan Chancellor <[email protected]>
  Nick Child <[email protected]>
  Nicolas Escande <[email protected]>
  Nilesh Javali <[email protected]>
  Palmer Dabbelt <[email protected]>
  Paolo Abeni <[email protected]>
  Pavel Machek (CIP) <[email protected]>
  Peter Ujfalusi <[email protected]>
  Peter Ujfalusi <[email protected]>
  Pierre-Eric Pelloux-Prayer <[email protected]>
  Pierre-Louis Bossart <[email protected]>
  Primoz Fiser <[email protected]>
  Puranjay Mohan <[email protected]>
  Rafael J. Wysocki <[email protected]>
  Randy Dunlap <[email protected]>
  Ritesh Harjani (IBM) <[email protected]>
  Rob Herring (Arm) <[email protected]>
  Ron Economos <re@w6rz@net>
  Russell King (Oracle) <[email protected]>
  Sagi Grimberg <[email protected]>
  Samuel Holland <[email protected]>
  Sasha Levin <[email protected]>
  Saurav Kashyap <[email protected]>
  Scott Mayhew <[email protected]>
  SeongJae Park <[email protected]>
  Shengjiu Wang <[email protected]>
  Shuah Khan <[email protected]>
  Stefan Schmidt <[email protected]>
  Steve French <[email protected]>
  Takashi Iwai <[email protected]>
  Tetsuo Handa <[email protected]>
  Thomas Bogendoerfer <[email protected]>
  Thomas GENTY <[email protected]>
  Tobias Jakobi <[email protected]>
  Tomas Winkler <[email protected]>
  Trond Myklebust <[email protected]>
  Uwe Kleine-König <[email protected]>
  Vishal Chourasia <[email protected]>
  Vyacheslav Frantsishko <[email protected]>
  Xingui Yang <[email protected]>
  Yedidya Benshimol <[email protected]>
  Yunshui Jiang <[email protected]>
  Yuntao Wang <[email protected]>
  Zizhi Wo <[email protected]>

jobs:
 build-amd64-xsm                                              pass    
 build-arm64-xsm                                              pass    
 build-i386-xsm                                               pass    
 build-amd64                                                  pass    
 build-arm64                                                  pass    
 build-armhf                                                  pass    
 build-i386                                                   pass    
 build-amd64-libvirt                                          pass    
 build-arm64-libvirt                                          pass    
 build-armhf-libvirt                                          pass    
 build-i386-libvirt                                           pass    
 build-amd64-pvops                                            pass    
 build-arm64-pvops                                            pass    
 build-armhf-pvops                                            pass    
 build-i386-pvops                                             pass    
 test-amd64-amd64-xl                                          pass    
 test-amd64-coresched-amd64-xl                                pass    
 test-arm64-arm64-xl                                          pass    
 test-armhf-armhf-xl                                          pass    
 test-amd64-amd64-libvirt-qemuu-debianhvm-amd64-xsm           pass    
 test-amd64-amd64-xl-qemut-stubdom-debianhvm-amd64-xsm        pass    
 test-amd64-amd64-xl-qemut-debianhvm-i386-xsm                 pass    
 test-amd64-amd64-xl-qemuu-debianhvm-i386-xsm                 pass    
 test-amd64-amd64-libvirt-xsm                                 pass    
 test-arm64-arm64-libvirt-xsm                                 pass    
 test-amd64-amd64-xl-xsm                                      pass    
 test-arm64-arm64-xl-xsm                                      pass    
 test-amd64-amd64-qemuu-nested-amd                            fail    
 test-amd64-amd64-xl-pvhv2-amd                                pass    
 test-amd64-amd64-dom0pvh-xl-amd                              pass    
 test-amd64-amd64-xl-qemut-debianhvm-amd64                    pass    
 test-amd64-amd64-xl-qemuu-debianhvm-amd64                    pass    
 test-amd64-amd64-qemuu-freebsd11-amd64                       pass    
 test-amd64-amd64-qemuu-freebsd12-amd64                       pass    
 test-amd64-amd64-xl-qemuu-ovmf-amd64                         pass    
 test-amd64-amd64-xl-qemut-win7-amd64                         fail    
 test-amd64-amd64-xl-qemuu-win7-amd64                         fail    
 test-amd64-amd64-xl-qemut-ws16-amd64                         fail    
 test-amd64-amd64-xl-qemuu-ws16-amd64                         fail    
 test-armhf-armhf-xl-arndale                                  pass    
 test-amd64-amd64-examine-bios                                pass    
 test-amd64-amd64-xl-credit1                                  pass    
 test-arm64-arm64-xl-credit1                                  pass    
 test-armhf-armhf-xl-credit1                                  pass    
 test-amd64-amd64-xl-credit2                                  pass    
 test-arm64-arm64-xl-credit2                                  pass    
 test-armhf-armhf-xl-credit2                                  pass    
 test-amd64-amd64-xl-qemuu-dmrestrict-amd64-dmrestrict        pass    
 test-amd64-amd64-examine                                     pass    
 test-arm64-arm64-examine                                     pass    
 test-armhf-armhf-examine                                     pass    
 test-amd64-amd64-qemuu-nested-intel                          pass    
 test-amd64-amd64-xl-pvhv2-intel                              pass    
 test-amd64-amd64-dom0pvh-xl-intel                            pass    
 test-amd64-amd64-libvirt                                     pass    
 test-armhf-armhf-libvirt                                     pass    
 test-amd64-amd64-xl-multivcpu                                pass    
 test-armhf-armhf-xl-multivcpu                                pass    
 test-amd64-amd64-pair                                        pass    
 test-amd64-amd64-libvirt-pair                                fail    
 test-amd64-amd64-xl-pvshim                                   pass    
 test-amd64-amd64-pygrub                                      pass    
 test-amd64-amd64-libvirt-qcow2                               pass    
 test-amd64-amd64-xl-qcow2                                    pass    
 test-armhf-armhf-xl-qcow2                                    pass    
 test-amd64-amd64-libvirt-raw                                 pass    
 test-arm64-arm64-libvirt-raw                                 pass    
 test-amd64-amd64-xl-raw                                      pass    
 test-armhf-armhf-xl-raw                                      pass    
 test-amd64-amd64-xl-rtds                                     pass    
 test-armhf-armhf-xl-rtds                                     pass    
 test-amd64-amd64-xl-qemuu-debianhvm-amd64-shadow             pass    
 test-amd64-amd64-xl-shadow                                   pass    
 test-arm64-arm64-xl-thunderx                                 pass    
 test-amd64-amd64-examine-uefi                                pass    
 test-amd64-amd64-libvirt-vhd                                 pass    
 test-armhf-armhf-libvirt-vhd                                 pass    
 test-amd64-amd64-xl-vhd                                      pass    
 test-arm64-arm64-xl-vhd                                      pass    


------------------------------------------------------------
sg-report-flight on osstest.test-lab.xenproject.org
logs: /home/logs/logs
images: /home/logs/images

Logs, config files, etc. are available at
    http://logs.test-lab.xenproject.org/osstest/logs

Explanation of these reports, and of osstest in general, is at
    http://xenbits.xen.org/gitweb/?p=osstest.git;a=blob;f=README.email;hb=master
    http://xenbits.xen.org/gitweb/?p=osstest.git;a=blob;f=README;hb=master

Test harness code can be found at
    http://xenbits.xen.org/gitweb?p=osstest.git;a=summary


Pushing revision :

hint: The 'hooks/update' hook was ignored because it's not set as executable.
hint: You can disable this warning with `git config advice.ignoredHook false`.
hint: The 'hooks/post-receive' hook was ignored because it's not set as 
executable.
hint: You can disable this warning with `git config advice.ignoredHook false`.
hint: The 'hooks/post-update' hook was ignored because it's not set as 
executable.
hint: You can disable this warning with `git config advice.ignoredHook false`.
To xenbits.xen.org:/home/xen/git/linux-pvops.git
   9b3f9a5b12dc9..c18e82d3ee442  c18e82d3ee4426dd73eaa5550ac54b8bf01133cd -> 
tested/linux-6.1

Reply via email to