flight 186460 linux-linus real [real]
http://logs.test-lab.xenproject.org/osstest/logs/186460/

Failures :-/ but no regressions.

Tests which are failing intermittently (not blocking):
 test-armhf-armhf-xl-raw       8 xen-boot         fail in 186457 pass in 186460
 test-armhf-armhf-libvirt      8 xen-boot                   fail pass in 186457
 test-amd64-amd64-xl-pvhv2-amd 22 guest-start/debian.repeat fail pass in 186457

Tests which did not succeed, but are not blocking:
 test-armhf-armhf-libvirt-vhd  8 xen-boot            fail in 186457 like 186437
 test-armhf-armhf-xl-credit1   8 xen-boot            fail in 186457 like 186437
 test-armhf-armhf-libvirt 16 saverestore-support-check fail in 186457 like 
186437
 test-armhf-armhf-examine      8 reboot              fail in 186457 like 186437
 test-armhf-armhf-xl-rtds      8 xen-boot            fail in 186457 like 186437
 test-armhf-armhf-libvirt    15 migrate-support-check fail in 186457 never pass
 test-armhf-armhf-xl-qcow2   14 migrate-support-check fail in 186457 never pass
 test-armhf-armhf-xl-qcow2 15 saverestore-support-check fail in 186457 never 
pass
 test-armhf-armhf-xl-arndale   8 xen-boot                     fail  like 186437
 test-armhf-armhf-xl-qcow2     8 xen-boot                     fail  like 186437
 test-amd64-amd64-xl-qemut-win7-amd64 19 guest-stop            fail like 186437
 test-amd64-amd64-xl-qemuu-win7-amd64 19 guest-stop            fail like 186437
 test-amd64-amd64-xl-qemuu-ws16-amd64 19 guest-stop            fail like 186437
 test-amd64-amd64-xl-qemut-ws16-amd64 19 guest-stop            fail like 186437
 test-amd64-amd64-qemuu-nested-amd 20 debian-hvm-install/l1/l2 fail like 186437
 test-amd64-amd64-libvirt-xsm 15 migrate-support-check        fail   never pass
 test-amd64-amd64-libvirt     15 migrate-support-check        fail   never pass
 test-arm64-arm64-xl          15 migrate-support-check        fail   never pass
 test-arm64-arm64-xl          16 saverestore-support-check    fail   never pass
 test-arm64-arm64-xl-credit1  15 migrate-support-check        fail   never pass
 test-arm64-arm64-xl-credit1  16 saverestore-support-check    fail   never pass
 test-arm64-arm64-xl-thunderx 15 migrate-support-check        fail   never pass
 test-arm64-arm64-xl-thunderx 16 saverestore-support-check    fail   never pass
 test-amd64-amd64-libvirt-qemuu-debianhvm-amd64-xsm 13 migrate-support-check 
fail never pass
 test-arm64-arm64-xl-xsm      15 migrate-support-check        fail   never pass
 test-arm64-arm64-xl-xsm      16 saverestore-support-check    fail   never pass
 test-arm64-arm64-xl-credit2  15 migrate-support-check        fail   never pass
 test-arm64-arm64-xl-credit2  16 saverestore-support-check    fail   never pass
 test-armhf-armhf-xl-credit2  15 migrate-support-check        fail   never pass
 test-armhf-armhf-xl-credit2  16 saverestore-support-check    fail   never pass
 test-amd64-amd64-libvirt-qcow2 14 migrate-support-check        fail never pass
 test-amd64-amd64-libvirt-raw 14 migrate-support-check        fail   never pass
 test-arm64-arm64-libvirt-xsm 15 migrate-support-check        fail   never pass
 test-arm64-arm64-libvirt-xsm 16 saverestore-support-check    fail   never pass
 test-armhf-armhf-xl          15 migrate-support-check        fail   never pass
 test-armhf-armhf-xl          16 saverestore-support-check    fail   never pass
 test-armhf-armhf-xl-credit1  15 migrate-support-check        fail   never pass
 test-armhf-armhf-xl-credit1  16 saverestore-support-check    fail   never pass
 test-amd64-amd64-libvirt-vhd 14 migrate-support-check        fail   never pass
 test-arm64-arm64-libvirt-raw 14 migrate-support-check        fail   never pass
 test-arm64-arm64-libvirt-raw 15 saverestore-support-check    fail   never pass
 test-arm64-arm64-xl-vhd      14 migrate-support-check        fail   never pass
 test-arm64-arm64-xl-vhd      15 saverestore-support-check    fail   never pass
 test-armhf-armhf-xl-raw      14 migrate-support-check        fail   never pass
 test-armhf-armhf-xl-raw      15 saverestore-support-check    fail   never pass
 test-armhf-armhf-libvirt-vhd 14 migrate-support-check        fail   never pass
 test-armhf-armhf-libvirt-vhd 15 saverestore-support-check    fail   never pass
 test-armhf-armhf-xl-rtds     15 migrate-support-check        fail   never pass
 test-armhf-armhf-xl-rtds     16 saverestore-support-check    fail   never pass
 test-armhf-armhf-xl-multivcpu 15 migrate-support-check        fail  never pass
 test-armhf-armhf-xl-multivcpu 16 saverestore-support-check    fail  never pass

version targeted for testing:
 linux                5f583a3162ffd9f7999af76b8ab634ce2dac9f90
baseline version:
 linux                50736169ecc8387247fe6a00932852ce7b057083

Last test of basis   186437  2024-06-20 20:10:42 Z    2 days
Failing since        186449  2024-06-21 18:42:38 Z    1 days    4 attempts
Testing same since   186457  2024-06-23 00:44:09 Z    0 days    2 attempts

------------------------------------------------------------
People who touched revisions under test:
  Abel Vesa <[email protected]>
  Alan Stern <[email protected]>
  Alex Deucher <[email protected]>
  Alexey Dobriyan <[email protected]>
  Amit Kumar Mahapatra <[email protected]>
  Andre Przywara <[email protected]>
  Andrew Jones <[email protected]>
  Andy Shevchenko <[email protected]>
  Anup Patel <[email protected]>
  Arnd Bergmann <[email protected]>
  Babu Moger <[email protected]>
  Bard Liao <[email protected]>
  Bart Van Assche <[email protected]>
  Bibo Mao <[email protected]>
  Biju Das <[email protected]>
  Breno Leitao <[email protected]>
  Chandan Babu R <[email protected]>
  Charles Keepax <[email protected]>
  Chen Wang <[email protected]>
  Chenliang Li <[email protected]>
  Christian König <[email protected]>
  Chuck Lever <[email protected]>
  Colin Ian King <[email protected]>
  Daniel Lezcano <[email protected]>
  Daniel Miess <[email protected]>
  Daniel Wheeler <[email protected]>
  Dave Airlie <[email protected]>
  Dave Chinner <[email protected]>
  Dave Jiang <[email protected]>
  Fabio Estevam <[email protected]>
  [email protected]
  Frank Li <[email protected]>
  Hamza Mahfooz <[email protected]>
  Hans de Goede <[email protected]>
  Harish Kasiviswanathan <[email protected]>
  Haylen Chu <[email protected]>
  Honggang LI <[email protected]>
  Huacai Chen <[email protected]>
  Hui Li <[email protected]>
  Inochi Amaoto <[email protected]>
  Jani Nikula <[email protected]>
  Jason Gunthorpe <[email protected]>
  Jeff Layton <[email protected]>
  Jens Axboe <[email protected]>
  Joao Paulo Goncalves <[email protected]>
  Joel Slebodnick <[email protected]>
  Julien Panis <[email protected]>
  Kalle Niemi <[email protected]>
  Kent Overstreet <[email protected]>
  Konstantin Taranov <[email protected]>
  Krzysztof Kozlowski <[email protected]>
  Kuogee Hsieh <[email protected]>
  Leon Romanovsky <[email protected]>
  Li RongQing <[email protected]>
  Likun Gao <[email protected]>
  Linus Torvalds <[email protected]>
  Liu Ying <[email protected]>
  Lorenzo Bianconi <[email protected]>
  Louis Chauvet <[email protected]>
  Luis Chamberlain <[email protected]>
  Marc Kleine-Budde <[email protected]>
  Marc Zyngier <[email protected]>
  Marek Vasut <[email protected]>
  Mark Brown <[email protected]>
  Mark Rutland <[email protected]>
  Martin K. Petersen <[email protected]>
  Max Krummenacher <[email protected]>
  Michael Roth <[email protected]>
  Michael Strauss <[email protected]>
  Michal Wajdeczko <[email protected]>
  Miguel Ojeda <[email protected]>
  Miklos Szeredi <[email protected]>
  Nathan Chancellor <[email protected]>
  Nikita Shubin <[email protected]>
  Niklas Cassel <[email protected]>
  Nishanth Menon <[email protected]>
  Pablo Caño <[email protected]>
  Paolo Bonzini <[email protected]>
  Patrice Chotard <[email protected]>
  Patrisious Haddad <[email protected]>
  Paul Hsieh <[email protected]>
  Peng Fan <[email protected]>
  Peter Ujfalusi <[email protected]>
  Peter [email protected]
  Pierre-Louis Bossart <[email protected]>
  Rafael J. Wysocki <[email protected]>
  Raju Rangoju <[email protected]>
  Rob Herring (Arm) <[email protected]>
  Roman Li <[email protected]>
  Sanath S <[email protected]>
  Sean Christopherson <[email protected]>
  Selvin Xavier <[email protected]>
  Shawn Guo <[email protected]>
  Siddharth Vadapalli <[email protected]>
  Sourabh Jain <[email protected]>
  Srinivas Pandruvada <[email protected]>
  Sudeep Holla <[email protected]>
  Takashi Iwai <[email protected]>
  Tao Su <[email protected]>
  Thomas Hellstrom <[email protected]>
  Thomas Hellström <[email protected]>
  Thomas Richard <[email protected]>
  Thorsten Scherer <[email protected]>
  Tim Harvey <[email protected]>
  Uwe Kleine-König <[email protected]>
  Uwe Kleine-König <[email protected]>
  Vincent Donnefort <[email protected]>
  Vinod Koul <[email protected]>
  Xi Ruoyao <[email protected]>
  Yang Li <[email protected]>
  Yi Lai <[email protected]>
  Yishai Hadas <[email protected]>
  Youling Tang <[email protected]>
  Yunxiang Li <[email protected]>
  Zaeem Mohamed <[email protected]>

jobs:
 build-amd64-xsm                                              pass    
 build-arm64-xsm                                              pass    
 build-i386-xsm                                               pass    
 build-amd64                                                  pass    
 build-arm64                                                  pass    
 build-armhf                                                  pass    
 build-i386                                                   pass    
 build-amd64-libvirt                                          pass    
 build-arm64-libvirt                                          pass    
 build-armhf-libvirt                                          pass    
 build-i386-libvirt                                           pass    
 build-amd64-pvops                                            pass    
 build-arm64-pvops                                            pass    
 build-armhf-pvops                                            pass    
 build-i386-pvops                                             pass    
 test-amd64-amd64-xl                                          pass    
 test-amd64-coresched-amd64-xl                                pass    
 test-arm64-arm64-xl                                          pass    
 test-armhf-armhf-xl                                          pass    
 test-amd64-amd64-libvirt-qemuu-debianhvm-amd64-xsm           pass    
 test-amd64-amd64-xl-qemut-stubdom-debianhvm-amd64-xsm        pass    
 test-amd64-amd64-xl-qemut-debianhvm-i386-xsm                 pass    
 test-amd64-amd64-xl-qemuu-debianhvm-i386-xsm                 pass    
 test-amd64-amd64-libvirt-xsm                                 pass    
 test-arm64-arm64-libvirt-xsm                                 pass    
 test-amd64-amd64-xl-xsm                                      pass    
 test-arm64-arm64-xl-xsm                                      pass    
 test-amd64-amd64-qemuu-nested-amd                            fail    
 test-amd64-amd64-xl-pvhv2-amd                                fail    
 test-amd64-amd64-dom0pvh-xl-amd                              pass    
 test-amd64-amd64-xl-qemut-debianhvm-amd64                    pass    
 test-amd64-amd64-xl-qemuu-debianhvm-amd64                    pass    
 test-amd64-amd64-qemuu-freebsd11-amd64                       pass    
 test-amd64-amd64-qemuu-freebsd12-amd64                       pass    
 test-amd64-amd64-xl-qemuu-ovmf-amd64                         pass    
 test-amd64-amd64-xl-qemut-win7-amd64                         fail    
 test-amd64-amd64-xl-qemuu-win7-amd64                         fail    
 test-amd64-amd64-xl-qemut-ws16-amd64                         fail    
 test-amd64-amd64-xl-qemuu-ws16-amd64                         fail    
 test-armhf-armhf-xl-arndale                                  fail    
 test-amd64-amd64-examine-bios                                pass    
 test-amd64-amd64-xl-credit1                                  pass    
 test-arm64-arm64-xl-credit1                                  pass    
 test-armhf-armhf-xl-credit1                                  pass    
 test-amd64-amd64-xl-credit2                                  pass    
 test-arm64-arm64-xl-credit2                                  pass    
 test-armhf-armhf-xl-credit2                                  pass    
 test-amd64-amd64-xl-qemuu-dmrestrict-amd64-dmrestrict        pass    
 test-amd64-amd64-examine                                     pass    
 test-arm64-arm64-examine                                     pass    
 test-armhf-armhf-examine                                     pass    
 test-amd64-amd64-qemuu-nested-intel                          pass    
 test-amd64-amd64-xl-pvhv2-intel                              pass    
 test-amd64-amd64-dom0pvh-xl-intel                            pass    
 test-amd64-amd64-libvirt                                     pass    
 test-armhf-armhf-libvirt                                     fail    
 test-amd64-amd64-xl-multivcpu                                pass    
 test-armhf-armhf-xl-multivcpu                                pass    
 test-amd64-amd64-pair                                        pass    
 test-amd64-amd64-libvirt-pair                                pass    
 test-amd64-amd64-xl-pvshim                                   pass    
 test-amd64-amd64-pygrub                                      pass    
 test-amd64-amd64-libvirt-qcow2                               pass    
 test-amd64-amd64-xl-qcow2                                    pass    
 test-armhf-armhf-xl-qcow2                                    fail    
 test-amd64-amd64-libvirt-raw                                 pass    
 test-arm64-arm64-libvirt-raw                                 pass    
 test-amd64-amd64-xl-raw                                      pass    
 test-armhf-armhf-xl-raw                                      pass    
 test-amd64-amd64-xl-rtds                                     pass    
 test-armhf-armhf-xl-rtds                                     pass    
 test-amd64-amd64-xl-qemuu-debianhvm-amd64-shadow             pass    
 test-amd64-amd64-xl-shadow                                   pass    
 test-arm64-arm64-xl-thunderx                                 pass    
 test-amd64-amd64-examine-uefi                                pass    
 test-amd64-amd64-libvirt-vhd                                 pass    
 test-armhf-armhf-libvirt-vhd                                 pass    
 test-amd64-amd64-xl-vhd                                      pass    
 test-arm64-arm64-xl-vhd                                      pass    


------------------------------------------------------------
sg-report-flight on osstest.test-lab.xenproject.org
logs: /home/logs/logs
images: /home/logs/images

Logs, config files, etc. are available at
    http://logs.test-lab.xenproject.org/osstest/logs

Explanation of these reports, and of osstest in general, is at
    http://xenbits.xen.org/gitweb/?p=osstest.git;a=blob;f=README.email;hb=master
    http://xenbits.xen.org/gitweb/?p=osstest.git;a=blob;f=README;hb=master

Test harness code can be found at
    http://xenbits.xen.org/gitweb?p=osstest.git;a=summary


Pushing revision :

hint: The 'hooks/update' hook was ignored because it's not set as executable.
hint: You can disable this warning with `git config advice.ignoredHook false`.
hint: The 'hooks/post-receive' hook was ignored because it's not set as 
executable.
hint: You can disable this warning with `git config advice.ignoredHook false`.
hint: The 'hooks/post-update' hook was ignored because it's not set as 
executable.
hint: You can disable this warning with `git config advice.ignoredHook false`.
To xenbits.xen.org:/home/xen/git/linux-pvops.git
   50736169ecc8..5f583a3162ff  5f583a3162ffd9f7999af76b8ab634ce2dac9f90 -> 
tested/linux-linus

Reply via email to