flight 186445 linux-6.1 real [real]
flight 186450 linux-6.1 real-retest [real]
http://logs.test-lab.xenproject.org/osstest/logs/186445/
http://logs.test-lab.xenproject.org/osstest/logs/186450/

Failures :-/ but no regressions.

Tests which are failing intermittently (not blocking):
 test-amd64-amd64-xl-qemut-debianhvm-i386-xsm 12 debian-hvm-install fail pass 
in 186450-retest

Tests which did not succeed, but are not blocking:
 test-armhf-armhf-libvirt     16 saverestore-support-check    fail  like 186370
 test-amd64-amd64-xl-qemuu-win7-amd64 19 guest-stop            fail like 186370
 test-amd64-amd64-xl-qemuu-ws16-amd64 19 guest-stop            fail like 186370
 test-amd64-amd64-xl-qemut-win7-amd64 19 guest-stop            fail like 186370
 test-amd64-amd64-xl-qemut-ws16-amd64 19 guest-stop            fail like 186370
 test-amd64-amd64-qemuu-nested-amd 20 debian-hvm-install/l1/l2 fail like 186370
 test-amd64-amd64-libvirt     15 migrate-support-check        fail   never pass
 test-amd64-amd64-libvirt-xsm 15 migrate-support-check        fail   never pass
 test-amd64-amd64-libvirt-qemuu-debianhvm-amd64-xsm 13 migrate-support-check 
fail never pass
 test-arm64-arm64-xl-thunderx 15 migrate-support-check        fail   never pass
 test-arm64-arm64-xl-thunderx 16 saverestore-support-check    fail   never pass
 test-arm64-arm64-xl          15 migrate-support-check        fail   never pass
 test-arm64-arm64-xl          16 saverestore-support-check    fail   never pass
 test-arm64-arm64-xl-credit2  15 migrate-support-check        fail   never pass
 test-arm64-arm64-xl-credit2  16 saverestore-support-check    fail   never pass
 test-arm64-arm64-xl-xsm      15 migrate-support-check        fail   never pass
 test-arm64-arm64-xl-xsm      16 saverestore-support-check    fail   never pass
 test-arm64-arm64-libvirt-xsm 15 migrate-support-check        fail   never pass
 test-arm64-arm64-libvirt-xsm 16 saverestore-support-check    fail   never pass
 test-armhf-armhf-xl-multivcpu 15 migrate-support-check        fail  never pass
 test-armhf-armhf-xl-multivcpu 16 saverestore-support-check    fail  never pass
 test-armhf-armhf-xl-rtds     15 migrate-support-check        fail   never pass
 test-armhf-armhf-xl-rtds     16 saverestore-support-check    fail   never pass
 test-armhf-armhf-xl          15 migrate-support-check        fail   never pass
 test-armhf-armhf-xl          16 saverestore-support-check    fail   never pass
 test-amd64-amd64-libvirt-qcow2 14 migrate-support-check        fail never pass
 test-armhf-armhf-xl-credit2  15 migrate-support-check        fail   never pass
 test-armhf-armhf-xl-credit2  16 saverestore-support-check    fail   never pass
 test-armhf-armhf-xl-arndale  15 migrate-support-check        fail   never pass
 test-armhf-armhf-xl-arndale  16 saverestore-support-check    fail   never pass
 test-armhf-armhf-xl-credit1  15 migrate-support-check        fail   never pass
 test-armhf-armhf-xl-credit1  16 saverestore-support-check    fail   never pass
 test-amd64-amd64-libvirt-vhd 14 migrate-support-check        fail   never pass
 test-amd64-amd64-libvirt-raw 14 migrate-support-check        fail   never pass
 test-armhf-armhf-libvirt     15 migrate-support-check        fail   never pass
 test-arm64-arm64-xl-credit1  15 migrate-support-check        fail   never pass
 test-arm64-arm64-xl-credit1  16 saverestore-support-check    fail   never pass
 test-arm64-arm64-libvirt-raw 14 migrate-support-check        fail   never pass
 test-arm64-arm64-libvirt-raw 15 saverestore-support-check    fail   never pass
 test-armhf-armhf-xl-qcow2    14 migrate-support-check        fail   never pass
 test-armhf-armhf-xl-qcow2    15 saverestore-support-check    fail   never pass
 test-arm64-arm64-xl-vhd      14 migrate-support-check        fail   never pass
 test-arm64-arm64-xl-vhd      15 saverestore-support-check    fail   never pass
 test-armhf-armhf-xl-raw      14 migrate-support-check        fail   never pass
 test-armhf-armhf-xl-raw      15 saverestore-support-check    fail   never pass
 test-armhf-armhf-libvirt-vhd 14 migrate-support-check        fail   never pass
 test-armhf-armhf-libvirt-vhd 15 saverestore-support-check    fail   never pass

version targeted for testing:
 linux                a6398e37309000e35cedb5cc328a0f8d00d7d7b9
baseline version:
 linux                eb44d83053d66372327e69145e8d2fa7400a4991

Last test of basis   186370  2024-06-16 12:15:05 Z    5 days
Testing same since   186445  2024-06-21 12:46:38 Z    0 days    1 attempts

------------------------------------------------------------
People who touched revisions under test:
  "Csókás, Bence" <[email protected]>
  Aapo Vienamo <[email protected]>
  Adam Miotk <[email protected]>
  Alan Stern <[email protected]>
  Aleksandr Mishin <[email protected]>
  Alex Deucher <[email protected]>
  Alexander Shishkin <[email protected]>
  Alexey Kodanev <[email protected]>
  Allen Pais <[email protected]>
  Amit Sunil Dhamne <[email protected]>
  Amjad Ouled-Ameur <[email protected]>
  Andi Shyti <[email protected]>
  Andi Shyti <[email protected]>
  Andrei Coardos <[email protected]>
  Andrei Vagin <[email protected]>
  Andrew Morton <[email protected]>
  Andrii Nakryiko <[email protected]>
  Andy Shevchenko <[email protected]>
  Antonio Quartulli <[email protected]>
  Apurva Nandan <[email protected]>
  Armin Wolf <[email protected]>
  Arpana Arland <[email protected]> (A Contingent worker at Intel)
  Baokun Li <[email protected]>
  Baoquan He <[email protected]>
  Bartosz Golaszewski <[email protected]>
  Beleswar Padhi <[email protected]>
  Ben Segall <[email protected]>
  Benjamin Segall <[email protected]>
  Benjamin Tissoires <[email protected]>
  Bjorn Andersson <[email protected]>
  Bjorn Helgaas <[email protected]>
  Björn Töpel <[email protected]>
  Borislav Petkov (AMD) <[email protected]>
  Breno Leitao <[email protected]>
  Chandan Kumar Rout <[email protected]>
  Chen Hanxiao <[email protected]>
  Chris Maness <[email protected]>
  Chris Wilson <[email protected]>
  Christian Brauner <[email protected]>
  Christoph Hellwig <[email protected]>
  Chuck Lever <[email protected]>
  Cong Wang <[email protected]>
  Cong Yang <[email protected]>
  Csókás, Bence <[email protected]>
  Damien Le Moal <[email protected]>
  Dan Cross <[email protected]>
  Daniel Borkmann <[email protected]>
  Daniel Wagner <[email protected]>
  Daniel Wheeler <[email protected]>
  Dave Jiang <[email protected]>
  David Hildenbrand <[email protected]>
  David Howells <[email protected]>
  David Lechner <[email protected]>
  David S. Miller <[email protected]>
  David Sterba <[email protected]>
  DelphineCCChiu <[email protected]>
  Dev Jain <[email protected]>
  Dirk Behme <[email protected]>
  Dmitry Baryshkov <[email protected]>
  Dmitry Torokhov <[email protected]>
  Doug Brown <[email protected]>
  Douglas Anderson <[email protected]>
  Duoming Zhou <[email protected]>
  Emmanuel Grumbach <[email protected]>
  Eric Dumazet <[email protected]>
  Filipe Manana <[email protected]>
  Florian Fainelli <[email protected]>
  Gabor Juhos <[email protected]>
  Gal Pressman <[email protected]>
  Greg Kroah-Hartman <[email protected]>
  Gregor Herburger <[email protected]>
  Hagar Gamal Halim Hemdan <[email protected]>
  Hagar Hemdan <[email protected]>
  Haifeng Xu <[email protected]>
  Hailong.Liu <[email protected]>
  Hamish Martin <[email protected]>
  Hamza Mahfooz <[email protected]>
  Hangyu Hua <[email protected]>
  Hans de Goede <[email protected]>
  Hector Martin <[email protected]>
  Hersen Wu <[email protected]>
  Hugo Villeneuve <[email protected]>
  Ian Forbes <[email protected]>
  Ilpo Järvinen <[email protected]>
  Inki Dae <[email protected]>
  Jacob Keller <[email protected]>
  Jakub Kicinski <[email protected]>
  Jakub Sitnicki <[email protected]>
  Jani Nikula <[email protected]>
  Janusz Krzysztofik <[email protected]>
  Jarkko Nikula <[email protected]>
  Jason Andryuk <[email protected]>
  Jason Andryuk <[email protected]>
  Jason Xing <[email protected]>
  Jean Delvare <[email protected]>
  Jean-Baptiste Maneyrol <[email protected]>
  Jeff Layton <[email protected]>
  Jens Axboe <[email protected]>
  Jia Zhu <[email protected]>
  Jie Wang <[email protected]>
  Jijie Shao <[email protected]>
  Jiri Kosina <[email protected]>
  Jiri Olsa <[email protected]>
  Jisheng Zhang <[email protected]>
  Joerg Roedel <[email protected]>
  Johan Hovold <[email protected]>
  Johannes Berg <[email protected]>
  John Ernberg <[email protected]>
  John Keeping <[email protected]>
  Jon Hunter <[email protected]>
  Jonathan Cameron <[email protected]>
  Joshua Washington <[email protected]>
  José Expósito <[email protected]>
  Jozsef Kadlecsik <[email protected]>
  Kalle Valo <[email protected]>
  Karol Kolacinski <[email protected]>
  Keith Busch <[email protected]>
  Kelsey Steele <[email protected]>
  Kory Maincent <[email protected]>
  Krzysztof Kozlowski <[email protected]>
  Krzysztof Wilczyński <[email protected]>
  Kuangyi Chiang <[email protected]>
  Kun(llfl) <[email protected]>
  Kuniyuki Iwashima <[email protected]>
  Kyle Tso <[email protected]>
  Lars Kellogg-Stedman <[email protected]>
  Larysa Zaremba <[email protected]>
  Lin Ma <[email protected]>
  Lingbo Kong <[email protected]>
  Linus Walleij <[email protected]>
  Linux Kernel Functional Testing <[email protected]>
  Lion Ackermann <[email protected]>
  Luca Ceresoli <[email protected]>
  Luiz Augusto von Dentz <[email protected]>
  Marc Ferland <[email protected]>
  Marek Szyprowski <[email protected]>
  Mark Brown <[email protected]>
  Mark Rutland <[email protected]>
  Martin K. Petersen <[email protected]>
  Martin Krastev <[email protected]>
  Masami Hiramatsu (Google) <[email protected]>
  Mathias Nyman <[email protected]>
  Mathieu Poirier <[email protected]>
  Matthew Wilcox (Oracle) <[email protected]>
  Matthias Schiffer <[email protected]>
  Matthieu Baerts (NGI0) <[email protected]>
  Max Filippov <[email protected]>
  Maxime Ripard <[email protected]>
  Miaohe Lin <[email protected]>
  Michael Ellerman <[email protected]>
  Michal Hocko <[email protected]>
  Michal Wilczynski <[email protected]>
  Mickaël Salaün <[email protected]>
  Mika Westerberg <[email protected]>
  Miri Korenblit <[email protected]>
  Moshe Shemesh <[email protected]>
  Moshe Shemesh <[email protected]>
  Muhammad Usama Anjum <[email protected]>
  Nam Cao <[email protected]>
  NeilBrown <[email protected]>
  Nicolas Escande <[email protected]>
  Nikita Zhandarovich <[email protected]>
  Nikolay Aleksandrov <[email protected]>
  Nirmoy Das <[email protected]>
  Nuno Sa <[email protected]>
  Oleg Nesterov <[email protected]>
  Oleksij Rempel <[email protected]>
  Olga Kornievskaia <[email protected]>
  Pablo Neira Ayuso <[email protected]>
  Palmer Dabbelt <[email protected]>
  Paolo Abeni <[email protected]>
  Paul Greenwalt <[email protected]>
  Pavel Machek (CIP) <[email protected]>
  Peter Delevoryas <[email protected]>
  Peter Zijlstra (Intel) <[email protected]>
  Petr Pavlu <[email protected]>
  Pierre Tomon <[email protected]>
  Przemek Kitszel <[email protected]>
  Pucha Himasekhar Reddy <[email protected]>
  Qu Wenruo <[email protected]>
  Randy Dunlap <[email protected]>
  Rao Shoaib <[email protected]>
  Remi Pommarel <[email protected]>
  Richard Cochran <[email protected]>
  Rick Wertenbroek <[email protected]>
  Rik van Riel <[email protected]>
  Ron Economos <[email protected]>
  Russell King (Oracle) <[email protected]>
  Ryusuke Konishi <[email protected]>
  Saeed Mahameed <[email protected]>
  Salvatore Bonaccorso <[email protected]>
  Sam James <[email protected]>
  Samuel Holland <[email protected]>
  Sasha Levin <[email protected]>
  SeongJae Park <[email protected]>
  Sergey Ryazanov <[email protected]>
  Shahar S Matityahu <[email protected]>
  Shay Drory <[email protected]>
  Shichao Lai <[email protected]>
  Shuah Khan <[email protected]>
  Sicong Huang <[email protected]>
  Steev Klimaszewski <[email protected]>
  Stephen Boyd <[email protected]>
  Steven Rostedt (Google) <[email protected]>
  Su Yue <[email protected]>
  Subbaraya Sundeep <[email protected]>
  Sven Joachim <[email protected]>
  Taehee Yoo <[email protected]>
  Tariq Toukan <[email protected]>
  Thadeu Lima de Souza Cascardo <[email protected]>
  Thomas Gleixner <[email protected]>
  Thomas Weißschuh <[email protected]>
  Tomas Winkler <[email protected]>
  Tony Nguyen <[email protected]>
  Trond Myklebust <[email protected]>
  Ulf Hansson <[email protected]>
  Uwe Kleine-König <[email protected]>
  Vadym Krevs <[email protected]>
  Vamshi Gajjela <[email protected]>
  Vidya Srinivas <[email protected]>
  Ville Syrjälä <[email protected]>
  Vinicius Costa Gomes <[email protected]>
  Vinod Koul <[email protected]>
  Vlastimil Babka <[email protected]>
  Volodymyr Babchuk <[email protected]>
  Wei Fu <[email protected]>
  Wen Gu <[email protected]>
  Wesley Cheng <[email protected]>
  Wolfram Sang <[email protected]>
  Wolfram Sang <[email protected]>
  Xiaolei Wang <[email protected]>
  Xin Yin <[email protected]>
  Yazen Ghannam <[email protected]>
  Yonglong Liu <[email protected]>
  YonglongLi <[email protected]>
  Yongzhi Liu <[email protected]>
  Zack Rusin <[email protected]>
  Zack Rusin <[email protected]>
  Ziwei Xiao <[email protected]>

jobs:
 build-amd64-xsm                                              pass    
 build-arm64-xsm                                              pass    
 build-i386-xsm                                               pass    
 build-amd64                                                  pass    
 build-arm64                                                  pass    
 build-armhf                                                  pass    
 build-i386                                                   pass    
 build-amd64-libvirt                                          pass    
 build-arm64-libvirt                                          pass    
 build-armhf-libvirt                                          pass    
 build-i386-libvirt                                           pass    
 build-amd64-pvops                                            pass    
 build-arm64-pvops                                            pass    
 build-armhf-pvops                                            pass    
 build-i386-pvops                                             pass    
 test-amd64-amd64-xl                                          pass    
 test-amd64-coresched-amd64-xl                                pass    
 test-arm64-arm64-xl                                          pass    
 test-armhf-armhf-xl                                          pass    
 test-amd64-amd64-libvirt-qemuu-debianhvm-amd64-xsm           pass    
 test-amd64-amd64-xl-qemut-stubdom-debianhvm-amd64-xsm        pass    
 test-amd64-amd64-xl-qemut-debianhvm-i386-xsm                 fail    
 test-amd64-amd64-xl-qemuu-debianhvm-i386-xsm                 pass    
 test-amd64-amd64-libvirt-xsm                                 pass    
 test-arm64-arm64-libvirt-xsm                                 pass    
 test-amd64-amd64-xl-xsm                                      pass    
 test-arm64-arm64-xl-xsm                                      pass    
 test-amd64-amd64-qemuu-nested-amd                            fail    
 test-amd64-amd64-xl-pvhv2-amd                                pass    
 test-amd64-amd64-dom0pvh-xl-amd                              pass    
 test-amd64-amd64-xl-qemut-debianhvm-amd64                    pass    
 test-amd64-amd64-xl-qemuu-debianhvm-amd64                    pass    
 test-amd64-amd64-qemuu-freebsd11-amd64                       pass    
 test-amd64-amd64-qemuu-freebsd12-amd64                       pass    
 test-amd64-amd64-xl-qemuu-ovmf-amd64                         pass    
 test-amd64-amd64-xl-qemut-win7-amd64                         fail    
 test-amd64-amd64-xl-qemuu-win7-amd64                         fail    
 test-amd64-amd64-xl-qemut-ws16-amd64                         fail    
 test-amd64-amd64-xl-qemuu-ws16-amd64                         fail    
 test-armhf-armhf-xl-arndale                                  pass    
 test-amd64-amd64-examine-bios                                pass    
 test-amd64-amd64-xl-credit1                                  pass    
 test-arm64-arm64-xl-credit1                                  pass    
 test-armhf-armhf-xl-credit1                                  pass    
 test-amd64-amd64-xl-credit2                                  pass    
 test-arm64-arm64-xl-credit2                                  pass    
 test-armhf-armhf-xl-credit2                                  pass    
 test-amd64-amd64-xl-qemuu-dmrestrict-amd64-dmrestrict        pass    
 test-amd64-amd64-examine                                     pass    
 test-arm64-arm64-examine                                     pass    
 test-armhf-armhf-examine                                     pass    
 test-amd64-amd64-qemuu-nested-intel                          pass    
 test-amd64-amd64-xl-pvhv2-intel                              pass    
 test-amd64-amd64-dom0pvh-xl-intel                            pass    
 test-amd64-amd64-libvirt                                     pass    
 test-armhf-armhf-libvirt                                     pass    
 test-amd64-amd64-xl-multivcpu                                pass    
 test-armhf-armhf-xl-multivcpu                                pass    
 test-amd64-amd64-pair                                        pass    
 test-amd64-amd64-libvirt-pair                                pass    
 test-amd64-amd64-xl-pvshim                                   pass    
 test-amd64-amd64-pygrub                                      pass    
 test-amd64-amd64-libvirt-qcow2                               pass    
 test-amd64-amd64-xl-qcow2                                    pass    
 test-armhf-armhf-xl-qcow2                                    pass    
 test-amd64-amd64-libvirt-raw                                 pass    
 test-arm64-arm64-libvirt-raw                                 pass    
 test-amd64-amd64-xl-raw                                      pass    
 test-armhf-armhf-xl-raw                                      pass    
 test-amd64-amd64-xl-rtds                                     pass    
 test-armhf-armhf-xl-rtds                                     pass    
 test-amd64-amd64-xl-qemuu-debianhvm-amd64-shadow             pass    
 test-amd64-amd64-xl-shadow                                   pass    
 test-arm64-arm64-xl-thunderx                                 pass    
 test-amd64-amd64-examine-uefi                                pass    
 test-amd64-amd64-libvirt-vhd                                 pass    
 test-armhf-armhf-libvirt-vhd                                 pass    
 test-amd64-amd64-xl-vhd                                      pass    
 test-arm64-arm64-xl-vhd                                      pass    


------------------------------------------------------------
sg-report-flight on osstest.test-lab.xenproject.org
logs: /home/logs/logs
images: /home/logs/images

Logs, config files, etc. are available at
    http://logs.test-lab.xenproject.org/osstest/logs

Explanation of these reports, and of osstest in general, is at
    http://xenbits.xen.org/gitweb/?p=osstest.git;a=blob;f=README.email;hb=master
    http://xenbits.xen.org/gitweb/?p=osstest.git;a=blob;f=README;hb=master

Test harness code can be found at
    http://xenbits.xen.org/gitweb?p=osstest.git;a=summary


Pushing revision :

hint: The 'hooks/update' hook was ignored because it's not set as executable.
hint: You can disable this warning with `git config advice.ignoredHook false`.
hint: The 'hooks/post-receive' hook was ignored because it's not set as 
executable.
hint: You can disable this warning with `git config advice.ignoredHook false`.
hint: The 'hooks/post-update' hook was ignored because it's not set as 
executable.
hint: You can disable this warning with `git config advice.ignoredHook false`.
To xenbits.xen.org:/home/xen/git/linux-pvops.git
   eb44d83053d6..a6398e373090  a6398e37309000e35cedb5cc328a0f8d00d7d7b9 -> 
tested/linux-6.1

Reply via email to