flight 186372 linux-linus real [real]
flight 186374 linux-linus real-retest [real]
http://logs.test-lab.xenproject.org/osstest/logs/186372/
http://logs.test-lab.xenproject.org/osstest/logs/186374/

Failures :-/ but no regressions.

Tests which are failing intermittently (not blocking):
 test-armhf-armhf-examine      8 reboot              fail pass in 186374-retest
 test-armhf-armhf-xl-raw      12 debian-di-install   fail pass in 186374-retest

Regressions which are regarded as allowable (not blocking):
 test-armhf-armhf-xl-rtds      8 xen-boot                 fail REGR. vs. 186369

Tests which did not succeed, but are not blocking:
 test-armhf-armhf-xl-raw     14 migrate-support-check fail in 186374 never pass
 test-armhf-armhf-xl-raw 15 saverestore-support-check fail in 186374 never pass
 test-armhf-armhf-xl-credit2   8 xen-boot                     fail  like 186369
 test-armhf-armhf-libvirt     16 saverestore-support-check    fail  like 186369
 test-amd64-amd64-xl-qemut-win7-amd64 19 guest-stop            fail like 186369
 test-amd64-amd64-xl-qemuu-win7-amd64 19 guest-stop            fail like 186369
 test-amd64-amd64-xl-qemuu-ws16-amd64 19 guest-stop            fail like 186369
 test-amd64-amd64-xl-qemut-ws16-amd64 19 guest-stop            fail like 186369
 test-amd64-amd64-qemuu-nested-amd 20 debian-hvm-install/l1/l2 fail like 186369
 test-amd64-amd64-libvirt     15 migrate-support-check        fail   never pass
 test-amd64-amd64-libvirt-xsm 15 migrate-support-check        fail   never pass
 test-amd64-amd64-libvirt-qemuu-debianhvm-amd64-xsm 13 migrate-support-check 
fail never pass
 test-arm64-arm64-xl          15 migrate-support-check        fail   never pass
 test-arm64-arm64-xl          16 saverestore-support-check    fail   never pass
 test-arm64-arm64-xl-thunderx 15 migrate-support-check        fail   never pass
 test-arm64-arm64-libvirt-xsm 15 migrate-support-check        fail   never pass
 test-arm64-arm64-xl-thunderx 16 saverestore-support-check    fail   never pass
 test-arm64-arm64-xl-credit1  15 migrate-support-check        fail   never pass
 test-arm64-arm64-libvirt-xsm 16 saverestore-support-check    fail   never pass
 test-arm64-arm64-xl-credit1  16 saverestore-support-check    fail   never pass
 test-arm64-arm64-xl-xsm      15 migrate-support-check        fail   never pass
 test-arm64-arm64-xl-xsm      16 saverestore-support-check    fail   never pass
 test-arm64-arm64-xl-credit2  15 migrate-support-check        fail   never pass
 test-arm64-arm64-xl-credit2  16 saverestore-support-check    fail   never pass
 test-armhf-armhf-xl          15 migrate-support-check        fail   never pass
 test-armhf-armhf-xl          16 saverestore-support-check    fail   never pass
 test-amd64-amd64-libvirt-qcow2 14 migrate-support-check        fail never pass
 test-amd64-amd64-libvirt-raw 14 migrate-support-check        fail   never pass
 test-armhf-armhf-libvirt     15 migrate-support-check        fail   never pass
 test-armhf-armhf-xl-credit1  15 migrate-support-check        fail   never pass
 test-armhf-armhf-xl-credit1  16 saverestore-support-check    fail   never pass
 test-amd64-amd64-libvirt-vhd 14 migrate-support-check        fail   never pass
 test-arm64-arm64-libvirt-raw 14 migrate-support-check        fail   never pass
 test-arm64-arm64-libvirt-raw 15 saverestore-support-check    fail   never pass
 test-armhf-armhf-xl-qcow2    14 migrate-support-check        fail   never pass
 test-armhf-armhf-xl-qcow2    15 saverestore-support-check    fail   never pass
 test-arm64-arm64-xl-vhd      14 migrate-support-check        fail   never pass
 test-arm64-arm64-xl-vhd      15 saverestore-support-check    fail   never pass
 test-armhf-armhf-xl-multivcpu 15 migrate-support-check        fail  never pass
 test-armhf-armhf-xl-multivcpu 16 saverestore-support-check    fail  never pass
 test-armhf-armhf-xl-arndale  15 migrate-support-check        fail   never pass
 test-armhf-armhf-xl-arndale  16 saverestore-support-check    fail   never pass
 test-armhf-armhf-libvirt-vhd 14 migrate-support-check        fail   never pass
 test-armhf-armhf-libvirt-vhd 15 saverestore-support-check    fail   never pass

version targeted for testing:
 linux                b5beaa44747bddbabb338377340244f56465cd7d
baseline version:
 linux                a3e18a540541325a8c8848171f71e0d45ad30b2c

Last test of basis   186369  2024-06-16 07:09:37 Z    0 days
Testing same since   186372  2024-06-16 18:43:40 Z    0 days    1 attempts

------------------------------------------------------------
People who touched revisions under test:
  "Rafael J. Wysocki" <[email protected]>
  "Rob Herring (Arm)" <[email protected]>
  Aapo Vienamo <[email protected]>
  Adam Rizkalla <[email protected]>
  Alan Stern <[email protected]>
  Alexander Usyskin <[email protected]>
  Amit Sunil Dhamne <[email protected]>
  Andrey Konovalov <[email protected]>
  Andy Shevchenko <[email protected]>
  Angel Iglesias <[email protected]>
  Angelo Dureghello <[email protected]>
  Borislav Petkov (AMD) <[email protected]>
  Damien Le Moal <[email protected]>
  David Lechner <[email protected]>
  Dirk Behme <[email protected]>
  Dmitry Torokhov <[email protected]>
  Dmitry Vyukov <[email protected]>
  Doug Brown <[email protected]>
  Douglas Anderson <[email protected]>
  Dumitru Ceclan <[email protected]>
  Greg Kroah-Hartman <[email protected]>
  Guenter Roeck <[email protected]>
  Hans de Goede <[email protected]>
  Harshit Mogalapalli <[email protected]>
  Hector Martin <[email protected]>
  Heikki Krogerus <[email protected]>
  Hugo Villeneuve <[email protected]>
  Ilpo Järvinen <[email protected]>
  Jason Chen <[email protected]>
  Jean-Baptiste Maneyrol <[email protected]>
  Jiri Slaby <[email protected]>
  Johan Hovold <[email protected]>
  John Ernberg <[email protected]>
  Jonathan Cameron <[email protected]>
  Krzysztof Kozlowski <[email protected]>
  Kuangyi Chiang <[email protected]>
  Kyle Tso <[email protected]>
  Lee Jones <[email protected]>
  Linus Torvalds <[email protected]>
  Lukas Wunner <[email protected]>
  Marc Ferland <[email protected]>
  Mathias Nyman <[email protected]>
  Mika Westerberg <[email protected]>
  Niklas Cassel <[email protected]>
  Peter Chen <[email protected]>
  Pierre Tomon <[email protected]>
  Rob Herring (Arm) <[email protected]>
  Sakari Ailus <[email protected]>
  Shichao Lai <[email protected]>
  Stefan Wahren <[email protected]>
  Takashi Sakamoto <[email protected]>
  Tetsuo Handa <[email protected]>
  Thomas Weißschuh <[email protected]>
  Tomas Winkler <[email protected]>
  Uwe Kleine-König <[email protected]>
  Vadym Krevs <[email protected]>
  Vasileios Amoiridis <[email protected]>
  Vincent Mailhol <[email protected]>
  Wentong Wu <[email protected]>
  Yazen Ghannam <[email protected]>
  Yongzhi Liu <[email protected]>

jobs:
 build-amd64-xsm                                              pass    
 build-arm64-xsm                                              pass    
 build-i386-xsm                                               pass    
 build-amd64                                                  pass    
 build-arm64                                                  pass    
 build-armhf                                                  pass    
 build-i386                                                   pass    
 build-amd64-libvirt                                          pass    
 build-arm64-libvirt                                          pass    
 build-armhf-libvirt                                          pass    
 build-i386-libvirt                                           pass    
 build-amd64-pvops                                            pass    
 build-arm64-pvops                                            pass    
 build-armhf-pvops                                            pass    
 build-i386-pvops                                             pass    
 test-amd64-amd64-xl                                          pass    
 test-amd64-coresched-amd64-xl                                pass    
 test-arm64-arm64-xl                                          pass    
 test-armhf-armhf-xl                                          pass    
 test-amd64-amd64-libvirt-qemuu-debianhvm-amd64-xsm           pass    
 test-amd64-amd64-xl-qemut-stubdom-debianhvm-amd64-xsm        pass    
 test-amd64-amd64-xl-qemut-debianhvm-i386-xsm                 pass    
 test-amd64-amd64-xl-qemuu-debianhvm-i386-xsm                 pass    
 test-amd64-amd64-libvirt-xsm                                 pass    
 test-arm64-arm64-libvirt-xsm                                 pass    
 test-amd64-amd64-xl-xsm                                      pass    
 test-arm64-arm64-xl-xsm                                      pass    
 test-amd64-amd64-qemuu-nested-amd                            fail    
 test-amd64-amd64-xl-pvhv2-amd                                pass    
 test-amd64-amd64-dom0pvh-xl-amd                              pass    
 test-amd64-amd64-xl-qemut-debianhvm-amd64                    pass    
 test-amd64-amd64-xl-qemuu-debianhvm-amd64                    pass    
 test-amd64-amd64-qemuu-freebsd11-amd64                       pass    
 test-amd64-amd64-qemuu-freebsd12-amd64                       pass    
 test-amd64-amd64-xl-qemuu-ovmf-amd64                         pass    
 test-amd64-amd64-xl-qemut-win7-amd64                         fail    
 test-amd64-amd64-xl-qemuu-win7-amd64                         fail    
 test-amd64-amd64-xl-qemut-ws16-amd64                         fail    
 test-amd64-amd64-xl-qemuu-ws16-amd64                         fail    
 test-armhf-armhf-xl-arndale                                  pass    
 test-amd64-amd64-examine-bios                                pass    
 test-amd64-amd64-xl-credit1                                  pass    
 test-arm64-arm64-xl-credit1                                  pass    
 test-armhf-armhf-xl-credit1                                  pass    
 test-amd64-amd64-xl-credit2                                  pass    
 test-arm64-arm64-xl-credit2                                  pass    
 test-armhf-armhf-xl-credit2                                  fail    
 test-amd64-amd64-xl-qemuu-dmrestrict-amd64-dmrestrict        pass    
 test-amd64-amd64-examine                                     pass    
 test-arm64-arm64-examine                                     pass    
 test-armhf-armhf-examine                                     fail    
 test-amd64-amd64-qemuu-nested-intel                          pass    
 test-amd64-amd64-xl-pvhv2-intel                              pass    
 test-amd64-amd64-dom0pvh-xl-intel                            pass    
 test-amd64-amd64-libvirt                                     pass    
 test-armhf-armhf-libvirt                                     pass    
 test-amd64-amd64-xl-multivcpu                                pass    
 test-armhf-armhf-xl-multivcpu                                pass    
 test-amd64-amd64-pair                                        pass    
 test-amd64-amd64-libvirt-pair                                pass    
 test-amd64-amd64-xl-pvshim                                   pass    
 test-amd64-amd64-pygrub                                      pass    
 test-amd64-amd64-libvirt-qcow2                               pass    
 test-amd64-amd64-xl-qcow2                                    pass    
 test-armhf-armhf-xl-qcow2                                    pass    
 test-amd64-amd64-libvirt-raw                                 pass    
 test-arm64-arm64-libvirt-raw                                 pass    
 test-amd64-amd64-xl-raw                                      pass    
 test-armhf-armhf-xl-raw                                      fail    
 test-amd64-amd64-xl-rtds                                     pass    
 test-armhf-armhf-xl-rtds                                     fail    
 test-amd64-amd64-xl-qemuu-debianhvm-amd64-shadow             pass    
 test-amd64-amd64-xl-shadow                                   pass    
 test-arm64-arm64-xl-thunderx                                 pass    
 test-amd64-amd64-examine-uefi                                pass    
 test-amd64-amd64-libvirt-vhd                                 pass    
 test-armhf-armhf-libvirt-vhd                                 pass    
 test-amd64-amd64-xl-vhd                                      pass    
 test-arm64-arm64-xl-vhd                                      pass    


------------------------------------------------------------
sg-report-flight on osstest.test-lab.xenproject.org
logs: /home/logs/logs
images: /home/logs/images

Logs, config files, etc. are available at
    http://logs.test-lab.xenproject.org/osstest/logs

Explanation of these reports, and of osstest in general, is at
    http://xenbits.xen.org/gitweb/?p=osstest.git;a=blob;f=README.email;hb=master
    http://xenbits.xen.org/gitweb/?p=osstest.git;a=blob;f=README;hb=master

Test harness code can be found at
    http://xenbits.xen.org/gitweb?p=osstest.git;a=summary


Pushing revision :

hint: The 'hooks/update' hook was ignored because it's not set as executable.
hint: You can disable this warning with `git config advice.ignoredHook false`.
hint: The 'hooks/post-receive' hook was ignored because it's not set as 
executable.
hint: You can disable this warning with `git config advice.ignoredHook false`.
hint: The 'hooks/post-update' hook was ignored because it's not set as 
executable.
hint: You can disable this warning with `git config advice.ignoredHook false`.
To xenbits.xen.org:/home/xen/git/linux-pvops.git
   a3e18a540541..b5beaa44747b  b5beaa44747bddbabb338377340244f56465cd7d -> 
tested/linux-linus

Reply via email to