flight 186342 linux-linus real [real] http://logs.test-lab.xenproject.org/osstest/logs/186342/
Regressions :-( Tests which did not succeed and are blocking, including tests which could not be run: build-armhf 6 xen-build fail REGR. vs. 186314 Tests which did not succeed, but are not blocking: build-armhf-libvirt 1 build-check(1) blocked n/a test-armhf-armhf-examine 1 build-check(1) blocked n/a test-armhf-armhf-libvirt 1 build-check(1) blocked n/a test-armhf-armhf-libvirt-vhd 1 build-check(1) blocked n/a test-armhf-armhf-xl 1 build-check(1) blocked n/a test-armhf-armhf-xl-arndale 1 build-check(1) blocked n/a test-armhf-armhf-xl-credit1 1 build-check(1) blocked n/a test-armhf-armhf-xl-credit2 1 build-check(1) blocked n/a test-armhf-armhf-xl-multivcpu 1 build-check(1) blocked n/a test-armhf-armhf-xl-qcow2 1 build-check(1) blocked n/a test-armhf-armhf-xl-raw 1 build-check(1) blocked n/a test-armhf-armhf-xl-rtds 1 build-check(1) blocked n/a test-amd64-amd64-xl-qemut-win7-amd64 19 guest-stop fail like 186314 test-amd64-amd64-xl-qemuu-win7-amd64 19 guest-stop fail like 186314 test-amd64-amd64-xl-qemuu-ws16-amd64 19 guest-stop fail like 186314 test-amd64-amd64-xl-qemut-ws16-amd64 19 guest-stop fail like 186314 test-amd64-amd64-qemuu-nested-amd 20 debian-hvm-install/l1/l2 fail like 186314 test-amd64-amd64-libvirt 15 migrate-support-check fail never pass test-amd64-amd64-libvirt-xsm 15 migrate-support-check fail never pass test-amd64-amd64-libvirt-qemuu-debianhvm-amd64-xsm 13 migrate-support-check fail never pass test-arm64-arm64-xl 15 migrate-support-check fail never pass test-arm64-arm64-xl 16 saverestore-support-check fail never pass test-arm64-arm64-xl-thunderx 15 migrate-support-check fail never pass test-arm64-arm64-libvirt-xsm 15 migrate-support-check fail never pass test-arm64-arm64-xl-thunderx 16 saverestore-support-check fail never pass test-arm64-arm64-xl-credit1 15 migrate-support-check fail never pass test-arm64-arm64-libvirt-xsm 16 saverestore-support-check fail never pass test-arm64-arm64-xl-credit1 16 saverestore-support-check fail never pass test-arm64-arm64-xl-xsm 15 migrate-support-check fail never pass test-arm64-arm64-xl-xsm 16 saverestore-support-check fail never pass test-arm64-arm64-xl-credit2 15 migrate-support-check fail never pass test-arm64-arm64-xl-credit2 16 saverestore-support-check fail never pass test-amd64-amd64-libvirt-qcow2 14 migrate-support-check fail never pass test-amd64-amd64-libvirt-raw 14 migrate-support-check fail never pass test-amd64-amd64-libvirt-vhd 14 migrate-support-check fail never pass test-arm64-arm64-libvirt-raw 14 migrate-support-check fail never pass test-arm64-arm64-libvirt-raw 15 saverestore-support-check fail never pass test-arm64-arm64-xl-vhd 14 migrate-support-check fail never pass test-arm64-arm64-xl-vhd 15 saverestore-support-check fail never pass version targeted for testing: linux d20f6b3d747c36889b7ce75ee369182af3decb6b baseline version: linux 2ef5971ff345d3c000873725db555085e0131961 Last test of basis 186314 2024-06-12 00:10:33 Z 2 days Failing since 186324 2024-06-12 17:12:12 Z 1 days 3 attempts Testing same since 186342 2024-06-13 21:12:16 Z 0 days 1 attempts ------------------------------------------------------------ People who touched revisions under test: "Csókás, Bence" <[email protected]> Aleksandr Mishin <[email protected]> Andrei Vagin <[email protected]> Andy Shevchenko <[email protected]> Ard Biesheuvel <[email protected]> Borislav Petkov (AMD) <[email protected]> Chen Hanxiao <[email protected]> Csókás, Bence <[email protected]> David S. Miller <[email protected]> David Wei <[email protected]> Davide Ornaghi <[email protected]> Dmitry Mastykin <[email protected]> Eric Dumazet <[email protected]> Florian Westphal <[email protected]> Gal Pressman <[email protected]> Geliang Tang <[email protected]> Hongbo Li <[email protected]> Jakub Kicinski <[email protected]> Jan Beulich <[email protected]> Jan Kara <[email protected]> Jie Wang <[email protected]> Jijie Shao <[email protected]> Johannes Berg <[email protected]> Joshua Washington <[email protected]> Jozsef Kadlecsik <[email protected]> Kent Overstreet <[email protected]> Kory Maincent <[email protected]> Linus Torvalds <[email protected]> Lion Ackermann <[email protected]> Luiz Augusto von Dentz <[email protected]> Matthieu Baerts (NGI0) <[email protected]> Michael Chan <[email protected]> Mike Rapoport (IBM) <[email protected]> Naama Meir <[email protected]> Neal Cardwell <[email protected]> NeilBrown <[email protected]> Nikolay Aleksandrov <[email protected]> Oleksij Rempel <[email protected]> Olga Kornievskaia <[email protected]> Pablo Neira Ayuso <[email protected]> Paolo Abeni <[email protected]> Paul E. McKenney <[email protected]> Pauli Virtanen <[email protected]> Petr Pavlu <[email protected]> Rao Shoaib <[email protected]> Rob Herring <[email protected]> Ron Economos <[email protected]> Russell King (Oracle) <[email protected]> Sagar Cheluvegowda <[email protected]> Sagi Grimberg <[email protected]> Sasha Neftin <[email protected]> Scott Mayhew <[email protected]> Taehee Yoo <[email protected]> Tariq Toukan <[email protected]> Thorsten Scherer <[email protected]> Tony Nguyen <[email protected]> Trond Myklebust <[email protected]> Udit Kumar <[email protected]> Wadim Egorov <[email protected]> Xiaolei Wang <[email protected]> Yonglong Liu <[email protected]> YonglongLi <[email protected]> Ziwei Xiao <[email protected]> jobs: build-amd64-xsm pass build-arm64-xsm pass build-i386-xsm pass build-amd64 pass build-arm64 pass build-armhf fail build-i386 pass build-amd64-libvirt pass build-arm64-libvirt pass build-armhf-libvirt blocked build-i386-libvirt pass build-amd64-pvops pass build-arm64-pvops pass build-armhf-pvops pass build-i386-pvops pass test-amd64-amd64-xl pass test-amd64-coresched-amd64-xl pass test-arm64-arm64-xl pass test-armhf-armhf-xl blocked test-amd64-amd64-libvirt-qemuu-debianhvm-amd64-xsm pass test-amd64-amd64-xl-qemut-stubdom-debianhvm-amd64-xsm pass test-amd64-amd64-xl-qemut-debianhvm-i386-xsm pass test-amd64-amd64-xl-qemuu-debianhvm-i386-xsm pass test-amd64-amd64-libvirt-xsm pass test-arm64-arm64-libvirt-xsm pass test-amd64-amd64-xl-xsm pass test-arm64-arm64-xl-xsm pass test-amd64-amd64-qemuu-nested-amd fail test-amd64-amd64-xl-pvhv2-amd pass test-amd64-amd64-dom0pvh-xl-amd pass test-amd64-amd64-xl-qemut-debianhvm-amd64 pass test-amd64-amd64-xl-qemuu-debianhvm-amd64 pass test-amd64-amd64-qemuu-freebsd11-amd64 pass test-amd64-amd64-qemuu-freebsd12-amd64 pass test-amd64-amd64-xl-qemuu-ovmf-amd64 pass test-amd64-amd64-xl-qemut-win7-amd64 fail test-amd64-amd64-xl-qemuu-win7-amd64 fail test-amd64-amd64-xl-qemut-ws16-amd64 fail test-amd64-amd64-xl-qemuu-ws16-amd64 fail test-armhf-armhf-xl-arndale blocked test-amd64-amd64-examine-bios pass test-amd64-amd64-xl-credit1 pass test-arm64-arm64-xl-credit1 pass test-armhf-armhf-xl-credit1 blocked test-amd64-amd64-xl-credit2 pass test-arm64-arm64-xl-credit2 pass test-armhf-armhf-xl-credit2 blocked test-amd64-amd64-xl-qemuu-dmrestrict-amd64-dmrestrict pass test-amd64-amd64-examine pass test-arm64-arm64-examine pass test-armhf-armhf-examine blocked test-amd64-amd64-qemuu-nested-intel pass test-amd64-amd64-xl-pvhv2-intel pass test-amd64-amd64-dom0pvh-xl-intel pass test-amd64-amd64-libvirt pass test-armhf-armhf-libvirt blocked test-amd64-amd64-xl-multivcpu pass test-armhf-armhf-xl-multivcpu blocked test-amd64-amd64-pair pass test-amd64-amd64-libvirt-pair pass test-amd64-amd64-xl-pvshim pass test-amd64-amd64-pygrub pass test-amd64-amd64-libvirt-qcow2 pass test-amd64-amd64-xl-qcow2 pass test-armhf-armhf-xl-qcow2 blocked test-amd64-amd64-libvirt-raw pass test-arm64-arm64-libvirt-raw pass test-amd64-amd64-xl-raw pass test-armhf-armhf-xl-raw blocked test-amd64-amd64-xl-rtds pass test-armhf-armhf-xl-rtds blocked test-amd64-amd64-xl-qemuu-debianhvm-amd64-shadow pass test-amd64-amd64-xl-shadow pass test-arm64-arm64-xl-thunderx pass test-amd64-amd64-examine-uefi pass test-amd64-amd64-libvirt-vhd pass test-armhf-armhf-libvirt-vhd blocked test-amd64-amd64-xl-vhd pass test-arm64-arm64-xl-vhd pass ------------------------------------------------------------ sg-report-flight on osstest.test-lab.xenproject.org logs: /home/logs/logs images: /home/logs/images Logs, config files, etc. are available at http://logs.test-lab.xenproject.org/osstest/logs Explanation of these reports, and of osstest in general, is at http://xenbits.xen.org/gitweb/?p=osstest.git;a=blob;f=README.email;hb=master http://xenbits.xen.org/gitweb/?p=osstest.git;a=blob;f=README;hb=master Test harness code can be found at http://xenbits.xen.org/gitweb?p=osstest.git;a=summary Not pushing. (No revision log; it would be 1891 lines long.)
