flight 186294 linux-linus real [real]
flight 186295 linux-linus real-retest [real]
http://logs.test-lab.xenproject.org/osstest/logs/186294/
http://logs.test-lab.xenproject.org/osstest/logs/186295/

Failures :-/ but no regressions.

Tests which are failing intermittently (not blocking):
 test-armhf-armhf-libvirt      8 xen-boot            fail pass in 186295-retest

Tests which did not succeed, but are not blocking:
 test-armhf-armhf-libvirt 16 saverestore-support-check fail in 186295 like 
186282
 test-armhf-armhf-libvirt    15 migrate-support-check fail in 186295 never pass
 test-armhf-armhf-xl-credit2   8 xen-boot                     fail  like 186270
 test-armhf-armhf-xl-qcow2     8 xen-boot                     fail  like 186278
 test-amd64-amd64-xl-qemut-win7-amd64 19 guest-stop            fail like 186282
 test-amd64-amd64-xl-qemuu-win7-amd64 19 guest-stop            fail like 186282
 test-amd64-amd64-xl-qemuu-ws16-amd64 19 guest-stop            fail like 186282
 test-amd64-amd64-xl-qemut-ws16-amd64 19 guest-stop            fail like 186282
 test-amd64-amd64-qemuu-nested-amd 20 debian-hvm-install/l1/l2 fail like 186282
 test-amd64-amd64-libvirt     15 migrate-support-check        fail   never pass
 test-amd64-amd64-libvirt-xsm 15 migrate-support-check        fail   never pass
 test-arm64-arm64-xl-xsm      15 migrate-support-check        fail   never pass
 test-arm64-arm64-xl-xsm      16 saverestore-support-check    fail   never pass
 test-amd64-amd64-libvirt-qemuu-debianhvm-amd64-xsm 13 migrate-support-check 
fail never pass
 test-arm64-arm64-xl-credit2  15 migrate-support-check        fail   never pass
 test-arm64-arm64-xl-credit2  16 saverestore-support-check    fail   never pass
 test-arm64-arm64-xl-thunderx 15 migrate-support-check        fail   never pass
 test-arm64-arm64-libvirt-xsm 15 migrate-support-check        fail   never pass
 test-arm64-arm64-xl-thunderx 16 saverestore-support-check    fail   never pass
 test-arm64-arm64-xl-credit1  15 migrate-support-check        fail   never pass
 test-arm64-arm64-libvirt-xsm 16 saverestore-support-check    fail   never pass
 test-arm64-arm64-xl-credit1  16 saverestore-support-check    fail   never pass
 test-arm64-arm64-xl          15 migrate-support-check        fail   never pass
 test-arm64-arm64-xl          16 saverestore-support-check    fail   never pass
 test-armhf-armhf-xl          15 migrate-support-check        fail   never pass
 test-armhf-armhf-xl          16 saverestore-support-check    fail   never pass
 test-armhf-armhf-xl-credit1  15 migrate-support-check        fail   never pass
 test-armhf-armhf-xl-credit1  16 saverestore-support-check    fail   never pass
 test-amd64-amd64-libvirt-qcow2 14 migrate-support-check        fail never pass
 test-amd64-amd64-libvirt-raw 14 migrate-support-check        fail   never pass
 test-armhf-armhf-xl-rtds     15 migrate-support-check        fail   never pass
 test-armhf-armhf-xl-rtds     16 saverestore-support-check    fail   never pass
 test-amd64-amd64-libvirt-vhd 14 migrate-support-check        fail   never pass
 test-arm64-arm64-libvirt-raw 14 migrate-support-check        fail   never pass
 test-arm64-arm64-libvirt-raw 15 saverestore-support-check    fail   never pass
 test-arm64-arm64-xl-vhd      14 migrate-support-check        fail   never pass
 test-arm64-arm64-xl-vhd      15 saverestore-support-check    fail   never pass
 test-armhf-armhf-xl-raw      14 migrate-support-check        fail   never pass
 test-armhf-armhf-xl-raw      15 saverestore-support-check    fail   never pass
 test-armhf-armhf-xl-multivcpu 15 migrate-support-check        fail  never pass
 test-armhf-armhf-xl-multivcpu 16 saverestore-support-check    fail  never pass
 test-armhf-armhf-xl-arndale  15 migrate-support-check        fail   never pass
 test-armhf-armhf-xl-arndale  16 saverestore-support-check    fail   never pass
 test-armhf-armhf-libvirt-vhd 14 migrate-support-check        fail   never pass
 test-armhf-armhf-libvirt-vhd 15 saverestore-support-check    fail   never pass

version targeted for testing:
 linux                771ed66105de9106a6f3e4311e06451881cdac5e
baseline version:
 linux                8a92980606e3585d72d510a03b59906e96755b8a

Last test of basis   186282  2024-06-07 18:13:19 Z    1 days
Failing since        186284  2024-06-08 00:43:36 Z    1 days    5 attempts
Testing same since   186294  2024-06-09 08:51:48 Z    0 days    1 attempts

------------------------------------------------------------
People who touched revisions under test:
  Alex Deucher <[email protected]>
  Alexander Gordeev <[email protected]>
  Alexander Potapenko <[email protected]>
  Andreas Hindborg <[email protected]>
  Andrew Ballance <[email protected]>
  Andrew Morton <[email protected]>
  Andy Shevchenko <[email protected]>
  Armin Wolf <[email protected]>
  Arnd Bergmann <[email protected]>
  Aseda Aboagye <[email protected]>
  Baolin Wang <[email protected]>
  Barry Song <[email protected]>
  Barry Song <[email protected]>
  Bartosz Golaszewski <[email protected]>
  Benjamin Tissoires <[email protected]>
  Bingbu Cao <[email protected]>
  Björn Töpel <[email protected]>
  Borislav Petkov (AMD) <[email protected]>
  Borislav Petkov <[email protected]>
  Brian Johannesmeyer <[email protected]>
  Carlos Llamas <[email protected]>
  Chen Ni <[email protected]>
  Chengming Zhou <[email protected]>
  Chris Bainbridge <[email protected]>
  Chris Li <[email protected]>
  Christian Borntraeger <[email protected]>
  Christoph Hellwig <[email protected]>
  Christophe JAILLET <[email protected]>
  Chuck Lever <[email protected]>
  Chunguang Xu <[email protected]>
  Cong Wang <[email protected]>
  Dave Airlie <[email protected]>
  David Hildenbrand <[email protected]>
  David Howells <[email protected]>
  David Kaplan <[email protected]>
  David Sterba <[email protected]>
  Dmitry Safonov <[email protected]>
  Dmitry Torokhov <[email protected]>
  Dr. David Alan Gilbert <[email protected]>
  Enzo Matsumiya <[email protected]>
  Filipe Manana <[email protected]>
  Geert Uytterhoeven <[email protected]>
  Gregor Herburger <[email protected]>
  Hagar Hemdan <[email protected]>
  Haifeng Xu <[email protected]>
  Hans de Goede <[email protected]>
  Hans Verkuil <[email protected]>
  Heiko Carstens <[email protected]>
  Huisong Li <[email protected]>
  Ian Forbes <[email protected]>
  Jean-Christophe Guillain <[email protected]>
  Jeff Johnson <[email protected]>
  Jens Axboe <[email protected]>
  Jerry Snitselaar <[email protected]>
  Jessica Zhang <[email protected]>
  Jiri Kosina <[email protected]>
  Joerg Roedel <[email protected]>
  Johan Hovold <[email protected]>
  Johannes Weiner <[email protected]>
  José Expósito <[email protected]>
  Keith Busch <[email protected]>
  Kun(llfl) <[email protected]>
  Lance Yang <[email protected]>
  Linus Torvalds <[email protected]>
  Liviu Dudau <[email protected]>
  Louis Dalibard <[email protected]>
  Lu Baolu <[email protected]>
  Maarten Lankhorst <[email protected]>
  Mario Limonciello <[email protected]>
  Mark Rutland <[email protected]>
  Martin Tůma <[email protected]>
  Masahiro Yamada <[email protected]>
  Matthias Schiffer <[email protected]>
  Michael Ellerman <[email protected]>
  Michal Hocko <[email protected]>
  Michal Wajdeczko <[email protected]>
  Mike Rapoport (IBM) <[email protected]>
  Mikhail Gavrilov <[email protected]>
  Mikhail Zaslonko <[email protected]>
  Muhammad Usama Anjum <[email protected]>
  Nam Cao <[email protected]>
  Neil Armstrong <[email protected]>
  Nikita Zhandarovich <[email protected]>
  Niklas Cassel <[email protected]>
  Omar Sandoval <[email protected]>
  Oscar Salvador <[email protected]>
  Palmer Dabbelt <[email protected]>
  Peter Zijlstra (Intel) <[email protected]>
  Qu Wenruo <[email protected]>
  Randy Dunlap <[email protected]>
  Richard Acayan <[email protected]>
  Robin Murphy <[email protected]>
  Ryusuke Konishi <[email protected]>
  Sakari Ailus <[email protected]>
  Samuel Holland <[email protected]>
  Sebastian Andrzej Siewior <[email protected]>
  Shakeel Butt <[email protected]>
  Steev Klimaszewski <[email protected]>
  Stephen Boyd <[email protected]>
  Steve French <[email protected]>
  Su Hui <[email protected]>
  Suma Hegde <[email protected]>
  Sunil V L <[email protected]>
  Suren Baghdasaryan <[email protected]>
  Tasos Sahanidis <[email protected]>
  Thadeu Lima de Souza Cascardo <[email protected]>
  Thomas Gleixner <[email protected]>
  Thomas Hellstrom <[email protected]>
  Thomas Hellström <[email protected]>
  Vasant Hegde <[email protected]>
  Vlastimil Babka <[email protected]>
  Wei Li <[email protected]>
  Weiwen Hu <[email protected]>
  Will Deacon <[email protected]>
  Yazen Ghannam <[email protected]>
  Yujie Liu <[email protected]>
  Zack Rusin <[email protected]>
  Zhang Lixu <[email protected]>

jobs:
 build-amd64-xsm                                              pass    
 build-arm64-xsm                                              pass    
 build-i386-xsm                                               pass    
 build-amd64                                                  pass    
 build-arm64                                                  pass    
 build-armhf                                                  pass    
 build-i386                                                   pass    
 build-amd64-libvirt                                          pass    
 build-arm64-libvirt                                          pass    
 build-armhf-libvirt                                          pass    
 build-i386-libvirt                                           pass    
 build-amd64-pvops                                            pass    
 build-arm64-pvops                                            pass    
 build-armhf-pvops                                            pass    
 build-i386-pvops                                             pass    
 test-amd64-amd64-xl                                          pass    
 test-amd64-coresched-amd64-xl                                pass    
 test-arm64-arm64-xl                                          pass    
 test-armhf-armhf-xl                                          pass    
 test-amd64-amd64-libvirt-qemuu-debianhvm-amd64-xsm           pass    
 test-amd64-amd64-xl-qemut-stubdom-debianhvm-amd64-xsm        pass    
 test-amd64-amd64-xl-qemut-debianhvm-i386-xsm                 pass    
 test-amd64-amd64-xl-qemuu-debianhvm-i386-xsm                 pass    
 test-amd64-amd64-libvirt-xsm                                 pass    
 test-arm64-arm64-libvirt-xsm                                 pass    
 test-amd64-amd64-xl-xsm                                      pass    
 test-arm64-arm64-xl-xsm                                      pass    
 test-amd64-amd64-qemuu-nested-amd                            fail    
 test-amd64-amd64-xl-pvhv2-amd                                pass    
 test-amd64-amd64-dom0pvh-xl-amd                              pass    
 test-amd64-amd64-xl-qemut-debianhvm-amd64                    pass    
 test-amd64-amd64-xl-qemuu-debianhvm-amd64                    pass    
 test-amd64-amd64-qemuu-freebsd11-amd64                       pass    
 test-amd64-amd64-qemuu-freebsd12-amd64                       pass    
 test-amd64-amd64-xl-qemuu-ovmf-amd64                         pass    
 test-amd64-amd64-xl-qemut-win7-amd64                         fail    
 test-amd64-amd64-xl-qemuu-win7-amd64                         fail    
 test-amd64-amd64-xl-qemut-ws16-amd64                         fail    
 test-amd64-amd64-xl-qemuu-ws16-amd64                         fail    
 test-armhf-armhf-xl-arndale                                  pass    
 test-amd64-amd64-examine-bios                                pass    
 test-amd64-amd64-xl-credit1                                  pass    
 test-arm64-arm64-xl-credit1                                  pass    
 test-armhf-armhf-xl-credit1                                  pass    
 test-amd64-amd64-xl-credit2                                  pass    
 test-arm64-arm64-xl-credit2                                  pass    
 test-armhf-armhf-xl-credit2                                  fail    
 test-amd64-amd64-xl-qemuu-dmrestrict-amd64-dmrestrict        pass    
 test-amd64-amd64-examine                                     pass    
 test-arm64-arm64-examine                                     pass    
 test-armhf-armhf-examine                                     pass    
 test-amd64-amd64-qemuu-nested-intel                          pass    
 test-amd64-amd64-xl-pvhv2-intel                              pass    
 test-amd64-amd64-dom0pvh-xl-intel                            pass    
 test-amd64-amd64-libvirt                                     pass    
 test-armhf-armhf-libvirt                                     fail    
 test-amd64-amd64-xl-multivcpu                                pass    
 test-armhf-armhf-xl-multivcpu                                pass    
 test-amd64-amd64-pair                                        pass    
 test-amd64-amd64-libvirt-pair                                pass    
 test-amd64-amd64-xl-pvshim                                   pass    
 test-amd64-amd64-pygrub                                      pass    
 test-amd64-amd64-libvirt-qcow2                               pass    
 test-amd64-amd64-xl-qcow2                                    pass    
 test-armhf-armhf-xl-qcow2                                    fail    
 test-amd64-amd64-libvirt-raw                                 pass    
 test-arm64-arm64-libvirt-raw                                 pass    
 test-amd64-amd64-xl-raw                                      pass    
 test-armhf-armhf-xl-raw                                      pass    
 test-amd64-amd64-xl-rtds                                     pass    
 test-armhf-armhf-xl-rtds                                     pass    
 test-amd64-amd64-xl-qemuu-debianhvm-amd64-shadow             pass    
 test-amd64-amd64-xl-shadow                                   pass    
 test-arm64-arm64-xl-thunderx                                 pass    
 test-amd64-amd64-examine-uefi                                pass    
 test-amd64-amd64-libvirt-vhd                                 pass    
 test-armhf-armhf-libvirt-vhd                                 pass    
 test-amd64-amd64-xl-vhd                                      pass    
 test-arm64-arm64-xl-vhd                                      pass    


------------------------------------------------------------
sg-report-flight on osstest.test-lab.xenproject.org
logs: /home/logs/logs
images: /home/logs/images

Logs, config files, etc. are available at
    http://logs.test-lab.xenproject.org/osstest/logs

Explanation of these reports, and of osstest in general, is at
    http://xenbits.xen.org/gitweb/?p=osstest.git;a=blob;f=README.email;hb=master
    http://xenbits.xen.org/gitweb/?p=osstest.git;a=blob;f=README;hb=master

Test harness code can be found at
    http://xenbits.xen.org/gitweb?p=osstest.git;a=summary


Pushing revision :

hint: The 'hooks/update' hook was ignored because it's not set as executable.
hint: You can disable this warning with `git config advice.ignoredHook false`.
hint: The 'hooks/post-receive' hook was ignored because it's not set as 
executable.
hint: You can disable this warning with `git config advice.ignoredHook false`.
hint: The 'hooks/post-update' hook was ignored because it's not set as 
executable.
hint: You can disable this warning with `git config advice.ignoredHook false`.
To xenbits.xen.org:/home/xen/git/linux-pvops.git
   8a92980606e3..771ed66105de  771ed66105de9106a6f3e4311e06451881cdac5e -> 
tested/linux-linus

Reply via email to