flight 186268 linux-linus real [real]
flight 186269 linux-linus real-retest [real]
http://logs.test-lab.xenproject.org/osstest/logs/186268/
http://logs.test-lab.xenproject.org/osstest/logs/186269/

Failures :-/ but no regressions.

Tests which are failing intermittently (not blocking):
 test-armhf-armhf-libvirt      8 xen-boot            fail pass in 186269-retest

Regressions which are regarded as allowable (not blocking):
 test-armhf-armhf-xl-rtds     10 host-ping-check-xen      fail REGR. vs. 186260

Tests which did not succeed, but are not blocking:
 test-armhf-armhf-libvirt 16 saverestore-support-check fail in 186269 like 
186260
 test-armhf-armhf-libvirt    15 migrate-support-check fail in 186269 never pass
 test-armhf-armhf-libvirt-vhd  8 xen-boot                     fail  like 186260
 test-amd64-amd64-xl-qemut-win7-amd64 19 guest-stop            fail like 186260
 test-amd64-amd64-xl-qemuu-win7-amd64 19 guest-stop            fail like 186260
 test-amd64-amd64-xl-qemuu-ws16-amd64 19 guest-stop            fail like 186260
 test-amd64-amd64-xl-qemut-ws16-amd64 19 guest-stop            fail like 186260
 test-amd64-amd64-qemuu-nested-amd 20 debian-hvm-install/l1/l2 fail like 186260
 test-amd64-amd64-libvirt-xsm 15 migrate-support-check        fail   never pass
 test-amd64-amd64-libvirt     15 migrate-support-check        fail   never pass
 test-arm64-arm64-xl-credit1  15 migrate-support-check        fail   never pass
 test-arm64-arm64-xl-xsm      15 migrate-support-check        fail   never pass
 test-arm64-arm64-xl-credit1  16 saverestore-support-check    fail   never pass
 test-arm64-arm64-xl-xsm      16 saverestore-support-check    fail   never pass
 test-amd64-amd64-libvirt-qemuu-debianhvm-amd64-xsm 13 migrate-support-check 
fail never pass
 test-arm64-arm64-xl-credit2  15 migrate-support-check        fail   never pass
 test-arm64-arm64-xl-credit2  16 saverestore-support-check    fail   never pass
 test-arm64-arm64-xl-thunderx 15 migrate-support-check        fail   never pass
 test-arm64-arm64-libvirt-xsm 15 migrate-support-check        fail   never pass
 test-arm64-arm64-xl-thunderx 16 saverestore-support-check    fail   never pass
 test-arm64-arm64-libvirt-xsm 16 saverestore-support-check    fail   never pass
 test-arm64-arm64-xl          15 migrate-support-check        fail   never pass
 test-arm64-arm64-xl          16 saverestore-support-check    fail   never pass
 test-armhf-armhf-xl          15 migrate-support-check        fail   never pass
 test-armhf-armhf-xl          16 saverestore-support-check    fail   never pass
 test-armhf-armhf-xl-multivcpu 15 migrate-support-check        fail  never pass
 test-armhf-armhf-xl-multivcpu 16 saverestore-support-check    fail  never pass
 test-armhf-armhf-xl-credit1  15 migrate-support-check        fail   never pass
 test-armhf-armhf-xl-credit1  16 saverestore-support-check    fail   never pass
 test-amd64-amd64-libvirt-qcow2 14 migrate-support-check        fail never pass
 test-amd64-amd64-libvirt-raw 14 migrate-support-check        fail   never pass
 test-armhf-armhf-xl-credit2  15 migrate-support-check        fail   never pass
 test-armhf-armhf-xl-credit2  16 saverestore-support-check    fail   never pass
 test-amd64-amd64-libvirt-vhd 14 migrate-support-check        fail   never pass
 test-armhf-armhf-xl-qcow2    14 migrate-support-check        fail   never pass
 test-armhf-armhf-xl-qcow2    15 saverestore-support-check    fail   never pass
 test-arm64-arm64-xl-vhd      14 migrate-support-check        fail   never pass
 test-arm64-arm64-xl-vhd      15 saverestore-support-check    fail   never pass
 test-arm64-arm64-libvirt-raw 14 migrate-support-check        fail   never pass
 test-arm64-arm64-libvirt-raw 15 saverestore-support-check    fail   never pass
 test-armhf-armhf-xl-raw      14 migrate-support-check        fail   never pass
 test-armhf-armhf-xl-raw      15 saverestore-support-check    fail   never pass
 test-armhf-armhf-xl-arndale  15 migrate-support-check        fail   never pass
 test-armhf-armhf-xl-arndale  16 saverestore-support-check    fail   never pass

version targeted for testing:
 linux                d30d0e49da71de8df10bf3ff1b3de880653af562
baseline version:
 linux                2df0193e62cf887f373995fb8a91068562784adc

Last test of basis   186260  2024-06-06 00:12:08 Z    1 days
Testing same since   186268  2024-06-06 17:10:36 Z    0 days    1 attempts

------------------------------------------------------------
People who touched revisions under test:
  Aditya Kumar Singh <[email protected]>
  Aleksandr Mishin <[email protected]>
  Alexei Starovoitov <[email protected]>
  Alexis LothorĂ© <[email protected]>
  Andrii Nakryiko <[email protected]>
  Antonio Quartulli <[email protected]>
  Ard Biesheuvel <[email protected]>
  Ayala Beker <[email protected]>
  Baochen Qiang <[email protected]>
  Benjamin Berg <[email protected]>
  Bitterblue Smith <[email protected]>
  Breno Leitao <[email protected]>
  Carl Huang <[email protected]>
  Chandan Kumar Rout <[email protected]>
  Chris Maness <[email protected]>
  Cong Wang <[email protected]>
  Dan Cross <[email protected]>
  Daniel Borkmann <[email protected]>
  David S. Miller <[email protected]>
  DelphineCCChiu <[email protected]>
  Dmitry Antipov <[email protected]>
  Dmitry Baryshkov <[email protected]>
  Dmitry Safonov <[email protected]>
  Duoming Zhou <[email protected]>
  Emmanuel Grumbach <[email protected]>
  Eric Dumazet <[email protected]>
  Frank Wunderlich <[email protected]>
  Geliang Tang <[email protected]>
  Guilherme G. Piccoli <[email protected]>
  Hangbin Liu <[email protected]>
  Hangyu Hua <[email protected]>
  Heng Qi <[email protected]>
  Huacai Chen <[email protected]>
  Ilan Peer <[email protected]>
  Jacob Keller <[email protected]>
  Jakub Kicinski <[email protected]>
  Jason Wang <[email protected]>
  Jason Xing <[email protected]>
  Jeff Johnson <[email protected]>
  Jiri Olsa <[email protected]>
  Johannes Berg <[email protected]>
  Kalle Valo <[email protected]>
  Kalle Valo <[email protected]>
  Karol Kolacinski <[email protected]>
  Kuniyuki Iwashima <[email protected]>
  Lars Kellogg-Stedman <[email protected]>
  Larysa Zaremba <[email protected]>
  Lin Ma <[email protected]>
  Lingbo Kong <[email protected]>
  Linus Torvalds <[email protected]>
  Luca Weiss <[email protected]>
  Magnus Karlsson <[email protected]>
  Matthias Stocker <[email protected]>
  Matthieu Baerts (NGI0) <[email protected]>
  Michael S. Tsirkin <[email protected]>
  Miri Korenblit <[email protected]>
  Mordechay Goodstein <[email protected]>
  Moshe Shemesh <[email protected]>
  Naama Meir <[email protected]>
  Nathan Chancellor <[email protected]>
  Nicolas Escande <[email protected]>
  Paolo Abeni <[email protected]>
  Paul Greenwalt <[email protected]>
  Peter Geis <[email protected]>
  Ping-Ke Shih <[email protected]>
  Pucha Himasekhar Reddy <[email protected]>
  Remi Pommarel <[email protected]>
  Richard Cochran <[email protected]>
  Sasha Neftin <[email protected]>
  Sebastian Andrzej Siewior <[email protected]>
  Sergey Ryazanov <[email protected]>
  Shahar S Matityahu <[email protected]>
  Shaul Triebitz <[email protected]>
  Shay Drory <[email protected]>
  Simon Horman <[email protected]>
  Su Hui <[email protected]>
  Subbaraya Sundeep <[email protected]>
  Taehee Yoo <[email protected]>
  Tariq Toukan <[email protected]>
  Tetsuo Handa <[email protected]>
  Thorsten Blum <[email protected]>
  Tristram Ha <[email protected]>
  Vadim Fedorenko <[email protected]>
  Vinicius Costa Gomes <[email protected]>
  Wen Gu <[email protected]>
  Yedidya Benshimol <[email protected]>

jobs:
 build-amd64-xsm                                              pass    
 build-arm64-xsm                                              pass    
 build-i386-xsm                                               pass    
 build-amd64                                                  pass    
 build-arm64                                                  pass    
 build-armhf                                                  pass    
 build-i386                                                   pass    
 build-amd64-libvirt                                          pass    
 build-arm64-libvirt                                          pass    
 build-armhf-libvirt                                          pass    
 build-i386-libvirt                                           pass    
 build-amd64-pvops                                            pass    
 build-arm64-pvops                                            pass    
 build-armhf-pvops                                            pass    
 build-i386-pvops                                             pass    
 test-amd64-amd64-xl                                          pass    
 test-amd64-coresched-amd64-xl                                pass    
 test-arm64-arm64-xl                                          pass    
 test-armhf-armhf-xl                                          pass    
 test-amd64-amd64-libvirt-qemuu-debianhvm-amd64-xsm           pass    
 test-amd64-amd64-xl-qemut-stubdom-debianhvm-amd64-xsm        pass    
 test-amd64-amd64-xl-qemut-debianhvm-i386-xsm                 pass    
 test-amd64-amd64-xl-qemuu-debianhvm-i386-xsm                 pass    
 test-amd64-amd64-libvirt-xsm                                 pass    
 test-arm64-arm64-libvirt-xsm                                 pass    
 test-amd64-amd64-xl-xsm                                      pass    
 test-arm64-arm64-xl-xsm                                      pass    
 test-amd64-amd64-qemuu-nested-amd                            fail    
 test-amd64-amd64-xl-pvhv2-amd                                pass    
 test-amd64-amd64-dom0pvh-xl-amd                              pass    
 test-amd64-amd64-xl-qemut-debianhvm-amd64                    pass    
 test-amd64-amd64-xl-qemuu-debianhvm-amd64                    pass    
 test-amd64-amd64-qemuu-freebsd11-amd64                       pass    
 test-amd64-amd64-qemuu-freebsd12-amd64                       pass    
 test-amd64-amd64-xl-qemuu-ovmf-amd64                         pass    
 test-amd64-amd64-xl-qemut-win7-amd64                         fail    
 test-amd64-amd64-xl-qemuu-win7-amd64                         fail    
 test-amd64-amd64-xl-qemut-ws16-amd64                         fail    
 test-amd64-amd64-xl-qemuu-ws16-amd64                         fail    
 test-armhf-armhf-xl-arndale                                  pass    
 test-amd64-amd64-examine-bios                                pass    
 test-amd64-amd64-xl-credit1                                  pass    
 test-arm64-arm64-xl-credit1                                  pass    
 test-armhf-armhf-xl-credit1                                  pass    
 test-amd64-amd64-xl-credit2                                  pass    
 test-arm64-arm64-xl-credit2                                  pass    
 test-armhf-armhf-xl-credit2                                  pass    
 test-amd64-amd64-xl-qemuu-dmrestrict-amd64-dmrestrict        pass    
 test-amd64-amd64-examine                                     pass    
 test-arm64-arm64-examine                                     pass    
 test-armhf-armhf-examine                                     pass    
 test-amd64-amd64-qemuu-nested-intel                          pass    
 test-amd64-amd64-xl-pvhv2-intel                              pass    
 test-amd64-amd64-dom0pvh-xl-intel                            pass    
 test-amd64-amd64-libvirt                                     pass    
 test-armhf-armhf-libvirt                                     fail    
 test-amd64-amd64-xl-multivcpu                                pass    
 test-armhf-armhf-xl-multivcpu                                pass    
 test-amd64-amd64-pair                                        pass    
 test-amd64-amd64-libvirt-pair                                pass    
 test-amd64-amd64-xl-pvshim                                   pass    
 test-amd64-amd64-pygrub                                      pass    
 test-amd64-amd64-libvirt-qcow2                               pass    
 test-amd64-amd64-xl-qcow2                                    pass    
 test-armhf-armhf-xl-qcow2                                    pass    
 test-amd64-amd64-libvirt-raw                                 pass    
 test-arm64-arm64-libvirt-raw                                 pass    
 test-amd64-amd64-xl-raw                                      pass    
 test-armhf-armhf-xl-raw                                      pass    
 test-amd64-amd64-xl-rtds                                     pass    
 test-armhf-armhf-xl-rtds                                     fail    
 test-amd64-amd64-xl-qemuu-debianhvm-amd64-shadow             pass    
 test-amd64-amd64-xl-shadow                                   pass    
 test-arm64-arm64-xl-thunderx                                 pass    
 test-amd64-amd64-examine-uefi                                pass    
 test-amd64-amd64-libvirt-vhd                                 pass    
 test-armhf-armhf-libvirt-vhd                                 fail    
 test-amd64-amd64-xl-vhd                                      pass    
 test-arm64-arm64-xl-vhd                                      pass    


------------------------------------------------------------
sg-report-flight on osstest.test-lab.xenproject.org
logs: /home/logs/logs
images: /home/logs/images

Logs, config files, etc. are available at
    http://logs.test-lab.xenproject.org/osstest/logs

Explanation of these reports, and of osstest in general, is at
    http://xenbits.xen.org/gitweb/?p=osstest.git;a=blob;f=README.email;hb=master
    http://xenbits.xen.org/gitweb/?p=osstest.git;a=blob;f=README;hb=master

Test harness code can be found at
    http://xenbits.xen.org/gitweb?p=osstest.git;a=summary


Pushing revision :

hint: The 'hooks/update' hook was ignored because it's not set as executable.
hint: You can disable this warning with `git config advice.ignoredHook false`.
hint: The 'hooks/post-receive' hook was ignored because it's not set as 
executable.
hint: You can disable this warning with `git config advice.ignoredHook false`.
hint: The 'hooks/post-update' hook was ignored because it's not set as 
executable.
hint: You can disable this warning with `git config advice.ignoredHook false`.
To xenbits.xen.org:/home/xen/git/linux-pvops.git
   2df0193e62cf..d30d0e49da71  d30d0e49da71de8df10bf3ff1b3de880653af562 -> 
tested/linux-linus

Reply via email to