flight 186231 linux-linus real [real]
http://logs.test-lab.xenproject.org/osstest/logs/186231/

Failures :-/ but no regressions.

Regressions which are regarded as allowable (not blocking):
 test-armhf-armhf-xl-rtds      8 xen-boot                 fail REGR. vs. 186212

Tests which did not succeed, but are not blocking:
 test-armhf-armhf-libvirt   16 saverestore-support-check fail blocked in 186212
 test-armhf-armhf-libvirt-vhd  8 xen-boot                     fail  like 186212
 test-amd64-amd64-xl-qemut-win7-amd64 19 guest-stop            fail like 186212
 test-amd64-amd64-xl-qemuu-win7-amd64 19 guest-stop            fail like 186212
 test-amd64-amd64-xl-qemuu-ws16-amd64 19 guest-stop            fail like 186212
 test-amd64-amd64-xl-qemut-ws16-amd64 19 guest-stop            fail like 186212
 test-amd64-amd64-qemuu-nested-amd 20 debian-hvm-install/l1/l2 fail like 186212
 test-amd64-amd64-libvirt     15 migrate-support-check        fail   never pass
 test-amd64-amd64-libvirt-xsm 15 migrate-support-check        fail   never pass
 test-arm64-arm64-xl-thunderx 15 migrate-support-check        fail   never pass
 test-arm64-arm64-xl-thunderx 16 saverestore-support-check    fail   never pass
 test-amd64-amd64-libvirt-qemuu-debianhvm-amd64-xsm 13 migrate-support-check 
fail never pass
 test-arm64-arm64-xl-xsm      15 migrate-support-check        fail   never pass
 test-arm64-arm64-xl-xsm      16 saverestore-support-check    fail   never pass
 test-arm64-arm64-xl-credit1  15 migrate-support-check        fail   never pass
 test-arm64-arm64-xl-credit1  16 saverestore-support-check    fail   never pass
 test-arm64-arm64-xl-credit2  15 migrate-support-check        fail   never pass
 test-arm64-arm64-xl-credit2  16 saverestore-support-check    fail   never pass
 test-arm64-arm64-libvirt-xsm 15 migrate-support-check        fail   never pass
 test-arm64-arm64-libvirt-xsm 16 saverestore-support-check    fail   never pass
 test-arm64-arm64-xl          15 migrate-support-check        fail   never pass
 test-arm64-arm64-xl          16 saverestore-support-check    fail   never pass
 test-armhf-armhf-xl          15 migrate-support-check        fail   never pass
 test-armhf-armhf-xl          16 saverestore-support-check    fail   never pass
 test-armhf-armhf-xl-credit1  15 migrate-support-check        fail   never pass
 test-armhf-armhf-xl-credit1  16 saverestore-support-check    fail   never pass
 test-armhf-armhf-xl-multivcpu 15 migrate-support-check        fail  never pass
 test-armhf-armhf-libvirt     15 migrate-support-check        fail   never pass
 test-armhf-armhf-xl-multivcpu 16 saverestore-support-check    fail  never pass
 test-amd64-amd64-libvirt-qcow2 14 migrate-support-check        fail never pass
 test-amd64-amd64-libvirt-raw 14 migrate-support-check        fail   never pass
 test-armhf-armhf-xl-arndale  15 migrate-support-check        fail   never pass
 test-armhf-armhf-xl-arndale  16 saverestore-support-check    fail   never pass
 test-armhf-armhf-xl-credit2  15 migrate-support-check        fail   never pass
 test-armhf-armhf-xl-credit2  16 saverestore-support-check    fail   never pass
 test-amd64-amd64-libvirt-vhd 14 migrate-support-check        fail   never pass
 test-armhf-armhf-xl-qcow2    14 migrate-support-check        fail   never pass
 test-armhf-armhf-xl-qcow2    15 saverestore-support-check    fail   never pass
 test-arm64-arm64-xl-vhd      14 migrate-support-check        fail   never pass
 test-arm64-arm64-xl-vhd      15 saverestore-support-check    fail   never pass
 test-arm64-arm64-libvirt-raw 14 migrate-support-check        fail   never pass
 test-arm64-arm64-libvirt-raw 15 saverestore-support-check    fail   never pass
 test-armhf-armhf-xl-raw      14 migrate-support-check        fail   never pass
 test-armhf-armhf-xl-raw      15 saverestore-support-check    fail   never pass

version targeted for testing:
 linux                83814698cf48ce3aadc5d88a3f577f04482ff92a
baseline version:
 linux                d8ec19857b095b39d114ae299713bd8ea6c1e66a

Last test of basis   186212  2024-05-31 19:10:39 Z    1 days
Failing since        186217  2024-06-01 02:33:17 Z    1 days    4 attempts
Testing same since   186231  2024-06-02 11:33:31 Z    0 days    1 attempts

------------------------------------------------------------
People who touched revisions under test:
  "Darrick J. Wong" <[email protected]>
  "Rob Herring (Arm)" <[email protected]>
  Abhinav Kumar <[email protected]>
  Adrián Larumbe <[email protected]>
  Alex Deucher <[email protected]>
  Alexandre Belloni <[email protected]>
  Alexandre Ghiti <[email protected]>
  Alina Yu <[email protected]>
  Andi Shyti <[email protected]>
  Andy Shevchenko <[email protected]>
  Armin Wolf <[email protected]>
  Arnd Bergmann <[email protected]>
  Barry Song <[email protected]>
  Boris Brezillon <[email protected]>
  Breno Leitao <[email protected]>
  Chandan Babu R <[email protected]>
  Charles Keepax <[email protected]>
  Chen-Yu Tsai <[email protected]>
  Chris Wilson <[email protected]>
  Christian König <[email protected]>
  Christoph Hellwig <[email protected]>
  Coly Li <[email protected]>
  Damien Le Moal <[email protected]>
  Daniel Vetter <[email protected]>
  Danilo Krummrich <[email protected]>
  Darrick J. Wong <[email protected]>
  Dave Airlie <[email protected]>
  Disha Goel<[email protected]>
  Dmitry Baryshkov <[email protected]>
  Dongsheng Yang <[email protected]>
  Douglas Anderson <[email protected]>
  Fedor Pchelkin <[email protected]>
  Felix Kuehling <[email protected]>
  Gerald Loacker <[email protected]>
  Gnattu OC <[email protected]>
  Greg Kroah-Hartman <[email protected]>
  Guenter Roeck <[email protected]>
  Hannes Reinecke <[email protected]>
  Hans de Goede <[email protected]>
  Harshit Mogalapalli <[email protected]>
  Hawking Zhang <[email protected]>
  Heiner Kallweit <[email protected]>
  hexue <[email protected]>
  Himal Prasad Ghimiray <[email protected]>
  hmtheboy154 <[email protected]>
  Imre Deak <[email protected]>
  Jacek Lawrynowicz <[email protected]>
  Jani Nikula <[email protected]>
  Janusz Krzysztofik <[email protected]>
  Jassi Brar <[email protected]>
  Javier Carrasco <[email protected]>
  Jeff Johnson <[email protected]>
  Jens Axboe <[email protected]>
  Jesse Zhang <[email protected]>
  Jessica Zhang <[email protected]>
  Jian Ye <[email protected]>
  Jim Wylder <[email protected]>
  John Garry <[email protected]>
  John Harrison <[email protected]>
  José Roberto de Souza <[email protected]>
  Julia Filipchuk <[email protected]>
  Kanchan Joshi <[email protected]>
  Keith Busch <[email protected]>
  Kent Overstreet <[email protected]>
  Kundan Kumar <[email protected]>
  Linus Torvalds <[email protected]>
  Lukas Bulwahn <[email protected]>
  Luke D. Jones <[email protected]>
  Maarten Lankhorst <[email protected]>
  Mario Limonciello <[email protected]>
  Mark Brown <[email protected]>
  Masahiro Yamada <[email protected]>
  Matthew Auld <[email protected]>
  Matthew Brost <[email protected]>
  Matthew Wilcox (Oracle) <[email protected]>
  Matthias Maennich <[email protected]>
  Michael Ellerman <[email protected]>
  Mickaël Salaün <[email protected]>
  Miguel Ojeda <[email protected]>
  Mike Snitzer <[email protected]>
  Mingzhe Zou <[email protected]>
  Mohamed Ahmed <[email protected]>
  Nam Cao <[email protected]>
  Nathan Lynch <[email protected]>
  Neil Armstrong <[email protected]>
  Nilay Shroff <[email protected]>
  Niranjana Vishwanathapura <[email protected]>
  Nirmoy Das <[email protected]>
  Nícolas F. R. A. Prado <[email protected]>
  Pali Rohár <[email protected]>
  Palmer Dabbelt <[email protected]>
  Paul E. McKenney <[email protected]>
  Peter Colberg <[email protected]>
  Peter Ujfalusi <[email protected]>
  Pierre-Louis Bossart <[email protected]>
  Puranjay Mohan <[email protected]>
  Rajneesh Bhardwaj <[email protected]>
  Ritesh Harjani (IBM) <[email protected]>
  Rob Herring (Arm) <[email protected]>
  Robin Murphy <[email protected]>
  Rodrigo Vivi <[email protected]>
  Sagi Grimberg <[email protected]>
  Samuel Holland <[email protected]>
  Sergey Matyukevich <[email protected]>
  Shinichiro Kawasaki <[email protected]>
  Srinivas Pandruvada <[email protected]>
  Steve French <[email protected]>
  Steven Rostedt (Google) <[email protected]>
  Takashi Iwai <[email protected]>
  Takashi Sakamoto <[email protected]>
  Tanmay Shah <[email protected]>
  Tejun Heo <[email protected]>
  Tetsuo Handa <[email protected]>
  Thierry Reding <[email protected]>
  Thomas Hellstrom <[email protected]>
  Thomas Hellström <[email protected]>
  Thomas Zimmermann <[email protected]>
  Uwe Kleine-König <[email protected]>
  Val Packett <[email protected]>
  Vidya Srinivas <[email protected]>
  Ville Syrjälä <[email protected]>
  Wachowski, Karol <[email protected]>
  Waiman Long <[email protected]>
  Witold Sadowski <[email protected]>

jobs:
 build-amd64-xsm                                              pass    
 build-arm64-xsm                                              pass    
 build-i386-xsm                                               pass    
 build-amd64                                                  pass    
 build-arm64                                                  pass    
 build-armhf                                                  pass    
 build-i386                                                   pass    
 build-amd64-libvirt                                          pass    
 build-arm64-libvirt                                          pass    
 build-armhf-libvirt                                          pass    
 build-i386-libvirt                                           pass    
 build-amd64-pvops                                            pass    
 build-arm64-pvops                                            pass    
 build-armhf-pvops                                            pass    
 build-i386-pvops                                             pass    
 test-amd64-amd64-xl                                          pass    
 test-amd64-coresched-amd64-xl                                pass    
 test-arm64-arm64-xl                                          pass    
 test-armhf-armhf-xl                                          pass    
 test-amd64-amd64-libvirt-qemuu-debianhvm-amd64-xsm           pass    
 test-amd64-amd64-xl-qemut-stubdom-debianhvm-amd64-xsm        pass    
 test-amd64-amd64-xl-qemut-debianhvm-i386-xsm                 pass    
 test-amd64-amd64-xl-qemuu-debianhvm-i386-xsm                 pass    
 test-amd64-amd64-libvirt-xsm                                 pass    
 test-arm64-arm64-libvirt-xsm                                 pass    
 test-amd64-amd64-xl-xsm                                      pass    
 test-arm64-arm64-xl-xsm                                      pass    
 test-amd64-amd64-qemuu-nested-amd                            fail    
 test-amd64-amd64-xl-pvhv2-amd                                pass    
 test-amd64-amd64-dom0pvh-xl-amd                              pass    
 test-amd64-amd64-xl-qemut-debianhvm-amd64                    pass    
 test-amd64-amd64-xl-qemuu-debianhvm-amd64                    pass    
 test-amd64-amd64-qemuu-freebsd11-amd64                       pass    
 test-amd64-amd64-qemuu-freebsd12-amd64                       pass    
 test-amd64-amd64-xl-qemuu-ovmf-amd64                         pass    
 test-amd64-amd64-xl-qemut-win7-amd64                         fail    
 test-amd64-amd64-xl-qemuu-win7-amd64                         fail    
 test-amd64-amd64-xl-qemut-ws16-amd64                         fail    
 test-amd64-amd64-xl-qemuu-ws16-amd64                         fail    
 test-armhf-armhf-xl-arndale                                  pass    
 test-amd64-amd64-examine-bios                                pass    
 test-amd64-amd64-xl-credit1                                  pass    
 test-arm64-arm64-xl-credit1                                  pass    
 test-armhf-armhf-xl-credit1                                  pass    
 test-amd64-amd64-xl-credit2                                  pass    
 test-arm64-arm64-xl-credit2                                  pass    
 test-armhf-armhf-xl-credit2                                  pass    
 test-amd64-amd64-xl-qemuu-dmrestrict-amd64-dmrestrict        pass    
 test-amd64-amd64-examine                                     pass    
 test-arm64-arm64-examine                                     pass    
 test-armhf-armhf-examine                                     pass    
 test-amd64-amd64-qemuu-nested-intel                          pass    
 test-amd64-amd64-xl-pvhv2-intel                              pass    
 test-amd64-amd64-dom0pvh-xl-intel                            pass    
 test-amd64-amd64-libvirt                                     pass    
 test-armhf-armhf-libvirt                                     pass    
 test-amd64-amd64-xl-multivcpu                                pass    
 test-armhf-armhf-xl-multivcpu                                pass    
 test-amd64-amd64-pair                                        pass    
 test-amd64-amd64-libvirt-pair                                pass    
 test-amd64-amd64-xl-pvshim                                   pass    
 test-amd64-amd64-pygrub                                      pass    
 test-amd64-amd64-libvirt-qcow2                               pass    
 test-amd64-amd64-xl-qcow2                                    pass    
 test-armhf-armhf-xl-qcow2                                    pass    
 test-amd64-amd64-libvirt-raw                                 pass    
 test-arm64-arm64-libvirt-raw                                 pass    
 test-amd64-amd64-xl-raw                                      pass    
 test-armhf-armhf-xl-raw                                      pass    
 test-amd64-amd64-xl-rtds                                     pass    
 test-armhf-armhf-xl-rtds                                     fail    
 test-amd64-amd64-xl-qemuu-debianhvm-amd64-shadow             pass    
 test-amd64-amd64-xl-shadow                                   pass    
 test-arm64-arm64-xl-thunderx                                 pass    
 test-amd64-amd64-examine-uefi                                pass    
 test-amd64-amd64-libvirt-vhd                                 pass    
 test-armhf-armhf-libvirt-vhd                                 fail    
 test-amd64-amd64-xl-vhd                                      pass    
 test-arm64-arm64-xl-vhd                                      pass    


------------------------------------------------------------
sg-report-flight on osstest.test-lab.xenproject.org
logs: /home/logs/logs
images: /home/logs/images

Logs, config files, etc. are available at
    http://logs.test-lab.xenproject.org/osstest/logs

Explanation of these reports, and of osstest in general, is at
    http://xenbits.xen.org/gitweb/?p=osstest.git;a=blob;f=README.email;hb=master
    http://xenbits.xen.org/gitweb/?p=osstest.git;a=blob;f=README;hb=master

Test harness code can be found at
    http://xenbits.xen.org/gitweb?p=osstest.git;a=summary


Pushing revision :

hint: The 'hooks/update' hook was ignored because it's not set as executable.
hint: You can disable this warning with `git config advice.ignoredHook false`.
hint: The 'hooks/post-receive' hook was ignored because it's not set as 
executable.
hint: You can disable this warning with `git config advice.ignoredHook false`.
hint: The 'hooks/post-update' hook was ignored because it's not set as 
executable.
hint: You can disable this warning with `git config advice.ignoredHook false`.
To xenbits.xen.org:/home/xen/git/linux-pvops.git
   d8ec19857b09..83814698cf48  83814698cf48ce3aadc5d88a3f577f04482ff92a -> 
tested/linux-linus

Reply via email to