flight 186117 xen-unstable-smoke real [real] http://logs.test-lab.xenproject.org/osstest/logs/186117/
Failures :-/ but no regressions. Tests which did not succeed, but are not blocking: test-amd64-amd64-libvirt 15 migrate-support-check fail never pass test-arm64-arm64-xl-xsm 15 migrate-support-check fail never pass test-arm64-arm64-xl-xsm 16 saverestore-support-check fail never pass test-armhf-armhf-xl 15 migrate-support-check fail never pass test-armhf-armhf-xl 16 saverestore-support-check fail never pass version targeted for testing: xen 2a40b106e92aaa7ce808c8608dd6473edc67f608 baseline version: xen ced21fbb2842ac4655048bdee56232974ff9ff9c Last test of basis 186064 2024-05-21 15:04:02 Z 2 days Failing since 186104 2024-05-23 09:00:22 Z 0 days 4 attempts Testing same since 186117 2024-05-23 17:02:09 Z 0 days 1 attempts ------------------------------------------------------------ People who touched revisions under test: Alejandro Vallejo <[email protected]> Alessandro Zucchelli <[email protected]> Andrew Cooper <[email protected]> Bobby Eshleman <[email protected]> Christian Lindig <[email protected]> George Dunlap <[email protected]> Jan Beulich <[email protected]> Julien Grall <[email protected]> Olaf Hering <[email protected]> Oleksandr Andrushchenko <[email protected]> Oleksii Kurochko <[email protected]> Roger Pau Monné <[email protected]> Stewart Hildebrand <[email protected]> Tamas K Lengyel <[email protected]> Volodymyr Babchuk <[email protected]> jobs: build-arm64-xsm pass build-amd64 pass build-armhf pass build-amd64-libvirt pass test-armhf-armhf-xl pass test-arm64-arm64-xl-xsm pass test-amd64-amd64-xl-qemuu-debianhvm-amd64 pass test-amd64-amd64-libvirt pass ------------------------------------------------------------ sg-report-flight on osstest.test-lab.xenproject.org logs: /home/logs/logs images: /home/logs/images Logs, config files, etc. are available at http://logs.test-lab.xenproject.org/osstest/logs Explanation of these reports, and of osstest in general, is at http://xenbits.xen.org/gitweb/?p=osstest.git;a=blob;f=README.email;hb=master http://xenbits.xen.org/gitweb/?p=osstest.git;a=blob;f=README;hb=master Test harness code can be found at http://xenbits.xen.org/gitweb?p=osstest.git;a=summary Pushing revision : To xenbits.xen.org:/home/xen/git/xen.git ced21fbb28..2a40b106e9 2a40b106e92aaa7ce808c8608dd6473edc67f608 -> smoke
