flight 186072 linux-linus real [real]
http://logs.test-lab.xenproject.org/osstest/logs/186072/

Regressions :-(

Tests which did not succeed and are blocking,
including tests which could not be run:
 build-amd64-xsm               6 xen-build                fail REGR. vs. 186052
 build-amd64                   6 xen-build                fail REGR. vs. 186052
 build-i386                    6 xen-build                fail REGR. vs. 186052
 test-armhf-armhf-xl           8 xen-boot                 fail REGR. vs. 186052
 build-i386-xsm                6 xen-build                fail REGR. vs. 186052
 test-armhf-armhf-libvirt-vhd  8 xen-boot                 fail REGR. vs. 186052

Tests which did not succeed, but are not blocking:
 test-amd64-amd64-xl-vhd       1 build-check(1)               blocked  n/a
 test-amd64-amd64-xl-shadow    1 build-check(1)               blocked  n/a
 test-amd64-amd64-xl-rtds      1 build-check(1)               blocked  n/a
 test-amd64-amd64-xl-raw       1 build-check(1)               blocked  n/a
 test-amd64-amd64-xl-qemuu-ws16-amd64  1 build-check(1)             blocked n/a
 test-amd64-amd64-xl-qemuu-win7-amd64  1 build-check(1)             blocked n/a
 test-amd64-amd64-xl-qemuu-ovmf-amd64  1 build-check(1)             blocked n/a
 test-amd64-amd64-xl-qemuu-dmrestrict-amd64-dmrestrict 1 build-check(1) blocked 
n/a
 test-amd64-amd64-xl-qemuu-debianhvm-i386-xsm  1 build-check(1)     blocked n/a
 test-amd64-amd64-xl-qemuu-debianhvm-amd64-shadow  1 build-check(1) blocked n/a
 test-amd64-amd64-xl-qemuu-debianhvm-amd64  1 build-check(1)        blocked n/a
 test-amd64-amd64-xl-qemut-ws16-amd64  1 build-check(1)             blocked n/a
 build-amd64-libvirt           1 build-check(1)               blocked  n/a
 test-amd64-amd64-xl-qemut-win7-amd64  1 build-check(1)             blocked n/a
 test-amd64-amd64-xl-qemut-stubdom-debianhvm-amd64-xsm 1 build-check(1) blocked 
n/a
 test-amd64-amd64-xl-qemut-debianhvm-i386-xsm  1 build-check(1)     blocked n/a
 test-amd64-amd64-xl-qemut-debianhvm-amd64  1 build-check(1)        blocked n/a
 test-amd64-amd64-xl-qcow2     1 build-check(1)               blocked  n/a
 test-amd64-amd64-xl-pvshim    1 build-check(1)               blocked  n/a
 build-i386-libvirt            1 build-check(1)               blocked  n/a
 test-amd64-amd64-xl-pvhv2-intel  1 build-check(1)               blocked  n/a
 test-amd64-amd64-dom0pvh-xl-amd  1 build-check(1)               blocked  n/a
 test-amd64-amd64-xl-pvhv2-amd  1 build-check(1)               blocked  n/a
 test-amd64-amd64-dom0pvh-xl-intel  1 build-check(1)               blocked  n/a
 test-amd64-amd64-xl-multivcpu  1 build-check(1)               blocked  n/a
 test-amd64-amd64-examine      1 build-check(1)               blocked  n/a
 test-amd64-amd64-examine-bios  1 build-check(1)               blocked  n/a
 test-amd64-amd64-examine-uefi  1 build-check(1)               blocked  n/a
 test-amd64-amd64-xl-credit2   1 build-check(1)               blocked  n/a
 test-amd64-amd64-libvirt      1 build-check(1)               blocked  n/a
 test-amd64-amd64-libvirt-pair  1 build-check(1)               blocked  n/a
 test-amd64-amd64-xl-credit1   1 build-check(1)               blocked  n/a
 test-amd64-amd64-libvirt-qcow2  1 build-check(1)               blocked  n/a
 test-amd64-amd64-libvirt-qemuu-debianhvm-amd64-xsm 1 build-check(1) blocked n/a
 test-amd64-amd64-xl           1 build-check(1)               blocked  n/a
 test-amd64-amd64-libvirt-raw  1 build-check(1)               blocked  n/a
 test-amd64-amd64-libvirt-vhd  1 build-check(1)               blocked  n/a
 test-amd64-amd64-qemuu-nested-intel  1 build-check(1)              blocked n/a
 test-amd64-amd64-libvirt-xsm  1 build-check(1)               blocked  n/a
 test-amd64-amd64-pair         1 build-check(1)               blocked  n/a
 test-amd64-amd64-qemuu-nested-amd  1 build-check(1)               blocked  n/a
 test-amd64-amd64-pygrub       1 build-check(1)               blocked  n/a
 test-amd64-amd64-qemuu-freebsd11-amd64  1 build-check(1)           blocked n/a
 test-amd64-amd64-qemuu-freebsd12-amd64  1 build-check(1)           blocked n/a
 test-amd64-amd64-xl-xsm       1 build-check(1)               blocked  n/a
 test-amd64-coresched-amd64-xl  1 build-check(1)               blocked  n/a
 test-armhf-armhf-libvirt   16 saverestore-support-check fail blocked in 186052
 test-armhf-armhf-xl-qcow2     8 xen-boot                     fail  like 186052
 test-arm64-arm64-xl          15 migrate-support-check        fail   never pass
 test-arm64-arm64-xl          16 saverestore-support-check    fail   never pass
 test-arm64-arm64-libvirt-xsm 15 migrate-support-check        fail   never pass
 test-arm64-arm64-libvirt-xsm 16 saverestore-support-check    fail   never pass
 test-arm64-arm64-xl-xsm      15 migrate-support-check        fail   never pass
 test-arm64-arm64-xl-xsm      16 saverestore-support-check    fail   never pass
 test-arm64-arm64-xl-credit1  15 migrate-support-check        fail   never pass
 test-arm64-arm64-xl-credit1  16 saverestore-support-check    fail   never pass
 test-arm64-arm64-xl-credit2  15 migrate-support-check        fail   never pass
 test-arm64-arm64-xl-credit2  16 saverestore-support-check    fail   never pass
 test-arm64-arm64-xl-thunderx 15 migrate-support-check        fail   never pass
 test-arm64-arm64-xl-thunderx 16 saverestore-support-check    fail   never pass
 test-armhf-armhf-xl-rtds     15 migrate-support-check        fail   never pass
 test-armhf-armhf-xl-rtds     16 saverestore-support-check    fail   never pass
 test-armhf-armhf-xl-arndale  15 migrate-support-check        fail   never pass
 test-armhf-armhf-xl-arndale  16 saverestore-support-check    fail   never pass
 test-armhf-armhf-libvirt     15 migrate-support-check        fail   never pass
 test-arm64-arm64-xl-vhd      14 migrate-support-check        fail   never pass
 test-arm64-arm64-xl-vhd      15 saverestore-support-check    fail   never pass
 test-armhf-armhf-xl-credit2  15 migrate-support-check        fail   never pass
 test-armhf-armhf-xl-credit2  16 saverestore-support-check    fail   never pass
 test-armhf-armhf-xl-multivcpu 15 migrate-support-check        fail  never pass
 test-armhf-armhf-xl-multivcpu 16 saverestore-support-check    fail  never pass
 test-armhf-armhf-xl-credit1  15 migrate-support-check        fail   never pass
 test-armhf-armhf-xl-credit1  16 saverestore-support-check    fail   never pass
 test-arm64-arm64-libvirt-raw 14 migrate-support-check        fail   never pass
 test-arm64-arm64-libvirt-raw 15 saverestore-support-check    fail   never pass
 test-armhf-armhf-xl-raw      14 migrate-support-check        fail   never pass
 test-armhf-armhf-xl-raw      15 saverestore-support-check    fail   never pass

version targeted for testing:
 linux                29c73fc794c83505066ee6db893b2a83ac5fac63
baseline version:
 linux                8f6a15f095a63a83b096d9b29aaff4f0fbe6f6e6

Last test of basis   186052  2024-05-21 01:42:42 Z    2 days
Failing since        186065  2024-05-21 16:10:24 Z    1 days    2 attempts
Testing same since   186072  2024-05-22 07:52:24 Z    0 days    1 attempts

------------------------------------------------------------
People who touched revisions under test:
  "Liang, Kan" <[email protected]>
  "Ricardo B. Marliere" <[email protected]>
  Abel Vesa <[email protected]>
  Adam Ford <[email protected]>
  Adrian Hunter <[email protected]>
  Al Viro <[email protected]>
  Alex Deucher <[email protected]>
  Alexander Egorenkov <[email protected]>
  Alexander Gordeev <[email protected]>
  Alexander Stein <[email protected]>
  Alexandra Winter <[email protected]>
  Alexey Kardashevskiy <[email protected]>
  Allen Pais <[email protected]>
  Allen Pais <[email protected]>
  Amrit Anand <[email protected]>
  Andi Kleen <[email protected]>
  Andrew Davis <[email protected]>
  Andy Shevchenko <[email protected]>
  AngeloGioacchino Del Regno <[email protected]>
  Anne Macedo <[email protected]>
  Anshuman Khandual <[email protected]>
  Apurva Nandan <[email protected]>
  Ard Biesheuvel <[email protected]>
  Arnaldo Carvalho de Melo <[email protected]>
  Arnd Bergmann <[email protected]>
  Athira Rajeev <[email protected]>
  Atish Patra <[email protected]>
  Bard Liao <[email protected]>
  Baruch Siach <[email protected]>
  Beleswar Padhi <[email protected]>
  Ben Levinsky <[email protected]>
  Benjamin Tissoires <[email protected]>
  Bhaskar Chowdhury <[email protected]>
  Bjorn Andersson <[email protected]>
  Bjorn Helgaas <[email protected]>
  Chaitanya S Prakash <[email protected]>
  Chen Ni <[email protected]>
  Chen Pei <[email protected]>
  Christian Brauner <[email protected]>
  Clark Wang <[email protected]>
  Claudio Imbrenda <[email protected]>
  Colin Ian King <[email protected]>
  Conor Dooley <[email protected]>
  Cristian Marussi <[email protected]>
  Damien Le Moal <[email protected]>
  Dan Carpenter <[email protected]>
  Dan Williams <[email protected]>
  Daniel Golle <[email protected]>
  Daniel Lezcano <[email protected]>
  Danila Tikhonov <[email protected]>
  Dave Jiang <[email protected]>
  Dennis Dalessandro <[email protected]>
  Devyn Liu <[email protected]>
  Dima Kogan <[email protected]>
  Dmitry Baryshkov <[email protected]>
  Dominique Martinet <[email protected]>
  Duoming Zhou <[email protected]>
  Eric Heintzmann <[email protected]>
  Erick Archer <[email protected]>
  Ethan Adams <[email protected]>
  Fenghua Yu <[email protected]>
  Frank Li <[email protected]>
  Frank Wang <[email protected]>
  Frieder Schrempf <[email protected]> # Kontron BL
  Ganapatrao Kulkarni <[email protected]>
  Geert Uytterhoeven <[email protected]>
  Greg Kroah-Hartman <[email protected]>
  Greg Ungerer <[email protected]>
  Hans de Goede <[email protected]>
  Harald Freudenberger <[email protected]>
  He Zhe <[email protected]>
  Heiko Carstens <[email protected]>
  Heiko Stuebner <[email protected]>
  Heiner Kallweit <[email protected]>
  Holger Dengler <[email protected]>
  Howard Chu <[email protected]>
  Ian Rogers <[email protected]>
  Ilkka Koskinen <[email protected]>
  Ilpo Järvinen <[email protected]>
  Iuliana Prodan <[email protected]>
  James Clark <[email protected]>
  Jan Kiszka <[email protected]>
  Jarkko Sakkinen <[email protected]>
  Jason-JH.Lin <[email protected]>
  Jassi Brar <[email protected]>
  Jens Remus <[email protected]>
  Jerry Snitselaar <[email protected]>
  Jiri Olsa <[email protected]>
  Joao Pinto <[email protected]>
  Joao Pinto <[email protected]>
  Joy Zou <[email protected]>
  Jules Irenge <[email protected]>
  Julien Panis <[email protected]>
  Kai-Heng Feng <[email protected]>
  Kan Liang <[email protected]>
  Kent Overstreet <[email protected]>
  Komal Bajaj <[email protected]>
  Konrad Dybcio <[email protected]>
  Konstantin Kharlamov <[email protected]>
  Krzysztof Kozlowski <[email protected]>
  Krzysztof Kozlowski <[email protected]>
  Krzysztof Wilczyński <[email protected]>
  Kuan-Wei Chiu <[email protected]>
  Kunwu Chan <[email protected]>
  Kuppuswamy Sathyanarayanan <[email protected]>
  Kyle Meyer <[email protected]>
  Laura Nao <[email protected]>
  Leonard Crestez <[email protected]>
  Lijun Pan <[email protected]>
  Linus Torvalds <[email protected]>
  Luca Ceresoli <[email protected]>
  Luca Weiss <[email protected]>
  Lucas Stach <[email protected]>
  Madadi Vineeth Reddy <[email protected]>
  Manivannan Sadhasivam <[email protected]>
  Marc Hartmayer <[email protected]>
  Marco Felsch <[email protected]>
  Marek Vasut <[email protected]>
  Mario Limonciello <[email protected]>
  Mark Brown <[email protected]>
  Martin K. Petersen <[email protected]>
  Masami Hiramatsu <[email protected]>
  Mateusz Kaduk <[email protected]>
  Mathieu Poirier <[email protected]>
  Michal Simek <[email protected]>
  Miguel Ojeda <[email protected]>
  Mika Westerberg <[email protected]>
  Mike Snitzer <[email protected]>
  Miklos Szeredi <[email protected]>
  Mikulas Patocka <[email protected]>
  Mrinmay Sarkar <[email protected]>
  Nam Cao <[email protected]>
  Namhyung Kim <[email protected]>
  Neil Armstrong <[email protected]>
  Nicolin Chen <[email protected]>
  Niklas Cassel <[email protected]>
  Nuno Sa <[email protected]>
  Olivia Wen <[email protected]>
  Peng Ma <[email protected]>
  Peter Griffin <[email protected]>
  Pierre-Louis Bossart <[email protected]>
  Radhey Shyam Pandey <[email protected]>
  Rafael J. Wysocki <[email protected]>
  Randy Dunlap <[email protected]>
  Ranjani Sridharan <[email protected]>
  Ricardo B. Marliere <[email protected]>
  Richard Leitner <[email protected]>
  Rick Wertenbroek <[email protected]>
  Rob Herring (Arm) <[email protected]>
  Rob Herring <[email protected]>
  Robin Gong <[email protected]>
  Rohit Agarwal <[email protected]>
  Saeed Nowshadi <[email protected]>
  Samasth Norway Ananda <[email protected]>
  Sandipan Das <[email protected]>
  Satish Thatchanamurthy <[email protected]> # one platform
  Sean Anderson <[email protected]>
  Sebastian Reichel <[email protected]>
  Sergio Paracuellos <[email protected]>
  Shengjiu Wang <[email protected]>
  Siddharth Vadapalli <[email protected]>
  Srikanth Krishnakar <[email protected]>
  Stephen Rothwell <[email protected]> # PowerPC le incermental build
  Sumanth Korikkar <[email protected]>
  Sven Schnelle <[email protected]>
  Tan Chun Hau <[email protected]>
  Tanmay Shah <[email protected]>
  Thomas Huth <[email protected]>
  Thomas Richter <[email protected]>
  Tommaso Merciai <[email protected]>
  Tycho Andersen <[email protected]>
  Uwe Kleine-König <[email protected]>
  Vidya Sagar <[email protected]>
  Vijendar Mukunda <[email protected]>
  Vincent Guittot <[email protected]>
  Vinod Koul <[email protected]>
  Vipul Kumar <[email protected]>
  Viresh Kumar <[email protected]>
  Weilin Wang <[email protected]>
  Wendy Wang <[email protected]>
  Yang Jihong <[email protected]>
  Yoshihiro Shimoda <[email protected]>
  Yu Kuai <[email protected]>
  Yury Norov <[email protected]>
  Zhang Yubing <[email protected]>

jobs:
 build-amd64-xsm                                              fail    
 build-arm64-xsm                                              pass    
 build-i386-xsm                                               fail    
 build-amd64                                                  fail    
 build-arm64                                                  pass    
 build-armhf                                                  pass    
 build-i386                                                   fail    
 build-amd64-libvirt                                          blocked 
 build-arm64-libvirt                                          pass    
 build-armhf-libvirt                                          pass    
 build-i386-libvirt                                           blocked 
 build-amd64-pvops                                            pass    
 build-arm64-pvops                                            pass    
 build-armhf-pvops                                            pass    
 build-i386-pvops                                             pass    
 test-amd64-amd64-xl                                          blocked 
 test-amd64-coresched-amd64-xl                                blocked 
 test-arm64-arm64-xl                                          pass    
 test-armhf-armhf-xl                                          fail    
 test-amd64-amd64-libvirt-qemuu-debianhvm-amd64-xsm           blocked 
 test-amd64-amd64-xl-qemut-stubdom-debianhvm-amd64-xsm        blocked 
 test-amd64-amd64-xl-qemut-debianhvm-i386-xsm                 blocked 
 test-amd64-amd64-xl-qemuu-debianhvm-i386-xsm                 blocked 
 test-amd64-amd64-libvirt-xsm                                 blocked 
 test-arm64-arm64-libvirt-xsm                                 pass    
 test-amd64-amd64-xl-xsm                                      blocked 
 test-arm64-arm64-xl-xsm                                      pass    
 test-amd64-amd64-qemuu-nested-amd                            blocked 
 test-amd64-amd64-xl-pvhv2-amd                                blocked 
 test-amd64-amd64-dom0pvh-xl-amd                              blocked 
 test-amd64-amd64-xl-qemut-debianhvm-amd64                    blocked 
 test-amd64-amd64-xl-qemuu-debianhvm-amd64                    blocked 
 test-amd64-amd64-qemuu-freebsd11-amd64                       blocked 
 test-amd64-amd64-qemuu-freebsd12-amd64                       blocked 
 test-amd64-amd64-xl-qemuu-ovmf-amd64                         blocked 
 test-amd64-amd64-xl-qemut-win7-amd64                         blocked 
 test-amd64-amd64-xl-qemuu-win7-amd64                         blocked 
 test-amd64-amd64-xl-qemut-ws16-amd64                         blocked 
 test-amd64-amd64-xl-qemuu-ws16-amd64                         blocked 
 test-armhf-armhf-xl-arndale                                  pass    
 test-amd64-amd64-examine-bios                                blocked 
 test-amd64-amd64-xl-credit1                                  blocked 
 test-arm64-arm64-xl-credit1                                  pass    
 test-armhf-armhf-xl-credit1                                  pass    
 test-amd64-amd64-xl-credit2                                  blocked 
 test-arm64-arm64-xl-credit2                                  pass    
 test-armhf-armhf-xl-credit2                                  pass    
 test-amd64-amd64-xl-qemuu-dmrestrict-amd64-dmrestrict        blocked 
 test-amd64-amd64-examine                                     blocked 
 test-arm64-arm64-examine                                     pass    
 test-armhf-armhf-examine                                     pass    
 test-amd64-amd64-qemuu-nested-intel                          blocked 
 test-amd64-amd64-xl-pvhv2-intel                              blocked 
 test-amd64-amd64-dom0pvh-xl-intel                            blocked 
 test-amd64-amd64-libvirt                                     blocked 
 test-armhf-armhf-libvirt                                     pass    
 test-amd64-amd64-xl-multivcpu                                blocked 
 test-armhf-armhf-xl-multivcpu                                pass    
 test-amd64-amd64-pair                                        blocked 
 test-amd64-amd64-libvirt-pair                                blocked 
 test-amd64-amd64-xl-pvshim                                   blocked 
 test-amd64-amd64-pygrub                                      blocked 
 test-amd64-amd64-libvirt-qcow2                               blocked 
 test-amd64-amd64-xl-qcow2                                    blocked 
 test-armhf-armhf-xl-qcow2                                    fail    
 test-amd64-amd64-libvirt-raw                                 blocked 
 test-arm64-arm64-libvirt-raw                                 pass    
 test-amd64-amd64-xl-raw                                      blocked 
 test-armhf-armhf-xl-raw                                      pass    
 test-amd64-amd64-xl-rtds                                     blocked 
 test-armhf-armhf-xl-rtds                                     pass    
 test-amd64-amd64-xl-qemuu-debianhvm-amd64-shadow             blocked 
 test-amd64-amd64-xl-shadow                                   blocked 
 test-arm64-arm64-xl-thunderx                                 pass    
 test-amd64-amd64-examine-uefi                                blocked 
 test-amd64-amd64-libvirt-vhd                                 blocked 
 test-armhf-armhf-libvirt-vhd                                 fail    
 test-amd64-amd64-xl-vhd                                      blocked 
 test-arm64-arm64-xl-vhd                                      pass    


------------------------------------------------------------
sg-report-flight on osstest.test-lab.xenproject.org
logs: /home/logs/logs
images: /home/logs/images

Logs, config files, etc. are available at
    http://logs.test-lab.xenproject.org/osstest/logs

Explanation of these reports, and of osstest in general, is at
    http://xenbits.xen.org/gitweb/?p=osstest.git;a=blob;f=README.email;hb=master
    http://xenbits.xen.org/gitweb/?p=osstest.git;a=blob;f=README;hb=master

Test harness code can be found at
    http://xenbits.xen.org/gitweb?p=osstest.git;a=summary


Not pushing.

(No revision log; it would be 17610 lines long.)

Reply via email to