flight 186041 linux-linus real [real]
flight 186043 linux-linus real-retest [real]
http://logs.test-lab.xenproject.org/osstest/logs/186041/
http://logs.test-lab.xenproject.org/osstest/logs/186043/

Regressions :-(

Tests which did not succeed and are blocking,
including tests which could not be run:
 test-armhf-armhf-libvirt      8 xen-boot                 fail REGR. vs. 186036
 test-armhf-armhf-examine      8 reboot                   fail REGR. vs. 186036

Tests which are failing intermittently (not blocking):
 test-armhf-armhf-xl-qcow2     8 xen-boot            fail pass in 186043-retest
 test-armhf-armhf-xl           8 xen-boot            fail pass in 186043-retest

Tests which did not succeed, but are not blocking:
 test-armhf-armhf-xl         15 migrate-support-check fail in 186043 never pass
 test-armhf-armhf-xl     16 saverestore-support-check fail in 186043 never pass
 test-armhf-armhf-xl-qcow2   14 migrate-support-check fail in 186043 never pass
 test-armhf-armhf-xl-qcow2 15 saverestore-support-check fail in 186043 never 
pass
 test-amd64-amd64-xl-qemut-win7-amd64 19 guest-stop            fail like 186036
 test-amd64-amd64-xl-qemuu-win7-amd64 19 guest-stop            fail like 186036
 test-amd64-amd64-xl-qemuu-ws16-amd64 19 guest-stop            fail like 186036
 test-amd64-amd64-qemuu-nested-amd 20 debian-hvm-install/l1/l2 fail like 186036
 test-amd64-amd64-xl-qemut-ws16-amd64 19 guest-stop            fail like 186036
 test-amd64-amd64-libvirt     15 migrate-support-check        fail   never pass
 test-amd64-amd64-libvirt-xsm 15 migrate-support-check        fail   never pass
 test-amd64-amd64-libvirt-qemuu-debianhvm-amd64-xsm 13 migrate-support-check 
fail never pass
 test-arm64-arm64-xl          15 migrate-support-check        fail   never pass
 test-arm64-arm64-xl          16 saverestore-support-check    fail   never pass
 test-arm64-arm64-libvirt-xsm 15 migrate-support-check        fail   never pass
 test-arm64-arm64-libvirt-xsm 16 saverestore-support-check    fail   never pass
 test-arm64-arm64-xl-xsm      15 migrate-support-check        fail   never pass
 test-arm64-arm64-xl-xsm      16 saverestore-support-check    fail   never pass
 test-arm64-arm64-xl-credit1  15 migrate-support-check        fail   never pass
 test-arm64-arm64-xl-credit1  16 saverestore-support-check    fail   never pass
 test-arm64-arm64-xl-credit2  15 migrate-support-check        fail   never pass
 test-arm64-arm64-xl-credit2  16 saverestore-support-check    fail   never pass
 test-arm64-arm64-xl-thunderx 15 migrate-support-check        fail   never pass
 test-arm64-arm64-xl-thunderx 16 saverestore-support-check    fail   never pass
 test-amd64-amd64-libvirt-qcow2 14 migrate-support-check        fail never pass
 test-amd64-amd64-libvirt-raw 14 migrate-support-check        fail   never pass
 test-armhf-armhf-xl-arndale  15 migrate-support-check        fail   never pass
 test-armhf-armhf-xl-arndale  16 saverestore-support-check    fail   never pass
 test-amd64-amd64-libvirt-vhd 14 migrate-support-check        fail   never pass
 test-arm64-arm64-xl-vhd      14 migrate-support-check        fail   never pass
 test-arm64-arm64-xl-vhd      15 saverestore-support-check    fail   never pass
 test-armhf-armhf-xl-credit2  15 migrate-support-check        fail   never pass
 test-armhf-armhf-xl-credit2  16 saverestore-support-check    fail   never pass
 test-armhf-armhf-xl-rtds     15 migrate-support-check        fail   never pass
 test-armhf-armhf-libvirt-vhd 14 migrate-support-check        fail   never pass
 test-armhf-armhf-xl-rtds     16 saverestore-support-check    fail   never pass
 test-armhf-armhf-libvirt-vhd 15 saverestore-support-check    fail   never pass
 test-armhf-armhf-xl-multivcpu 15 migrate-support-check        fail  never pass
 test-armhf-armhf-xl-multivcpu 16 saverestore-support-check    fail  never pass
 test-armhf-armhf-xl-credit1  15 migrate-support-check        fail   never pass
 test-armhf-armhf-xl-credit1  16 saverestore-support-check    fail   never pass
 test-arm64-arm64-libvirt-raw 14 migrate-support-check        fail   never pass
 test-arm64-arm64-libvirt-raw 15 saverestore-support-check    fail   never pass
 test-armhf-armhf-xl-raw      14 migrate-support-check        fail   never pass
 test-armhf-armhf-xl-raw      15 saverestore-support-check    fail   never pass

version targeted for testing:
 linux                a90f1cd105c6c5c246f07ca371d873d35b78c7d9
baseline version:
 linux                25f4874662fb0d43fc1d934dd7802b740ed2ab5f

Last test of basis   186036  2024-05-18 21:13:52 Z    1 days
Failing since        186038  2024-05-19 03:51:42 Z    1 days    3 attempts
Testing same since   186041  2024-05-19 20:13:42 Z    0 days    1 attempts

------------------------------------------------------------
People who touched revisions under test:
  "Chen, Tim C" <[email protected]>
  "Huang, Ying" <[email protected]>
  "King, Colin" <[email protected]>
  Adrian Hunter <[email protected]>
  Aleksandr Aprelkov <[email protected]>
  Alex Rusuf <[email protected]>
  Alex Shi (tencent) <[email protected]>
  Alex Shi <[email protected]>
  Alexandre Ghiti <[email protected]
  Alexei Starovoitov <[email protected]>
  Andrew Morton <[email protected]>
  Andy Shevchenko <[email protected]>
  Aneesh Kumar K.V (IBM) <[email protected]>
  Arnd Bergmann <[email protected]>
  Axel Rasmussen <[email protected]>
  Baokun Li <[email protected]>
  Baolin Wang <[email protected]>
  Baoquan He <[email protected]>
  Barry Song <[email protected]>
  Borislav Petkov (AMD) <[email protected]>
  Borislav Petkov <[email protected]>
  Breno Leitao <[email protected]>
  Brian Geffon <[email protected]>
  Catalin Marinas <[email protected]>
  Chang S. Bae <[email protected]>
  Cheng Yu <[email protected]>
  Chris Li <[email protected]>
  Christian Loehle <[email protected]>
  Christoph Hellwig <[email protected]>
  Christophe Leroy <[email protected]>
  Chuck Lever <[email protected]>
  Colin Ian King <[email protected]>
  Dan Carpenter <[email protected]>
  Daniel Thompson <[email protected]>
  Dave Hansen <[email protected]>
  David Hildenbrand <[email protected]>
  Dawei Li <[email protected]>
  Dennis Zhou <[email protected]>
  Dev Jain <[email protected]>
  Dhananjay Ugwekar <[email protected]>
  Dietmar Eggemann <[email protected]>
  Disha Goel <[email protected]>
  Donet Tom <[email protected]>
  Duoming Zhou <[email protected]>
  Frank van der Linden <[email protected]>
  Greg Kroah-Hartman <[email protected]>
  Guenter Roeck <[email protected]>
  Guoqing Jiang <[email protected]>
  Hao Ge <[email protected]>
  Hao Xiang <[email protected]>
  Hariom Panthi <[email protected]>
  Helge Deller <[email protected]>
  Helge Deller <[email protected]> [parisc]
  Ho-Ren (Jack) Chuang <[email protected]>
  Honggyu Kim <[email protected]>
  Huang Ying <[email protected]>
  Ingo Molnar <[email protected]>
  James Houghton <[email protected]>
  Jan Kara <[email protected]>
  Jan Kara <[email protected]>               [jbd2]
  Jeff Layton <[email protected]>
  Jinjiang Tu <[email protected]>
  Joel Granados <[email protected]>
  Johannes Weiner <[email protected]>
  John Hubbard <[email protected]>
  Justin Stitt <[email protected]>
  K Prateek Nayak <[email protected]>
  Kairui Song <[email protected]>
  Kees Cook <[email protected]>
  Kefeng Wang <[email protected]>
  Kemeng Shi <[email protected]>
  Kent Overstreet <[email protected]>
  Klara Modin <[email protected]>
  Konrad Dybcio <[email protected]> # QC SM8550 QRD
  Lance Yang <[email protected]>
  Len Brown <[email protected]>
  Li kunyu <[email protected]>
  Liam R. Howlett <[email protected]>
  linke li <[email protected]>
  Linus Torvalds <[email protected]>
  Liu Shixin <[email protected]>
  Long Li <[email protected]>
  Lorenzo Bianconi <[email protected]>
  Lucas Stach <[email protected]>
  Luis Henriques <[email protected]>
  Lukas Bulwahn <[email protected]>
  Matthew Wilcox (Oracle) <[email protected]>
  Matthew Wilcox <[email protected]>
  Max Kellermann <[email protected]>
  Mel Gorman <[email protected]>
  Miaohe Lin <[email protected]>
  Michael Ellerman <[email protected]>
  Michael Ellerman <[email protected]> (powerpc)
  Michael Forney <[email protected]>
  Michal Hocko <[email protected]>
  Miguel Ojeda <[email protected]>
  Nathan Chancellor <[email protected]>
  NeilBrown <[email protected]>
  Nhat Pham <[email protected]>
  Oscar Salvador <[email protected]>
  Pankaj Raghav <[email protected]>
  Patryk Wlazlyn <[email protected]>
  Peter Xu <[email protected]>
  Randy Dunlap <[email protected]>
  Rick Edgecombe <[email protected]>
  Ritesh Harjani (IBM) <[email protected]>
  Roman Gushchin <[email protected]>
  rulinhuang <[email protected]>
  Ryan Roberts <[email protected]>
  Saurav Shah <[email protected]>
  Sean Christopherson <[email protected]>       [KVM]
  SeongJae Park <[email protected]>
  Sergey Senozhatsky <[email protected]>
  Shakeel Butt <[email protected]>
  Sidhartha Kumar <[email protected]>
  Stephen Smalley <[email protected]>
  Steve French <[email protected]>
  Sudeep Holla <[email protected]>
  Suren Baghdasaryan <[email protected]>
  Tejun Heo <[email protected]>
  Theodore Ts'o <[email protected]>
  Thorsten Blum <[email protected]>
  Trond Myklebust <[email protected]>
  Usama Arif <[email protected]>
  Vincent Guittot <[email protected]>
  Vishal Moola (Oracle) <[email protected]>
  Vishal Verma <[email protected]>
  Vitalii Bursov <[email protected]>
  Vladimir Benes <[email protected]>
  Vlastimil Babka <[email protected]>
  Waiman Long <[email protected]>
  Wei Yang <[email protected]>
  Xiu Jianfeng <[email protected]>
  Yajun Deng <[email protected]>
  Ye Bin <[email protected]>
  York Jasper Niebuhr <[email protected]>
  Yosry Ahmed <[email protected]>
  Yu Zhao <[email protected]>
  Zhang Qiao <[email protected]>
  Zhang Rui <[email protected]>
  Zhang Yi <[email protected]>
  ZhangPeng <[email protected]>
  Zi Yan <[email protected]>

jobs:
 build-amd64-xsm                                              pass    
 build-arm64-xsm                                              pass    
 build-i386-xsm                                               pass    
 build-amd64                                                  pass    
 build-arm64                                                  pass    
 build-armhf                                                  pass    
 build-i386                                                   pass    
 build-amd64-libvirt                                          pass    
 build-arm64-libvirt                                          pass    
 build-armhf-libvirt                                          pass    
 build-i386-libvirt                                           pass    
 build-amd64-pvops                                            pass    
 build-arm64-pvops                                            pass    
 build-armhf-pvops                                            pass    
 build-i386-pvops                                             pass    
 test-amd64-amd64-xl                                          pass    
 test-amd64-coresched-amd64-xl                                pass    
 test-arm64-arm64-xl                                          pass    
 test-armhf-armhf-xl                                          fail    
 test-amd64-amd64-libvirt-qemuu-debianhvm-amd64-xsm           pass    
 test-amd64-amd64-xl-qemut-stubdom-debianhvm-amd64-xsm        pass    
 test-amd64-amd64-xl-qemut-debianhvm-i386-xsm                 pass    
 test-amd64-amd64-xl-qemuu-debianhvm-i386-xsm                 pass    
 test-amd64-amd64-libvirt-xsm                                 pass    
 test-arm64-arm64-libvirt-xsm                                 pass    
 test-amd64-amd64-xl-xsm                                      pass    
 test-arm64-arm64-xl-xsm                                      pass    
 test-amd64-amd64-qemuu-nested-amd                            fail    
 test-amd64-amd64-xl-pvhv2-amd                                pass    
 test-amd64-amd64-dom0pvh-xl-amd                              pass    
 test-amd64-amd64-xl-qemut-debianhvm-amd64                    pass    
 test-amd64-amd64-xl-qemuu-debianhvm-amd64                    pass    
 test-amd64-amd64-qemuu-freebsd11-amd64                       pass    
 test-amd64-amd64-qemuu-freebsd12-amd64                       pass    
 test-amd64-amd64-xl-qemuu-ovmf-amd64                         pass    
 test-amd64-amd64-xl-qemut-win7-amd64                         fail    
 test-amd64-amd64-xl-qemuu-win7-amd64                         fail    
 test-amd64-amd64-xl-qemut-ws16-amd64                         fail    
 test-amd64-amd64-xl-qemuu-ws16-amd64                         fail    
 test-armhf-armhf-xl-arndale                                  pass    
 test-amd64-amd64-examine-bios                                pass    
 test-amd64-amd64-xl-credit1                                  pass    
 test-arm64-arm64-xl-credit1                                  pass    
 test-armhf-armhf-xl-credit1                                  pass    
 test-amd64-amd64-xl-credit2                                  pass    
 test-arm64-arm64-xl-credit2                                  pass    
 test-armhf-armhf-xl-credit2                                  pass    
 test-amd64-amd64-xl-qemuu-dmrestrict-amd64-dmrestrict        pass    
 test-amd64-amd64-examine                                     pass    
 test-arm64-arm64-examine                                     pass    
 test-armhf-armhf-examine                                     fail    
 test-amd64-amd64-qemuu-nested-intel                          pass    
 test-amd64-amd64-xl-pvhv2-intel                              pass    
 test-amd64-amd64-dom0pvh-xl-intel                            pass    
 test-amd64-amd64-libvirt                                     pass    
 test-armhf-armhf-libvirt                                     fail    
 test-amd64-amd64-xl-multivcpu                                pass    
 test-armhf-armhf-xl-multivcpu                                pass    
 test-amd64-amd64-pair                                        pass    
 test-amd64-amd64-libvirt-pair                                pass    
 test-amd64-amd64-xl-pvshim                                   pass    
 test-amd64-amd64-pygrub                                      pass    
 test-amd64-amd64-libvirt-qcow2                               pass    
 test-amd64-amd64-xl-qcow2                                    pass    
 test-armhf-armhf-xl-qcow2                                    fail    
 test-amd64-amd64-libvirt-raw                                 pass    
 test-arm64-arm64-libvirt-raw                                 pass    
 test-amd64-amd64-xl-raw                                      pass    
 test-armhf-armhf-xl-raw                                      pass    
 test-amd64-amd64-xl-rtds                                     pass    
 test-armhf-armhf-xl-rtds                                     pass    
 test-amd64-amd64-xl-qemuu-debianhvm-amd64-shadow             pass    
 test-amd64-amd64-xl-shadow                                   pass    
 test-arm64-arm64-xl-thunderx                                 pass    
 test-amd64-amd64-examine-uefi                                pass    
 test-amd64-amd64-libvirt-vhd                                 pass    
 test-armhf-armhf-libvirt-vhd                                 pass    
 test-amd64-amd64-xl-vhd                                      pass    
 test-arm64-arm64-xl-vhd                                      pass    


------------------------------------------------------------
sg-report-flight on osstest.test-lab.xenproject.org
logs: /home/logs/logs
images: /home/logs/images

Logs, config files, etc. are available at
    http://logs.test-lab.xenproject.org/osstest/logs

Explanation of these reports, and of osstest in general, is at
    http://xenbits.xen.org/gitweb/?p=osstest.git;a=blob;f=README.email;hb=master
    http://xenbits.xen.org/gitweb/?p=osstest.git;a=blob;f=README;hb=master

Test harness code can be found at
    http://xenbits.xen.org/gitweb?p=osstest.git;a=summary


Not pushing.

(No revision log; it would be 17098 lines long.)

Reply via email to