flight 186036 linux-linus real [real]
http://logs.test-lab.xenproject.org/osstest/logs/186036/

Failures :-/ but no regressions.

Tests which did not succeed, but are not blocking:
 test-amd64-amd64-xl-qemut-win7-amd64 19 guest-stop            fail like 186035
 test-amd64-amd64-xl-qemuu-win7-amd64 19 guest-stop            fail like 186035
 test-amd64-amd64-xl-qemuu-ws16-amd64 19 guest-stop            fail like 186035
 test-armhf-armhf-libvirt     16 saverestore-support-check    fail  like 186035
 test-amd64-amd64-qemuu-nested-amd 20 debian-hvm-install/l1/l2 fail like 186035
 test-amd64-amd64-xl-qemut-ws16-amd64 19 guest-stop            fail like 186035
 test-amd64-amd64-libvirt     15 migrate-support-check        fail   never pass
 test-amd64-amd64-libvirt-xsm 15 migrate-support-check        fail   never pass
 test-amd64-amd64-libvirt-qemuu-debianhvm-amd64-xsm 13 migrate-support-check 
fail never pass
 test-arm64-arm64-xl          15 migrate-support-check        fail   never pass
 test-arm64-arm64-xl          16 saverestore-support-check    fail   never pass
 test-arm64-arm64-xl-credit2  15 migrate-support-check        fail   never pass
 test-arm64-arm64-xl-credit2  16 saverestore-support-check    fail   never pass
 test-arm64-arm64-libvirt-xsm 15 migrate-support-check        fail   never pass
 test-arm64-arm64-libvirt-xsm 16 saverestore-support-check    fail   never pass
 test-arm64-arm64-xl-xsm      15 migrate-support-check        fail   never pass
 test-arm64-arm64-xl-xsm      16 saverestore-support-check    fail   never pass
 test-arm64-arm64-xl-credit1  15 migrate-support-check        fail   never pass
 test-arm64-arm64-xl-credit1  16 saverestore-support-check    fail   never pass
 test-armhf-armhf-xl-arndale  15 migrate-support-check        fail   never pass
 test-armhf-armhf-xl-arndale  16 saverestore-support-check    fail   never pass
 test-arm64-arm64-xl-thunderx 15 migrate-support-check        fail   never pass
 test-arm64-arm64-xl-thunderx 16 saverestore-support-check    fail   never pass
 test-amd64-amd64-libvirt-qcow2 14 migrate-support-check        fail never pass
 test-amd64-amd64-libvirt-raw 14 migrate-support-check        fail   never pass
 test-amd64-amd64-libvirt-vhd 14 migrate-support-check        fail   never pass
 test-arm64-arm64-xl-vhd      14 migrate-support-check        fail   never pass
 test-arm64-arm64-xl-vhd      15 saverestore-support-check    fail   never pass
 test-armhf-armhf-xl-credit2  15 migrate-support-check        fail   never pass
 test-armhf-armhf-xl-credit2  16 saverestore-support-check    fail   never pass
 test-armhf-armhf-xl-rtds     15 migrate-support-check        fail   never pass
 test-armhf-armhf-xl-rtds     16 saverestore-support-check    fail   never pass
 test-armhf-armhf-xl-multivcpu 15 migrate-support-check        fail  never pass
 test-armhf-armhf-xl-multivcpu 16 saverestore-support-check    fail  never pass
 test-armhf-armhf-xl          15 migrate-support-check        fail   never pass
 test-armhf-armhf-xl          16 saverestore-support-check    fail   never pass
 test-armhf-armhf-libvirt     15 migrate-support-check        fail   never pass
 test-armhf-armhf-xl-credit1  15 migrate-support-check        fail   never pass
 test-armhf-armhf-xl-credit1  16 saverestore-support-check    fail   never pass
 test-armhf-armhf-libvirt-vhd 14 migrate-support-check        fail   never pass
 test-armhf-armhf-libvirt-vhd 15 saverestore-support-check    fail   never pass
 test-arm64-arm64-libvirt-raw 14 migrate-support-check        fail   never pass
 test-arm64-arm64-libvirt-raw 15 saverestore-support-check    fail   never pass
 test-armhf-armhf-xl-qcow2    14 migrate-support-check        fail   never pass
 test-armhf-armhf-xl-qcow2    15 saverestore-support-check    fail   never pass
 test-armhf-armhf-xl-raw      14 migrate-support-check        fail   never pass
 test-armhf-armhf-xl-raw      15 saverestore-support-check    fail   never pass

version targeted for testing:
 linux                25f4874662fb0d43fc1d934dd7802b740ed2ab5f
baseline version:
 linux                4b377b4868ef17b040065bd468668c707d2477a5

Last test of basis   186035  2024-05-18 13:41:54 Z    0 days
Testing same since   186036  2024-05-18 21:13:52 Z    0 days    1 attempts

------------------------------------------------------------
People who touched revisions under test:
  Abel Vesa <[email protected]>
  Aleksandr Aprelkov <[email protected]>
  Alexandre Mergnat <[email protected]>
  Andrew Davis <[email protected]>
  André Draszik <[email protected]>
  Andy Shevchenko <[email protected]>
  Ard Biesheuvel <[email protected]>
  Arnd Bergmann <[email protected]>
  Babis Chalios <[email protected]>
  Bagas Sanjaya <[email protected]>
  Binbin Zhou <[email protected]>
  Bjorn Andersson <[email protected]>
  Bob Pearson <[email protected]>
  Boshi Yu <[email protected]>
  Breno Leitao <[email protected]>
  Catalin Marinas <[email protected]>
  Catalin Popescu <[email protected]>
  Chengchang Tang <[email protected]>
  Chiara Meiohas <[email protected]>
  Christian Marangi <[email protected]>
  Christophe JAILLET <[email protected]>
  Claudiu Beznea <[email protected]>
  Colin Ian King <[email protected]>
  Cong Dang <[email protected]>
  Conor Dooley <[email protected]>
  Cristian Marussi <[email protected]>
  David Jander <[email protected]>
  David Rientjes <[email protected]>
  Dimitri Sivanich <[email protected]>
  Dmitry Baryshkov <[email protected]>
  Dmitry Rokosov <[email protected]>
  Emil Renner Berthing <[email protected]>
  Erick Archer <[email protected]>
  Fabio Estevam <[email protected]>
  Frank Oltmanns <[email protected]>
  Gabor Juhos <[email protected]>
  Gabriel Fernandez <[email protected]>
  Geert Uytterhoeven <[email protected]>
  Georgi Djakov <[email protected]>
  Günther Noack <[email protected]>
  Hanjun Guo <[email protected]>
  Heiko Stuebner <[email protected]>
  Helge Deller <[email protected]>
  Herman van Hazendonk <[email protected]>
  Huacai Chen <[email protected]>
  Ilpo Järvinen <[email protected]>
  Inochi Amaoto <[email protected]>
  Ivanov Mikhail <[email protected]>
  Jaewon Kim <[email protected]>
  Jakub Kicinski <[email protected]>
  Jason A. Donenfeld <[email protected]>
  Jason Gunthorpe <[email protected]>
  Jens Axboe <[email protected]>
  Jernej Skrabec <[email protected]>
  Jerome Brunet <[email protected]>
  Jingqi Liu <[email protected]>
  Joerg Roedel <[email protected]>
  John Paul Adrian Glaubitz <[email protected]>
  Jules Irenge <[email protected]>
  Junxian Huang <[email protected]>
  Kathiravan Thirumoorthy <[email protected]>
  Klara Modin <[email protected]>
  Konstantin Taranov <[email protected]>
  Krzysztof Kozlowski <[email protected]>
  Krzysztof Kozlowski <[email protected]>
  Lad Prabhakar <[email protected]>
  Leon Romanovsky <[email protected]>
  Leon Romanovsky <[email protected]>
  Linus Torvalds <[email protected]>
  Lorenzo Bianconi <[email protected]>
  Lu Baolu <[email protected]>
  Luca Weiss <[email protected]>
  Luca Weiss <[email protected]>
  Lucas Stach <[email protected]>
  Marc Gonzalez <[email protected]>
  Marek Szyprowski <[email protected]>
  Masahiro Yamada <[email protected]>
  Michael Guralnik <[email protected]>
  Michael Margolin <[email protected]>
  Michael Shavit <[email protected]>
  Michal Schmidt <[email protected]>
  Mickaël Salaün <[email protected]>
  Nathan Chancellor <[email protected]>
  Neil Armstrong <[email protected]>
  Neil Armstrong <[email protected]> # on SM8550-HDK
  Neil Armstrong <[email protected]> # on SM8650-HDK
  Nick Desaulniers <[email protected]> # Boot
  Nicolin Chen <[email protected]>
  Niklas Schnelle <[email protected]>
  Nícolas F. R. A. Prado <[email protected]>
  Or Har-Toov <[email protected]>
  Pasha Tatashin <[email protected]>
  Paul Barker <[email protected]>
  Peng Fan <[email protected]>
  Peter Griffin <[email protected]>
  Rob Herring (Arm) <[email protected]>
  Rob Herring <[email protected]>
  Roberto Sassu <[email protected]>
  Robin Murphy <[email protected]>
  Sam Protsenko <[email protected]>
  Sascha Hauer <[email protected]>
  Satya Priya Kakitapalli <[email protected]>
  Sebastian Reichel <[email protected]>
  Selvin Xavier <[email protected]>
  Shameer Kolothum <[email protected]>
  Shengjiu Wang <[email protected]>
  Shreeya Patel <[email protected]>
  Stephen Boyd <[email protected]>
  Sudan Landge <[email protected]>
  Suravee Suthikulpanit <[email protected]>
  Thanh Le <[email protected]>
  Thanh Quan <[email protected]>
  Thierry Reding <[email protected]>
  Thomas Weißschuh <[email protected]>
  Thorsten Leemhuis <[email protected]>
  Tina Zhang <[email protected]>
  Tudor Ambarus <[email protected]>
  Tzung-Bi Shih <[email protected]>
  Uros Bizjak <[email protected]>
  Uwe Kleine-König <[email protected]>
  Vasant Hegde <[email protected]>
  Vladimir Zapolskiy <[email protected]>
  Wang Yao <[email protected]>
  Wei Huang <[email protected]>
  Wei Lei <[email protected]>
  Wenchao Hao <[email protected]>
  wenglianfa <[email protected]>
  Will Deacon <[email protected]>
  Yangyang Li <[email protected]>
  Yi Liu <[email protected]>
  Zhengchao Shao <[email protected]>
  Zhengping Zhang <[email protected]>
  Zhu Yanjun <[email protected]>

jobs:
 build-amd64-xsm                                              pass    
 build-arm64-xsm                                              pass    
 build-i386-xsm                                               pass    
 build-amd64                                                  pass    
 build-arm64                                                  pass    
 build-armhf                                                  pass    
 build-i386                                                   pass    
 build-amd64-libvirt                                          pass    
 build-arm64-libvirt                                          pass    
 build-armhf-libvirt                                          pass    
 build-i386-libvirt                                           pass    
 build-amd64-pvops                                            pass    
 build-arm64-pvops                                            pass    
 build-armhf-pvops                                            pass    
 build-i386-pvops                                             pass    
 test-amd64-amd64-xl                                          pass    
 test-amd64-coresched-amd64-xl                                pass    
 test-arm64-arm64-xl                                          pass    
 test-armhf-armhf-xl                                          pass    
 test-amd64-amd64-libvirt-qemuu-debianhvm-amd64-xsm           pass    
 test-amd64-amd64-xl-qemut-stubdom-debianhvm-amd64-xsm        pass    
 test-amd64-amd64-xl-qemut-debianhvm-i386-xsm                 pass    
 test-amd64-amd64-xl-qemuu-debianhvm-i386-xsm                 pass    
 test-amd64-amd64-libvirt-xsm                                 pass    
 test-arm64-arm64-libvirt-xsm                                 pass    
 test-amd64-amd64-xl-xsm                                      pass    
 test-arm64-arm64-xl-xsm                                      pass    
 test-amd64-amd64-qemuu-nested-amd                            fail    
 test-amd64-amd64-xl-pvhv2-amd                                pass    
 test-amd64-amd64-dom0pvh-xl-amd                              pass    
 test-amd64-amd64-xl-qemut-debianhvm-amd64                    pass    
 test-amd64-amd64-xl-qemuu-debianhvm-amd64                    pass    
 test-amd64-amd64-qemuu-freebsd11-amd64                       pass    
 test-amd64-amd64-qemuu-freebsd12-amd64                       pass    
 test-amd64-amd64-xl-qemuu-ovmf-amd64                         pass    
 test-amd64-amd64-xl-qemut-win7-amd64                         fail    
 test-amd64-amd64-xl-qemuu-win7-amd64                         fail    
 test-amd64-amd64-xl-qemut-ws16-amd64                         fail    
 test-amd64-amd64-xl-qemuu-ws16-amd64                         fail    
 test-armhf-armhf-xl-arndale                                  pass    
 test-amd64-amd64-examine-bios                                pass    
 test-amd64-amd64-xl-credit1                                  pass    
 test-arm64-arm64-xl-credit1                                  pass    
 test-armhf-armhf-xl-credit1                                  pass    
 test-amd64-amd64-xl-credit2                                  pass    
 test-arm64-arm64-xl-credit2                                  pass    
 test-armhf-armhf-xl-credit2                                  pass    
 test-amd64-amd64-xl-qemuu-dmrestrict-amd64-dmrestrict        pass    
 test-amd64-amd64-examine                                     pass    
 test-arm64-arm64-examine                                     pass    
 test-armhf-armhf-examine                                     pass    
 test-amd64-amd64-qemuu-nested-intel                          pass    
 test-amd64-amd64-xl-pvhv2-intel                              pass    
 test-amd64-amd64-dom0pvh-xl-intel                            pass    
 test-amd64-amd64-libvirt                                     pass    
 test-armhf-armhf-libvirt                                     pass    
 test-amd64-amd64-xl-multivcpu                                pass    
 test-armhf-armhf-xl-multivcpu                                pass    
 test-amd64-amd64-pair                                        pass    
 test-amd64-amd64-libvirt-pair                                pass    
 test-amd64-amd64-xl-pvshim                                   pass    
 test-amd64-amd64-pygrub                                      pass    
 test-amd64-amd64-libvirt-qcow2                               pass    
 test-amd64-amd64-xl-qcow2                                    pass    
 test-armhf-armhf-xl-qcow2                                    pass    
 test-amd64-amd64-libvirt-raw                                 pass    
 test-arm64-arm64-libvirt-raw                                 pass    
 test-amd64-amd64-xl-raw                                      pass    
 test-armhf-armhf-xl-raw                                      pass    
 test-amd64-amd64-xl-rtds                                     pass    
 test-armhf-armhf-xl-rtds                                     pass    
 test-amd64-amd64-xl-qemuu-debianhvm-amd64-shadow             pass    
 test-amd64-amd64-xl-shadow                                   pass    
 test-arm64-arm64-xl-thunderx                                 pass    
 test-amd64-amd64-examine-uefi                                pass    
 test-amd64-amd64-libvirt-vhd                                 pass    
 test-armhf-armhf-libvirt-vhd                                 pass    
 test-amd64-amd64-xl-vhd                                      pass    
 test-arm64-arm64-xl-vhd                                      pass    


------------------------------------------------------------
sg-report-flight on osstest.test-lab.xenproject.org
logs: /home/logs/logs
images: /home/logs/images

Logs, config files, etc. are available at
    http://logs.test-lab.xenproject.org/osstest/logs

Explanation of these reports, and of osstest in general, is at
    http://xenbits.xen.org/gitweb/?p=osstest.git;a=blob;f=README.email;hb=master
    http://xenbits.xen.org/gitweb/?p=osstest.git;a=blob;f=README;hb=master

Test harness code can be found at
    http://xenbits.xen.org/gitweb?p=osstest.git;a=summary


Pushing revision :

hint: The 'hooks/update' hook was ignored because it's not set as executable.
hint: You can disable this warning with `git config advice.ignoredHook false`.
hint: The 'hooks/post-receive' hook was ignored because it's not set as 
executable.
hint: You can disable this warning with `git config advice.ignoredHook false`.
hint: The 'hooks/post-update' hook was ignored because it's not set as 
executable.
hint: You can disable this warning with `git config advice.ignoredHook false`.
To xenbits.xen.org:/home/xen/git/linux-pvops.git
   4b377b4868ef..25f4874662fb  25f4874662fb0d43fc1d934dd7802b740ed2ab5f -> 
tested/linux-linus

Reply via email to