flight 186030 linux-linus real [real]
http://logs.test-lab.xenproject.org/osstest/logs/186030/

Failures :-/ but no regressions.

Tests which are failing intermittently (not blocking):
 test-armhf-armhf-xl-credit2   8 xen-boot         fail in 186023 pass in 186030
 test-amd64-amd64-xl-qemut-debianhvm-i386-xsm 12 debian-hvm-install fail in 
186023 pass in 186030
 test-armhf-armhf-xl-qcow2     8 xen-boot                   fail pass in 186023

Tests which did not succeed, but are not blocking:
 test-armhf-armhf-xl-arndale   8 xen-boot            fail in 186023 like 186010
 test-armhf-armhf-xl-multivcpu  8 xen-boot           fail in 186023 like 186010
 test-armhf-armhf-xl           8 xen-boot            fail in 186023 like 186010
 test-armhf-armhf-xl-raw       8 xen-boot            fail in 186023 like 186010
 test-armhf-armhf-examine      8 reboot              fail in 186023 like 186018
 test-armhf-armhf-xl-rtds    15 migrate-support-check fail in 186023 never pass
 test-armhf-armhf-xl-rtds 16 saverestore-support-check fail in 186023 never pass
 test-armhf-armhf-xl-qcow2   14 migrate-support-check fail in 186023 never pass
 test-armhf-armhf-xl-qcow2 15 saverestore-support-check fail in 186023 never 
pass
 test-armhf-armhf-xl-rtds      8 xen-boot                     fail  like 186010
 test-amd64-amd64-xl-qemut-win7-amd64 19 guest-stop            fail like 186018
 test-amd64-amd64-xl-qemuu-win7-amd64 19 guest-stop            fail like 186018
 test-amd64-amd64-xl-qemuu-ws16-amd64 19 guest-stop            fail like 186018
 test-armhf-armhf-xl-credit1   8 xen-boot                     fail  like 186018
 test-armhf-armhf-libvirt     16 saverestore-support-check    fail  like 186018
 test-amd64-amd64-qemuu-nested-amd 20 debian-hvm-install/l1/l2 fail like 186018
 test-amd64-amd64-xl-qemut-ws16-amd64 19 guest-stop            fail like 186018
 test-amd64-amd64-libvirt     15 migrate-support-check        fail   never pass
 test-amd64-amd64-libvirt-xsm 15 migrate-support-check        fail   never pass
 test-arm64-arm64-xl          15 migrate-support-check        fail   never pass
 test-arm64-arm64-xl-thunderx 15 migrate-support-check        fail   never pass
 test-arm64-arm64-xl          16 saverestore-support-check    fail   never pass
 test-arm64-arm64-xl-thunderx 16 saverestore-support-check    fail   never pass
 test-amd64-amd64-libvirt-qemuu-debianhvm-amd64-xsm 13 migrate-support-check 
fail never pass
 test-arm64-arm64-xl-credit2  15 migrate-support-check        fail   never pass
 test-arm64-arm64-xl-credit2  16 saverestore-support-check    fail   never pass
 test-arm64-arm64-libvirt-xsm 15 migrate-support-check        fail   never pass
 test-arm64-arm64-libvirt-xsm 16 saverestore-support-check    fail   never pass
 test-arm64-arm64-xl-xsm      15 migrate-support-check        fail   never pass
 test-arm64-arm64-xl-xsm      16 saverestore-support-check    fail   never pass
 test-arm64-arm64-xl-credit1  15 migrate-support-check        fail   never pass
 test-arm64-arm64-xl-credit1  16 saverestore-support-check    fail   never pass
 test-armhf-armhf-xl-arndale  15 migrate-support-check        fail   never pass
 test-armhf-armhf-xl-arndale  16 saverestore-support-check    fail   never pass
 test-amd64-amd64-libvirt-qcow2 14 migrate-support-check        fail never pass
 test-amd64-amd64-libvirt-raw 14 migrate-support-check        fail   never pass
 test-amd64-amd64-libvirt-vhd 14 migrate-support-check        fail   never pass
 test-arm64-arm64-xl-vhd      14 migrate-support-check        fail   never pass
 test-arm64-arm64-xl-vhd      15 saverestore-support-check    fail   never pass
 test-armhf-armhf-xl-credit2  15 migrate-support-check        fail   never pass
 test-armhf-armhf-xl-credit2  16 saverestore-support-check    fail   never pass
 test-armhf-armhf-xl-multivcpu 15 migrate-support-check        fail  never pass
 test-armhf-armhf-xl-multivcpu 16 saverestore-support-check    fail  never pass
 test-armhf-armhf-xl          15 migrate-support-check        fail   never pass
 test-armhf-armhf-xl          16 saverestore-support-check    fail   never pass
 test-armhf-armhf-libvirt     15 migrate-support-check        fail   never pass
 test-armhf-armhf-libvirt-vhd 14 migrate-support-check        fail   never pass
 test-armhf-armhf-libvirt-vhd 15 saverestore-support-check    fail   never pass
 test-arm64-arm64-libvirt-raw 14 migrate-support-check        fail   never pass
 test-arm64-arm64-libvirt-raw 15 saverestore-support-check    fail   never pass
 test-armhf-armhf-xl-raw      14 migrate-support-check        fail   never pass
 test-armhf-armhf-xl-raw      15 saverestore-support-check    fail   never pass

version targeted for testing:
 linux                ea5f6ad9ad9645733b72ab53a98e719b460d36a6
baseline version:
 linux                3c999d1ae3c75991902a1a7dad0cb62c2a3008b4

Last test of basis   186018  2024-05-16 15:33:02 Z    1 days
Testing same since   186023  2024-05-17 01:13:59 Z    1 days    2 attempts

------------------------------------------------------------
People who touched revisions under test:
  Aapo Vienamo <[email protected]>
  AceLan Kao <[email protected]>
  Adrian Hunter <[email protected]>
  Ai Chao <[email protected]>
  Aleksandr Burakov <[email protected]>
  Alex Volkov <[email protected]>
  Alexander Stein <[email protected]>
  Andreas Helbech Kleist <[email protected]>
  Andrzej Pietrasiewicz <[email protected]>
  Andy Shevchenko <[email protected]>
  Andy Shevchenko <[email protected]>
  Angelo Dureghello <[email protected]>
  Arend van Spriel <[email protected]>
  Armin Wolf <[email protected]>
  Arnd Bergmann <[email protected]>
  Arunpravin Paneer Selvam <[email protected]>
  Arvid Norlander <[email protected]>
  Avri Altman <[email protected]>
  Basavaraj Natikar <[email protected]>
  Bastien Curutchet <[email protected]>
  Ben Fradella <[email protected]>
  Benjamin Gaignard <[email protected]>
  Bingbu Cao <[email protected]>
  Bjorn Helgaas <[email protected]>
  Bryan O'Donoghue <[email protected]>
  Changhuang Liang <[email protected]>
  Claudiu Beznea <[email protected]>
  Colin Ian King <[email protected]>
  Conor Dooley <[email protected]>
  Dan Carpenter <[email protected]>
  Dave Airlie <[email protected]>
  Dave Stevenson <[email protected]>
  David E. Box <[email protected]>
  Denis Arefev <[email protected]>
  Devarsh Thakkar <[email protected]>
  Dongliang Mu <[email protected]>
  Erick Archer <[email protected]>
  Eugen Hristev <[email protected]>
  Fabio Estevam <[email protected]>
  Fei Shao <[email protected]>
  Felix Qin <[email protected]>
  Fullway Wang <[email protected]>
  Geert Uytterhoeven <[email protected]>
  Gergo Koteles <[email protected]>
  Greg Kroah-Hartman <[email protected]>
  hanchunchao <[email protected]>
  Hans de Goede <[email protected]>
  Hans Verkuil <[email protected]>
  Hien Huynh <[email protected]>
  Hongju Wang <[email protected]>
  Ihor Matushchak <[email protected]>
  Ilpo Järvinen <[email protected]>
  István Váradi <[email protected]>
  Ivor Wanders <[email protected]>
  Jackson Lee <[email protected]>
  Jacopo Mondi <[email protected]>
  Jai Luthra <[email protected]>
  Jean-Michel Hautbois <[email protected]>
  Jeff Johnson <[email protected]>
  Jernej Skrabec <[email protected]>
  Jisheng Zhang <[email protected]>
  Jithu Joseph <[email protected]>
  Johnson Wang <[email protected]>
  Jonathan Bergh <[email protected]>
  Jonathan Woithe <[email protected]>
  Judith Mendez <[email protected]>
  Julia Lawall <[email protected]>
  Julien Massot <[email protected]>
  Kai-Heng Feng <[email protected]>
  Kalle Valo <[email protected]>
  Kate Hsuan <[email protected]>
  Kieran Bingham <[email protected]>
  Klara Modin <[email protected]>
  Konrad Dybcio <[email protected]>
  Krzysztof Kozlowski <[email protected]>
  Krzysztof Kozlowski <[email protected]>
  Kuppuswamy Sathyanarayanan <[email protected]>
  Lad Prabhakar <[email protected]>
  Laurent Pinchart <[email protected]>
  Laurent Pinchart <[email protected]>
  Lee Jones <[email protected]>
  Li Zhijian <[email protected]>
  Linus Torvalds <[email protected]>
  Luke D. Jones <[email protected]>
  Mark Pearson <[email protected]>
  Martin Tůma <[email protected]>
  Matthias Schwarzott <[email protected]>
  Matthijs Kooijman <[email protected]>
  Maulik Shah <[email protected]>
  Mauro Carvalho Chehab <[email protected]>
  Maxim Korotkov <[email protected]>
  Maximilian Luz <[email protected]>
  Michael Bunk <[email protected]>
  Michael Walle <[email protected]>
  Miguel Ojeda <[email protected]>
  Mikhail Rudenko <[email protected]>
  Minghao Chi <[email protected]>
  Miquel Raynal <[email protected]>
  Mirela Rabulea <[email protected]>
  Muhammad Usama Anjum <[email protected]>
  Nathan Chancellor <[email protected]>
  Naushir Patuck <[email protected]>
  Nikita Travkin <[email protected]>
  Niklas Söderlund <[email protected]>
  Nitin Joshi <[email protected]>
  Oliver Neukum <[email protected]>
  Paweł Anikiel <[email protected]>
  Prasad Pandit <[email protected]>
  Pratyush Yadav <[email protected]>
  Pratyush Yadav <[email protected]>
  Rafael J. Wysocki <[email protected]>
  Rajeshwar R Shinde <[email protected]>
  Randy Dunlap <[email protected]>
  Ricardo B. Marliere <[email protected]>
  Ricardo Ribalda <[email protected]>
  Roman Bogoyev <[email protected]>
  Rouven Czerwinski <[email protected]>
  Sakari Ailus <[email protected]>
  Sean Young <[email protected]>
  Sebastian Fricke <[email protected]>
  Sergey Khimich <[email protected]>
  Shyam Sundar S K <[email protected]>
  Simon Glass <[email protected]>
  Srinivas Pandruvada <[email protected]>
  Stanislaw Gruszka <[email protected]>
  Stefan Herdler <[email protected]>
  Stefan Klug <[email protected]>
  Stephen Rothwell <[email protected]>
  Szilard Fabian <[email protected]>
  Thadeu Lima de Souza Cascardo <[email protected]>
  Tomi Valkeinen <[email protected]>
  Tzung-Bi Shih <[email protected]>
  Ulf Hansson <[email protected]>
  Umang Jain <[email protected]>
  Uwe Kleine-König <[email protected]>
  Vishnu Sankar <[email protected]>
  Víctor Gonzalo <[email protected]>
  Wadim Mueller <[email protected]>
  Weifeng Liu <[email protected]>
  Xi Pardee <[email protected]>
  yunshui <[email protected]>
  Zheyu Ma <[email protected]>
  Zhipeng Lu <[email protected]>

jobs:
 build-amd64-xsm                                              pass    
 build-arm64-xsm                                              pass    
 build-i386-xsm                                               pass    
 build-amd64                                                  pass    
 build-arm64                                                  pass    
 build-armhf                                                  pass    
 build-i386                                                   pass    
 build-amd64-libvirt                                          pass    
 build-arm64-libvirt                                          pass    
 build-armhf-libvirt                                          pass    
 build-i386-libvirt                                           pass    
 build-amd64-pvops                                            pass    
 build-arm64-pvops                                            pass    
 build-armhf-pvops                                            pass    
 build-i386-pvops                                             pass    
 test-amd64-amd64-xl                                          pass    
 test-amd64-coresched-amd64-xl                                pass    
 test-arm64-arm64-xl                                          pass    
 test-armhf-armhf-xl                                          pass    
 test-amd64-amd64-libvirt-qemuu-debianhvm-amd64-xsm           pass    
 test-amd64-amd64-xl-qemut-stubdom-debianhvm-amd64-xsm        pass    
 test-amd64-amd64-xl-qemut-debianhvm-i386-xsm                 pass    
 test-amd64-amd64-xl-qemuu-debianhvm-i386-xsm                 pass    
 test-amd64-amd64-libvirt-xsm                                 pass    
 test-arm64-arm64-libvirt-xsm                                 pass    
 test-amd64-amd64-xl-xsm                                      pass    
 test-arm64-arm64-xl-xsm                                      pass    
 test-amd64-amd64-qemuu-nested-amd                            fail    
 test-amd64-amd64-xl-pvhv2-amd                                pass    
 test-amd64-amd64-dom0pvh-xl-amd                              pass    
 test-amd64-amd64-xl-qemut-debianhvm-amd64                    pass    
 test-amd64-amd64-xl-qemuu-debianhvm-amd64                    pass    
 test-amd64-amd64-qemuu-freebsd11-amd64                       pass    
 test-amd64-amd64-qemuu-freebsd12-amd64                       pass    
 test-amd64-amd64-xl-qemuu-ovmf-amd64                         pass    
 test-amd64-amd64-xl-qemut-win7-amd64                         fail    
 test-amd64-amd64-xl-qemuu-win7-amd64                         fail    
 test-amd64-amd64-xl-qemut-ws16-amd64                         fail    
 test-amd64-amd64-xl-qemuu-ws16-amd64                         fail    
 test-armhf-armhf-xl-arndale                                  pass    
 test-amd64-amd64-examine-bios                                pass    
 test-amd64-amd64-xl-credit1                                  pass    
 test-arm64-arm64-xl-credit1                                  pass    
 test-armhf-armhf-xl-credit1                                  fail    
 test-amd64-amd64-xl-credit2                                  pass    
 test-arm64-arm64-xl-credit2                                  pass    
 test-armhf-armhf-xl-credit2                                  pass    
 test-amd64-amd64-xl-qemuu-dmrestrict-amd64-dmrestrict        pass    
 test-amd64-amd64-examine                                     pass    
 test-arm64-arm64-examine                                     pass    
 test-armhf-armhf-examine                                     pass    
 test-amd64-amd64-qemuu-nested-intel                          pass    
 test-amd64-amd64-xl-pvhv2-intel                              pass    
 test-amd64-amd64-dom0pvh-xl-intel                            pass    
 test-amd64-amd64-libvirt                                     pass    
 test-armhf-armhf-libvirt                                     pass    
 test-amd64-amd64-xl-multivcpu                                pass    
 test-armhf-armhf-xl-multivcpu                                pass    
 test-amd64-amd64-pair                                        pass    
 test-amd64-amd64-libvirt-pair                                pass    
 test-amd64-amd64-xl-pvshim                                   pass    
 test-amd64-amd64-pygrub                                      pass    
 test-amd64-amd64-libvirt-qcow2                               pass    
 test-amd64-amd64-xl-qcow2                                    pass    
 test-armhf-armhf-xl-qcow2                                    fail    
 test-amd64-amd64-libvirt-raw                                 pass    
 test-arm64-arm64-libvirt-raw                                 pass    
 test-amd64-amd64-xl-raw                                      pass    
 test-armhf-armhf-xl-raw                                      pass    
 test-amd64-amd64-xl-rtds                                     pass    
 test-armhf-armhf-xl-rtds                                     fail    
 test-amd64-amd64-xl-qemuu-debianhvm-amd64-shadow             pass    
 test-amd64-amd64-xl-shadow                                   pass    
 test-arm64-arm64-xl-thunderx                                 pass    
 test-amd64-amd64-examine-uefi                                pass    
 test-amd64-amd64-libvirt-vhd                                 pass    
 test-armhf-armhf-libvirt-vhd                                 pass    
 test-amd64-amd64-xl-vhd                                      pass    
 test-arm64-arm64-xl-vhd                                      pass    


------------------------------------------------------------
sg-report-flight on osstest.test-lab.xenproject.org
logs: /home/logs/logs
images: /home/logs/images

Logs, config files, etc. are available at
    http://logs.test-lab.xenproject.org/osstest/logs

Explanation of these reports, and of osstest in general, is at
    http://xenbits.xen.org/gitweb/?p=osstest.git;a=blob;f=README.email;hb=master
    http://xenbits.xen.org/gitweb/?p=osstest.git;a=blob;f=README;hb=master

Test harness code can be found at
    http://xenbits.xen.org/gitweb?p=osstest.git;a=summary


Pushing revision :

hint: The 'hooks/update' hook was ignored because it's not set as executable.
hint: You can disable this warning with `git config advice.ignoredHook false`.
hint: The 'hooks/post-receive' hook was ignored because it's not set as 
executable.
hint: You can disable this warning with `git config advice.ignoredHook false`.
hint: The 'hooks/post-update' hook was ignored because it's not set as 
executable.
hint: You can disable this warning with `git config advice.ignoredHook false`.
To xenbits.xen.org:/home/xen/git/linux-pvops.git
   3c999d1ae3c7..ea5f6ad9ad96  ea5f6ad9ad9645733b72ab53a98e719b460d36a6 -> 
tested/linux-linus

Reply via email to