flight 185964 xen-unstable-smoke real [real] http://logs.test-lab.xenproject.org/osstest/logs/185964/
Failures :-/ but no regressions. Tests which did not succeed, but are not blocking: test-amd64-amd64-libvirt 15 migrate-support-check fail never pass test-arm64-arm64-xl-xsm 15 migrate-support-check fail never pass test-arm64-arm64-xl-xsm 16 saverestore-support-check fail never pass test-armhf-armhf-xl 15 migrate-support-check fail never pass test-armhf-armhf-xl 16 saverestore-support-check fail never pass version targeted for testing: xen b0082b908391b29b7c4dd5e6c389ebd6481926f8 baseline version: xen 53959cb8309919fc2f157a1c99e0af2ce280cb84 Last test of basis 185958 2024-05-09 18:02:09 Z 0 days Testing same since 185964 2024-05-10 02:02:10 Z 0 days 1 attempts ------------------------------------------------------------ People who touched revisions under test: Alessandro Zucchelli <[email protected]> Federico Serafini <[email protected]> Luca Fancellu <[email protected]> Simone Ballarin <[email protected]> Stefano Stabellini <[email protected]> jobs: build-arm64-xsm pass build-amd64 pass build-armhf pass build-amd64-libvirt pass test-armhf-armhf-xl pass test-arm64-arm64-xl-xsm pass test-amd64-amd64-xl-qemuu-debianhvm-amd64 pass test-amd64-amd64-libvirt pass ------------------------------------------------------------ sg-report-flight on osstest.test-lab.xenproject.org logs: /home/logs/logs images: /home/logs/images Logs, config files, etc. are available at http://logs.test-lab.xenproject.org/osstest/logs Explanation of these reports, and of osstest in general, is at http://xenbits.xen.org/gitweb/?p=osstest.git;a=blob;f=README.email;hb=master http://xenbits.xen.org/gitweb/?p=osstest.git;a=blob;f=README;hb=master Test harness code can be found at http://xenbits.xen.org/gitweb?p=osstest.git;a=summary Pushing revision : To xenbits.xen.org:/home/xen/git/xen.git 53959cb830..b0082b9083 b0082b908391b29b7c4dd5e6c389ebd6481926f8 -> smoke
