flight 185902 linux-linus real [real] flight 185905 linux-linus real-retest [real] http://logs.test-lab.xenproject.org/osstest/logs/185902/ http://logs.test-lab.xenproject.org/osstest/logs/185905/
Regressions :-( Tests which did not succeed and are blocking, including tests which could not be run: test-armhf-armhf-xl-credit1 8 xen-boot fail REGR. vs. 185870 Tests which are failing intermittently (not blocking): test-amd64-amd64-xl-pvshim 20 guest-localmigrate/x10 fail pass in 185905-retest test-amd64-amd64-xl-qemut-debianhvm-i386-xsm 12 debian-hvm-install fail pass in 185905-retest Tests which did not succeed, but are not blocking: test-amd64-amd64-xl-qemut-win7-amd64 19 guest-stop fail like 185870 test-amd64-amd64-xl-qemuu-win7-amd64 19 guest-stop fail like 185870 test-amd64-amd64-xl-qemuu-ws16-amd64 19 guest-stop fail like 185870 test-armhf-armhf-libvirt 8 xen-boot fail like 185870 test-amd64-amd64-xl-qemut-ws16-amd64 19 guest-stop fail like 185870 test-amd64-amd64-qemuu-nested-amd 20 debian-hvm-install/l1/l2 fail like 185870 test-amd64-amd64-libvirt 15 migrate-support-check fail never pass test-amd64-amd64-libvirt-xsm 15 migrate-support-check fail never pass test-amd64-amd64-libvirt-qemuu-debianhvm-amd64-xsm 13 migrate-support-check fail never pass test-arm64-arm64-xl-credit1 15 migrate-support-check fail never pass test-arm64-arm64-xl-xsm 15 migrate-support-check fail never pass test-arm64-arm64-xl-credit1 16 saverestore-support-check fail never pass test-arm64-arm64-xl-xsm 16 saverestore-support-check fail never pass test-arm64-arm64-xl-thunderx 15 migrate-support-check fail never pass test-arm64-arm64-xl-thunderx 16 saverestore-support-check fail never pass test-arm64-arm64-libvirt-xsm 15 migrate-support-check fail never pass test-arm64-arm64-libvirt-xsm 16 saverestore-support-check fail never pass test-arm64-arm64-xl-credit2 15 migrate-support-check fail never pass test-arm64-arm64-xl-credit2 16 saverestore-support-check fail never pass test-arm64-arm64-xl 15 migrate-support-check fail never pass test-arm64-arm64-xl 16 saverestore-support-check fail never pass test-armhf-armhf-xl 15 migrate-support-check fail never pass test-armhf-armhf-xl 16 saverestore-support-check fail never pass test-amd64-amd64-libvirt-qcow2 14 migrate-support-check fail never pass test-amd64-amd64-libvirt-raw 14 migrate-support-check fail never pass test-armhf-armhf-xl-multivcpu 15 migrate-support-check fail never pass test-armhf-armhf-xl-multivcpu 16 saverestore-support-check fail never pass test-armhf-armhf-xl-arndale 15 migrate-support-check fail never pass test-armhf-armhf-xl-arndale 16 saverestore-support-check fail never pass test-amd64-amd64-libvirt-vhd 14 migrate-support-check fail never pass test-arm64-arm64-libvirt-raw 14 migrate-support-check fail never pass test-arm64-arm64-libvirt-raw 15 saverestore-support-check fail never pass test-arm64-arm64-xl-vhd 14 migrate-support-check fail never pass test-arm64-arm64-xl-vhd 15 saverestore-support-check fail never pass test-armhf-armhf-xl-qcow2 14 migrate-support-check fail never pass test-armhf-armhf-xl-qcow2 15 saverestore-support-check fail never pass test-armhf-armhf-libvirt-vhd 14 migrate-support-check fail never pass test-armhf-armhf-libvirt-vhd 15 saverestore-support-check fail never pass test-armhf-armhf-xl-rtds 15 migrate-support-check fail never pass test-armhf-armhf-xl-rtds 16 saverestore-support-check fail never pass test-armhf-armhf-xl-credit2 15 migrate-support-check fail never pass test-armhf-armhf-xl-credit2 16 saverestore-support-check fail never pass test-armhf-armhf-xl-raw 14 migrate-support-check fail never pass test-armhf-armhf-xl-raw 15 saverestore-support-check fail never pass version targeted for testing: linux 49a73b1652c58ef2a81776a12ad9ac0795f38de0 baseline version: linux b947cc5bf6d793101135265352e205aeb30b54f0 Last test of basis 185870 2024-04-29 17:43:51 Z 3 days Failing since 185888 2024-04-30 20:31:50 Z 2 days 5 attempts Testing same since 185902 2024-05-02 16:13:29 Z 0 days 1 attempts ------------------------------------------------------------ People who touched revisions under test: Alexander Potapenko <[email protected]> Alexandra Winter <[email protected]> Alexei Starovoitov <[email protected]> Andrii Nakryiko <[email protected]> Andy Shevchenko <[email protected]> AngeloGioacchino Del Regno <[email protected]> Anton Protopopov <[email protected]> Arnd Bergmann <[email protected]> Asbjørn Sloth Tønnesen <[email protected]> Audra Mitchell <[email protected]> Billy Tsai <[email protected]> Björn Töpel <[email protected]> Björn Töpel <[email protected]> Bui Quang Minh <[email protected]> Chen-Yu Tsai <[email protected]> Christoph Paasch <[email protected]> Chuck Lever <[email protected]> Claudiu Beznea <[email protected]> Dan Carpenter <[email protected]> Daniel Borkmann <[email protected]> David Bauer <[email protected]> David Howells <[email protected]> David S. Miller <[email protected]> Dima Ruinskiy <[email protected]> Donald Hunter <[email protected]> Doug Berger <[email protected]> Felix Fietkau <[email protected]> Florian Fainelli <[email protected]> Geert Uytterhoeven <[email protected]> Guillaume Nault <[email protected]> Hans de Goede <[email protected]> Ilpo Järvinen <[email protected]> Ilya Leoshkevich <[email protected]> Ivan Babrou <[email protected]> Jakub Kicinski <[email protected]> James Chapman <[email protected]> Jan Dakinevich <[email protected]> Jason Xing <[email protected]> Jeffrey Altman <[email protected]> Jesper Dangaard Brouer <[email protected]> John Garry <[email protected]> Kent Overstreet <[email protected]> Krzysztof Kozlowski <[email protected]> Krzysztof Kozlowski <[email protected]> Kuniyuki Iwashima <[email protected]> Lad Prabhakar <[email protected]> Lai Jiangshan <[email protected]> Linus Torvalds <[email protected]> Linus Walleij <[email protected]> Marc Dionne <[email protected]> Marek Behún <[email protected]> Mark Brown <[email protected]> Martin K. Petersen <[email protected]> Martin KaFai Lau <[email protected]> Matthieu Baerts (NGI0) <[email protected]> Matti Vaittinen <[email protected]> Nikolay Aleksandrov <[email protected]> Olga Kornievskaia <[email protected]> Oliver Upton <[email protected]> Paolo Abeni <[email protected]> Paolo Bonzini <[email protected]> Puranjay Mohan <[email protected]> Puranjay Mohan <[email protected]> Rafael J. Wysocki <[email protected]> Richard Gobert <[email protected]> Sasha Neftin <[email protected]> Sebastian Andrzej Siewior <[email protected]> Sebastian Reichel <[email protected]> Shigeru Yoshida <[email protected]> Srinivas Pandruvada <[email protected]> Stanislav Fomichev <[email protected]> Sven Schnelle <[email protected]> Takashi Sakamoto <[email protected]> Tejun Heo <[email protected]> Thanassis Avgerinos <[email protected]> Toke Høiland-Jørgensen <[email protected]> Tony Nguyen <[email protected]> Trond Myklebust <[email protected]> Vitaly Lifshits <[email protected]> Xin Long <[email protected]> Xingyou Chen <[email protected]> Xu Kuohai <[email protected]> Yunsheng Lin <[email protected]> Zeng Heng <[email protected]> jobs: build-amd64-xsm pass build-arm64-xsm pass build-i386-xsm pass build-amd64 pass build-arm64 pass build-armhf pass build-i386 pass build-amd64-libvirt pass build-arm64-libvirt pass build-armhf-libvirt pass build-i386-libvirt pass build-amd64-pvops pass build-arm64-pvops pass build-armhf-pvops pass build-i386-pvops pass test-amd64-amd64-xl pass test-amd64-coresched-amd64-xl pass test-arm64-arm64-xl pass test-armhf-armhf-xl pass test-amd64-amd64-libvirt-qemuu-debianhvm-amd64-xsm pass test-amd64-amd64-xl-qemut-stubdom-debianhvm-amd64-xsm pass test-amd64-amd64-xl-qemut-debianhvm-i386-xsm fail test-amd64-amd64-xl-qemuu-debianhvm-i386-xsm pass test-amd64-amd64-libvirt-xsm pass test-arm64-arm64-libvirt-xsm pass test-amd64-amd64-xl-xsm pass test-arm64-arm64-xl-xsm pass test-amd64-amd64-qemuu-nested-amd fail test-amd64-amd64-xl-pvhv2-amd pass test-amd64-amd64-dom0pvh-xl-amd pass test-amd64-amd64-xl-qemut-debianhvm-amd64 pass test-amd64-amd64-xl-qemuu-debianhvm-amd64 pass test-amd64-amd64-qemuu-freebsd11-amd64 pass test-amd64-amd64-qemuu-freebsd12-amd64 pass test-amd64-amd64-xl-qemuu-ovmf-amd64 pass test-amd64-amd64-xl-qemut-win7-amd64 fail test-amd64-amd64-xl-qemuu-win7-amd64 fail test-amd64-amd64-xl-qemut-ws16-amd64 fail test-amd64-amd64-xl-qemuu-ws16-amd64 fail test-armhf-armhf-xl-arndale pass test-amd64-amd64-examine-bios pass test-amd64-amd64-xl-credit1 pass test-arm64-arm64-xl-credit1 pass test-armhf-armhf-xl-credit1 fail test-amd64-amd64-xl-credit2 pass test-arm64-arm64-xl-credit2 pass test-armhf-armhf-xl-credit2 pass test-amd64-amd64-xl-qemuu-dmrestrict-amd64-dmrestrict pass test-amd64-amd64-examine pass test-arm64-arm64-examine pass test-armhf-armhf-examine pass test-amd64-amd64-qemuu-nested-intel pass test-amd64-amd64-xl-pvhv2-intel pass test-amd64-amd64-dom0pvh-xl-intel pass test-amd64-amd64-libvirt pass test-armhf-armhf-libvirt fail test-amd64-amd64-xl-multivcpu pass test-armhf-armhf-xl-multivcpu pass test-amd64-amd64-pair pass test-amd64-amd64-libvirt-pair pass test-amd64-amd64-xl-pvshim fail test-amd64-amd64-pygrub pass test-amd64-amd64-libvirt-qcow2 pass test-amd64-amd64-xl-qcow2 pass test-armhf-armhf-xl-qcow2 pass test-amd64-amd64-libvirt-raw pass test-arm64-arm64-libvirt-raw pass test-amd64-amd64-xl-raw pass test-armhf-armhf-xl-raw pass test-amd64-amd64-xl-rtds pass test-armhf-armhf-xl-rtds pass test-amd64-amd64-xl-qemuu-debianhvm-amd64-shadow pass test-amd64-amd64-xl-shadow pass test-arm64-arm64-xl-thunderx pass test-amd64-amd64-examine-uefi pass test-amd64-amd64-libvirt-vhd pass test-armhf-armhf-libvirt-vhd pass test-amd64-amd64-xl-vhd pass test-arm64-arm64-xl-vhd pass ------------------------------------------------------------ sg-report-flight on osstest.test-lab.xenproject.org logs: /home/logs/logs images: /home/logs/images Logs, config files, etc. are available at http://logs.test-lab.xenproject.org/osstest/logs Explanation of these reports, and of osstest in general, is at http://xenbits.xen.org/gitweb/?p=osstest.git;a=blob;f=README.email;hb=master http://xenbits.xen.org/gitweb/?p=osstest.git;a=blob;f=README;hb=master Test harness code can be found at http://xenbits.xen.org/gitweb?p=osstest.git;a=summary Not pushing. (No revision log; it would be 3466 lines long.)
