flight 185901 linux-6.1 real [real]
flight 185903 linux-6.1 real-retest [real]
http://logs.test-lab.xenproject.org/osstest/logs/185901/
http://logs.test-lab.xenproject.org/osstest/logs/185903/

Failures :-/ but no regressions.

Tests which are failing intermittently (not blocking):
 test-amd64-amd64-xl-qemut-debianhvm-i386-xsm 12 debian-hvm-install fail pass 
in 185903-retest

Tests which did not succeed, but are not blocking:
 test-armhf-armhf-libvirt     16 saverestore-support-check    fail  like 185871
 test-amd64-amd64-xl-qemuu-win7-amd64 19 guest-stop            fail like 185871
 test-amd64-amd64-xl-qemuu-ws16-amd64 19 guest-stop            fail like 185871
 test-amd64-amd64-xl-qemut-win7-amd64 19 guest-stop            fail like 185871
 test-amd64-amd64-xl-qemut-ws16-amd64 19 guest-stop            fail like 185871
 test-amd64-amd64-qemuu-nested-amd 20 debian-hvm-install/l1/l2 fail like 185871
 test-armhf-armhf-xl-multivcpu 15 migrate-support-check        fail  never pass
 test-armhf-armhf-xl-multivcpu 16 saverestore-support-check    fail  never pass
 test-amd64-amd64-libvirt     15 migrate-support-check        fail   never pass
 test-amd64-amd64-libvirt-xsm 15 migrate-support-check        fail   never pass
 test-arm64-arm64-xl-thunderx 15 migrate-support-check        fail   never pass
 test-arm64-arm64-xl-thunderx 16 saverestore-support-check    fail   never pass
 test-arm64-arm64-libvirt-xsm 15 migrate-support-check        fail   never pass
 test-arm64-arm64-libvirt-xsm 16 saverestore-support-check    fail   never pass
 test-arm64-arm64-xl          15 migrate-support-check        fail   never pass
 test-arm64-arm64-xl          16 saverestore-support-check    fail   never pass
 test-arm64-arm64-xl-credit1  15 migrate-support-check        fail   never pass
 test-arm64-arm64-xl-credit2  15 migrate-support-check        fail   never pass
 test-arm64-arm64-xl-credit1  16 saverestore-support-check    fail   never pass
 test-arm64-arm64-xl-credit2  16 saverestore-support-check    fail   never pass
 test-amd64-amd64-libvirt-qemuu-debianhvm-amd64-xsm 13 migrate-support-check 
fail never pass
 test-arm64-arm64-xl-xsm      15 migrate-support-check        fail   never pass
 test-arm64-arm64-xl-xsm      16 saverestore-support-check    fail   never pass
 test-armhf-armhf-xl-credit2  15 migrate-support-check        fail   never pass
 test-armhf-armhf-xl-credit2  16 saverestore-support-check    fail   never pass
 test-armhf-armhf-xl-arndale  15 migrate-support-check        fail   never pass
 test-armhf-armhf-xl-arndale  16 saverestore-support-check    fail   never pass
 test-armhf-armhf-libvirt     15 migrate-support-check        fail   never pass
 test-armhf-armhf-xl          15 migrate-support-check        fail   never pass
 test-armhf-armhf-xl          16 saverestore-support-check    fail   never pass
 test-armhf-armhf-xl-credit1  15 migrate-support-check        fail   never pass
 test-armhf-armhf-xl-credit1  16 saverestore-support-check    fail   never pass
 test-armhf-armhf-xl-rtds     15 migrate-support-check        fail   never pass
 test-armhf-armhf-xl-rtds     16 saverestore-support-check    fail   never pass
 test-amd64-amd64-libvirt-qcow2 14 migrate-support-check        fail never pass
 test-amd64-amd64-libvirt-vhd 14 migrate-support-check        fail   never pass
 test-amd64-amd64-libvirt-raw 14 migrate-support-check        fail   never pass
 test-arm64-arm64-libvirt-raw 14 migrate-support-check        fail   never pass
 test-arm64-arm64-libvirt-raw 15 saverestore-support-check    fail   never pass
 test-armhf-armhf-xl-qcow2    14 migrate-support-check        fail   never pass
 test-armhf-armhf-xl-qcow2    15 saverestore-support-check    fail   never pass
 test-arm64-arm64-xl-vhd      14 migrate-support-check        fail   never pass
 test-arm64-arm64-xl-vhd      15 saverestore-support-check    fail   never pass
 test-armhf-armhf-libvirt-vhd 14 migrate-support-check        fail   never pass
 test-armhf-armhf-libvirt-vhd 15 saverestore-support-check    fail   never pass
 test-armhf-armhf-xl-raw      14 migrate-support-check        fail   never pass
 test-armhf-armhf-xl-raw      15 saverestore-support-check    fail   never pass

version targeted for testing:
 linux                909ba1f1b4146de529469910c1bd0b1248964536
baseline version:
 linux                dcbc050cb0d304c3427d6583384eebcaf0e3caee

Last test of basis   185871  2024-04-29 20:44:32 Z    3 days
Testing same since   185901  2024-05-02 15:12:21 Z    0 days    1 attempts

------------------------------------------------------------
People who touched revisions under test:
  Adam Li <[email protected]>
  Adrian Hunter <[email protected]>
  Akhil R <[email protected]>
  Aleksandr Loktionov <[email protected]>
  Alex Deucher <[email protected]>
  Alexander Stein <[email protected]>
  Alexander Zubkov <[email protected]>
  Alexey Brodkin <[email protected]>
  Alexey Brodkin <[email protected]>
  Alice Ryhl <[email protected]>
  Andreas Taschner <[email protected]>
  Andrei Simion <[email protected]>
  Andrew Morton <[email protected]>
  Andrey Ryabinin <[email protected]>
  Andy Shevchenko <[email protected]>
  AngeloGioacchino Del Regno <[email protected]>
  Arnd Bergmann <[email protected]>
  Arınç ÜNAL <[email protected]>
  Aswin Unnikrishnan <[email protected]>
  Avraham Stern <[email protected]>
  Baoquan He <[email protected]>
  Bartosz Golaszewski <[email protected]>
  Baruch Siach <[email protected]>
  Borislav Petkov (AMD) <[email protected]>
  Breno Leitao <[email protected]>
  Chen-Yu Tsai <[email protected]>
  Chun-Yi Lee <[email protected]>
  Claudiu Beznea <[email protected]>
  Conor Dooley <[email protected]>
  Dave Hansen <[email protected]>
  David Bauer <[email protected]>
  David Kaplan <[email protected]>
  David S. Miller <[email protected]>
  David Sterba <[email protected]>
  Dragan Simic <[email protected]>
  Duoming Zhou <[email protected]>
  Ed Trexel <[email protected]>
  Eric Dumazet <[email protected]>
  Erwan Velu <[email protected]>
  Fenghua Yu <[email protected]>
  Florian Fainelli <[email protected]>
  Greg Kroah-Hartman <[email protected]>
  Guanrui Huang <[email protected]>
  Gustavo A. R. Silva <[email protected]>
  Hangbin Liu <[email protected]>
  Hans de Goede <[email protected]>
  Harshit Mogalapalli <[email protected]>
  Heiko Stuebner <[email protected]>
  Heiner Kallweit <[email protected]>
  Huacai Chen <[email protected]>
  Hyunwoo Kim <[email protected]>
  Ido Schimmel <[email protected]>
  Ikjoon Jang <[email protected]>
  Iskander Amara <[email protected]>
  Ismael Luceno <[email protected]>
  Jakub Kicinski <[email protected]>
  Jarred White <[email protected]>
  Jason Reeder <[email protected]>
  Jiantao Shan <[email protected]>
  Jiri Kosina <[email protected]>
  Johan Hovold <[email protected]>
  Johannes Berg <[email protected]>
  Johannes Thumshirn <[email protected]>
  Jon Hunter <[email protected]>
  Jose Ignacio Tornos Martinez <[email protected]>
  Josh Poimboeuf <[email protected]>
  Julian Anastasov <[email protected]>
  Kees Cook <[email protected]>
  Kirill A. Shutemov <[email protected]>
  Konstantin Ovsepian <[email protected]>
  Kuniyuki Iwashima <[email protected]>
  Larry Finger <[email protected]>
  Linus Torvalds <[email protected]>
  Linux Kernel Functional Testing <[email protected]>
  Lucas Stach <[email protected]>
  Luiz Augusto von Dentz <[email protected]>
  Mantas Pucka <[email protected]>
  Marcel Ziswiler <[email protected]>
  Marek Vasut <[email protected]>
  Mateusz Jończyk <[email protected]>
  Matthew Wilcox (Oracle) <[email protected]>
  Miaohe Lin <[email protected]>
  Michael Chan <[email protected]>
  Michal Tomek <[email protected]>
  Miguel Ojeda <[email protected]>
  Mikhail Kobuk <[email protected]>
  Mineri Bhange <[email protected]> (A Contingent Worker at Intel)
  Miquel Raynal <[email protected]>
  Miri Korenblit <[email protected]>
  Mukul Joshi <[email protected]>
  Nam Cao <[email protected]>
  Nathan Chancellor <[email protected]>
  Nicolas Ferre <[email protected]>
  Nikolay Aleksandrov <[email protected]>
  Nícolas F. R. A. Prado <[email protected]>
  Pablo Neira Ayuso <[email protected]>
  Palmer Dabbelt <[email protected]>
  Paolo Abeni <[email protected]>
  Pascal Ernster <[email protected]>
  Paul Geurts <[email protected]>
  Paulo Alcantara (Red Hat) <[email protected]>
  Paulo Alcantara <[email protected]>
  Pavel Machek (CIP) <[email protected]>
  Peter Münster <[email protected]>
  Petr Machata <[email protected]>
  Pin-yen Lin <[email protected]>
  Quentin Schulz <[email protected]>
  Rafael J. Wysocki <[email protected]>
  Rafał Miłecki <[email protected]>
  Rahul Rameshbabu <[email protected]>
  Randy Dunlap <[email protected]>
  Randy Dunlap <[email protected]> # build-tested
  Ravi Gunasekaran <[email protected]>
  Richard Leitner <[email protected]>
  Richard Zhu <[email protected]>
  Robert Ganzynkowicz <[email protected]>
  Ron Economos <[email protected]>
  Ronnie Sahlberg <[email protected]>
  Salvatore Bonaccorso <[email protected]>
  Samuel Holland <[email protected]>
  Sasha Levin <[email protected]>
  Sean Anderson <[email protected]>
  Sean Christopherson <[email protected]>
  Sebastian Reichel <[email protected]>
  SeongJae Park <[email protected]>
  Shuah Khan <[email protected]>
  Sindhu Devale <[email protected]>
  Soheil Hassas Yeganeh <[email protected]>
  Srinivas Pandruvada <[email protected]>
  Steve French <[email protected]>
  Sudheer Mogilappagari <[email protected]>
  Takayuki Nagata <[email protected]>
  Terrence Xu <[email protected]>
  Thierry Reding <[email protected]>
  Thomas Gleixner <[email protected]>
  Thomas Zimmermann <[email protected]>
  Tom Talpey <[email protected]>
  Tony Brelinski <[email protected]>
  Tony Nguyen <[email protected]>
  Ulf Hansson <[email protected]>
  Vaclav Svoboda <[email protected]>
  Vanshidhar Konda <[email protected]>
  Vikas Gupta <[email protected]>
  Vineet Gupta <[email protected]>
  Vinod Koul <[email protected]>
  WangYuli <[email protected]>
  Weiyi Lu <[email protected]>
  Wolfram Sang <[email protected]>
  Wren Turkal <[email protected]>
  Xiubo Li <[email protected]>
  Yaraslau Furman <[email protected]>
  Yick Xie <[email protected]>
  Zhang Lixu <[email protected]>
  Ильфат Гаптрахманов <[email protected]>

jobs:
 build-amd64-xsm                                              pass    
 build-arm64-xsm                                              pass    
 build-i386-xsm                                               pass    
 build-amd64                                                  pass    
 build-arm64                                                  pass    
 build-armhf                                                  pass    
 build-i386                                                   pass    
 build-amd64-libvirt                                          pass    
 build-arm64-libvirt                                          pass    
 build-armhf-libvirt                                          pass    
 build-i386-libvirt                                           pass    
 build-amd64-pvops                                            pass    
 build-arm64-pvops                                            pass    
 build-armhf-pvops                                            pass    
 build-i386-pvops                                             pass    
 test-amd64-amd64-xl                                          pass    
 test-amd64-coresched-amd64-xl                                pass    
 test-arm64-arm64-xl                                          pass    
 test-armhf-armhf-xl                                          pass    
 test-amd64-amd64-libvirt-qemuu-debianhvm-amd64-xsm           pass    
 test-amd64-amd64-xl-qemut-stubdom-debianhvm-amd64-xsm        pass    
 test-amd64-amd64-xl-qemut-debianhvm-i386-xsm                 fail    
 test-amd64-amd64-xl-qemuu-debianhvm-i386-xsm                 pass    
 test-amd64-amd64-libvirt-xsm                                 pass    
 test-arm64-arm64-libvirt-xsm                                 pass    
 test-amd64-amd64-xl-xsm                                      pass    
 test-arm64-arm64-xl-xsm                                      pass    
 test-amd64-amd64-qemuu-nested-amd                            fail    
 test-amd64-amd64-xl-pvhv2-amd                                pass    
 test-amd64-amd64-dom0pvh-xl-amd                              pass    
 test-amd64-amd64-xl-qemut-debianhvm-amd64                    pass    
 test-amd64-amd64-xl-qemuu-debianhvm-amd64                    pass    
 test-amd64-amd64-qemuu-freebsd11-amd64                       pass    
 test-amd64-amd64-qemuu-freebsd12-amd64                       pass    
 test-amd64-amd64-xl-qemuu-ovmf-amd64                         pass    
 test-amd64-amd64-xl-qemut-win7-amd64                         fail    
 test-amd64-amd64-xl-qemuu-win7-amd64                         fail    
 test-amd64-amd64-xl-qemut-ws16-amd64                         fail    
 test-amd64-amd64-xl-qemuu-ws16-amd64                         fail    
 test-armhf-armhf-xl-arndale                                  pass    
 test-amd64-amd64-examine-bios                                pass    
 test-amd64-amd64-xl-credit1                                  pass    
 test-arm64-arm64-xl-credit1                                  pass    
 test-armhf-armhf-xl-credit1                                  pass    
 test-amd64-amd64-xl-credit2                                  pass    
 test-arm64-arm64-xl-credit2                                  pass    
 test-armhf-armhf-xl-credit2                                  pass    
 test-amd64-amd64-xl-qemuu-dmrestrict-amd64-dmrestrict        pass    
 test-amd64-amd64-examine                                     pass    
 test-arm64-arm64-examine                                     pass    
 test-armhf-armhf-examine                                     pass    
 test-amd64-amd64-qemuu-nested-intel                          pass    
 test-amd64-amd64-xl-pvhv2-intel                              pass    
 test-amd64-amd64-dom0pvh-xl-intel                            pass    
 test-amd64-amd64-libvirt                                     pass    
 test-armhf-armhf-libvirt                                     pass    
 test-amd64-amd64-xl-multivcpu                                pass    
 test-armhf-armhf-xl-multivcpu                                pass    
 test-amd64-amd64-pair                                        pass    
 test-amd64-amd64-libvirt-pair                                pass    
 test-amd64-amd64-xl-pvshim                                   pass    
 test-amd64-amd64-pygrub                                      pass    
 test-amd64-amd64-libvirt-qcow2                               pass    
 test-amd64-amd64-xl-qcow2                                    pass    
 test-armhf-armhf-xl-qcow2                                    pass    
 test-amd64-amd64-libvirt-raw                                 pass    
 test-arm64-arm64-libvirt-raw                                 pass    
 test-amd64-amd64-xl-raw                                      pass    
 test-armhf-armhf-xl-raw                                      pass    
 test-amd64-amd64-xl-rtds                                     pass    
 test-armhf-armhf-xl-rtds                                     pass    
 test-amd64-amd64-xl-qemuu-debianhvm-amd64-shadow             pass    
 test-amd64-amd64-xl-shadow                                   pass    
 test-arm64-arm64-xl-thunderx                                 pass    
 test-amd64-amd64-examine-uefi                                pass    
 test-amd64-amd64-libvirt-vhd                                 pass    
 test-armhf-armhf-libvirt-vhd                                 pass    
 test-amd64-amd64-xl-vhd                                      pass    
 test-arm64-arm64-xl-vhd                                      pass    


------------------------------------------------------------
sg-report-flight on osstest.test-lab.xenproject.org
logs: /home/logs/logs
images: /home/logs/images

Logs, config files, etc. are available at
    http://logs.test-lab.xenproject.org/osstest/logs

Explanation of these reports, and of osstest in general, is at
    http://xenbits.xen.org/gitweb/?p=osstest.git;a=blob;f=README.email;hb=master
    http://xenbits.xen.org/gitweb/?p=osstest.git;a=blob;f=README;hb=master

Test harness code can be found at
    http://xenbits.xen.org/gitweb?p=osstest.git;a=summary


Pushing revision :

hint: The 'hooks/update' hook was ignored because it's not set as executable.
hint: You can disable this warning with `git config advice.ignoredHook false`.
hint: The 'hooks/post-receive' hook was ignored because it's not set as 
executable.
hint: You can disable this warning with `git config advice.ignoredHook false`.
hint: The 'hooks/post-update' hook was ignored because it's not set as 
executable.
hint: You can disable this warning with `git config advice.ignoredHook false`.
To xenbits.xen.org:/home/xen/git/linux-pvops.git
   dcbc050cb0d3..909ba1f1b414  909ba1f1b4146de529469910c1bd0b1248964536 -> 
tested/linux-6.1

Reply via email to