flight 185899 linux-linus real [real]
http://logs.test-lab.xenproject.org/osstest/logs/185899/

Regressions :-(

Tests which did not succeed and are blocking,
including tests which could not be run:
 test-armhf-armhf-examine      8 reboot                   fail REGR. vs. 185870

Tests which are failing intermittently (not blocking):
 test-amd64-amd64-qemuu-freebsd11-amd64 21 guest-start/freebsd.repeat fail in 
185896 pass in 185899
 test-armhf-armhf-xl-credit2   8 xen-boot         fail in 185896 pass in 185899
 test-armhf-armhf-xl-credit1   8 xen-boot         fail in 185896 pass in 185899
 test-amd64-amd64-xl-qemuu-debianhvm-i386-xsm 12 debian-hvm-install fail pass 
in 185896
 test-amd64-amd64-xl-qemut-debianhvm-i386-xsm 12 debian-hvm-install fail pass 
in 185896

Tests which did not succeed, but are not blocking:
 test-armhf-armhf-libvirt   16 saverestore-support-check fail blocked in 185870
 test-armhf-armhf-xl-arndale 15 migrate-support-check fail in 185896 never pass
 test-armhf-armhf-xl-arndale 16 saverestore-support-check fail in 185896 never 
pass
 test-amd64-amd64-xl-qemut-win7-amd64 19 guest-stop            fail like 185870
 test-amd64-amd64-xl-qemuu-win7-amd64 19 guest-stop            fail like 185870
 test-amd64-amd64-xl-qemuu-ws16-amd64 19 guest-stop            fail like 185870
 test-armhf-armhf-xl-arndale   8 xen-boot                     fail  like 185870
 test-amd64-amd64-xl-qemut-ws16-amd64 19 guest-stop            fail like 185870
 test-amd64-amd64-qemuu-nested-amd 20 debian-hvm-install/l1/l2 fail like 185870
 test-amd64-amd64-libvirt     15 migrate-support-check        fail   never pass
 test-amd64-amd64-libvirt-xsm 15 migrate-support-check        fail   never pass
 test-amd64-amd64-libvirt-qemuu-debianhvm-amd64-xsm 13 migrate-support-check 
fail never pass
 test-arm64-arm64-xl-credit1  15 migrate-support-check        fail   never pass
 test-arm64-arm64-xl-xsm      15 migrate-support-check        fail   never pass
 test-arm64-arm64-xl-credit1  16 saverestore-support-check    fail   never pass
 test-arm64-arm64-xl-xsm      16 saverestore-support-check    fail   never pass
 test-arm64-arm64-libvirt-xsm 15 migrate-support-check        fail   never pass
 test-arm64-arm64-libvirt-xsm 16 saverestore-support-check    fail   never pass
 test-arm64-arm64-xl-thunderx 15 migrate-support-check        fail   never pass
 test-arm64-arm64-xl-thunderx 16 saverestore-support-check    fail   never pass
 test-arm64-arm64-xl-credit2  15 migrate-support-check        fail   never pass
 test-arm64-arm64-xl-credit2  16 saverestore-support-check    fail   never pass
 test-arm64-arm64-xl          15 migrate-support-check        fail   never pass
 test-arm64-arm64-xl          16 saverestore-support-check    fail   never pass
 test-armhf-armhf-xl          15 migrate-support-check        fail   never pass
 test-armhf-armhf-xl          16 saverestore-support-check    fail   never pass
 test-amd64-amd64-libvirt-qcow2 14 migrate-support-check        fail never pass
 test-amd64-amd64-libvirt-raw 14 migrate-support-check        fail   never pass
 test-armhf-armhf-xl-multivcpu 15 migrate-support-check        fail  never pass
 test-armhf-armhf-xl-multivcpu 16 saverestore-support-check    fail  never pass
 test-amd64-amd64-libvirt-vhd 14 migrate-support-check        fail   never pass
 test-armhf-armhf-xl-credit1  15 migrate-support-check        fail   never pass
 test-armhf-armhf-xl-credit1  16 saverestore-support-check    fail   never pass
 test-arm64-arm64-libvirt-raw 14 migrate-support-check        fail   never pass
 test-arm64-arm64-libvirt-raw 15 saverestore-support-check    fail   never pass
 test-arm64-arm64-xl-vhd      14 migrate-support-check        fail   never pass
 test-arm64-arm64-xl-vhd      15 saverestore-support-check    fail   never pass
 test-armhf-armhf-xl-qcow2    14 migrate-support-check        fail   never pass
 test-armhf-armhf-xl-qcow2    15 saverestore-support-check    fail   never pass
 test-armhf-armhf-libvirt-vhd 14 migrate-support-check        fail   never pass
 test-armhf-armhf-libvirt-vhd 15 saverestore-support-check    fail   never pass
 test-armhf-armhf-xl-rtds     15 migrate-support-check        fail   never pass
 test-armhf-armhf-xl-rtds     16 saverestore-support-check    fail   never pass
 test-armhf-armhf-xl-credit2  15 migrate-support-check        fail   never pass
 test-armhf-armhf-xl-credit2  16 saverestore-support-check    fail   never pass
 test-armhf-armhf-libvirt     15 migrate-support-check        fail   never pass
 test-armhf-armhf-xl-raw      14 migrate-support-check        fail   never pass
 test-armhf-armhf-xl-raw      15 saverestore-support-check    fail   never pass

version targeted for testing:
 linux                0106679839f7c69632b3b9833c3268c316c0a9fc
baseline version:
 linux                b947cc5bf6d793101135265352e205aeb30b54f0

Last test of basis   185870  2024-04-29 17:43:51 Z    2 days
Failing since        185888  2024-04-30 20:31:50 Z    1 days    4 attempts
Testing same since   185896  2024-05-01 23:13:02 Z    0 days    2 attempts

------------------------------------------------------------
People who touched revisions under test:
  Alexander Potapenko <[email protected]>
  Andy Shevchenko <[email protected]>
  AngeloGioacchino Del Regno <[email protected]>
  Arnd Bergmann <[email protected]>
  Audra Mitchell <[email protected]>
  Billy Tsai <[email protected]>
  Chen-Yu Tsai <[email protected]>
  Chuck Lever <[email protected]>
  Claudiu Beznea <[email protected]>
  Dan Carpenter <[email protected]>
  Geert Uytterhoeven <[email protected]>
  Hans de Goede <[email protected]>
  Ilpo Järvinen <[email protected]>
  Jan Dakinevich <[email protected]>
  John Garry <[email protected]>
  Kent Overstreet <[email protected]>
  Krzysztof Kozlowski <[email protected]>
  Krzysztof Kozlowski <[email protected]>
  Kuniyuki Iwashima <[email protected]>
  Lad Prabhakar <[email protected]>
  Lai Jiangshan <[email protected]>
  Linus Torvalds <[email protected]>
  Linus Walleij <[email protected]>
  Mark Brown <[email protected]>
  Martin K. Petersen <[email protected]>
  Matti Vaittinen <[email protected]>
  Olga Kornievskaia <[email protected]>
  Oliver Upton <[email protected]>
  Paolo Bonzini <[email protected]>
  Sebastian Reichel <[email protected]>
  Srinivas Pandruvada <[email protected]>
  Sven Schnelle <[email protected]>
  Tejun Heo <[email protected]>
  Trond Myklebust <[email protected]>
  Xingyou Chen <[email protected]>
  Zeng Heng <[email protected]>

jobs:
 build-amd64-xsm                                              pass    
 build-arm64-xsm                                              pass    
 build-i386-xsm                                               pass    
 build-amd64                                                  pass    
 build-arm64                                                  pass    
 build-armhf                                                  pass    
 build-i386                                                   pass    
 build-amd64-libvirt                                          pass    
 build-arm64-libvirt                                          pass    
 build-armhf-libvirt                                          pass    
 build-i386-libvirt                                           pass    
 build-amd64-pvops                                            pass    
 build-arm64-pvops                                            pass    
 build-armhf-pvops                                            pass    
 build-i386-pvops                                             pass    
 test-amd64-amd64-xl                                          pass    
 test-amd64-coresched-amd64-xl                                pass    
 test-arm64-arm64-xl                                          pass    
 test-armhf-armhf-xl                                          pass    
 test-amd64-amd64-libvirt-qemuu-debianhvm-amd64-xsm           pass    
 test-amd64-amd64-xl-qemut-stubdom-debianhvm-amd64-xsm        pass    
 test-amd64-amd64-xl-qemut-debianhvm-i386-xsm                 fail    
 test-amd64-amd64-xl-qemuu-debianhvm-i386-xsm                 fail    
 test-amd64-amd64-libvirt-xsm                                 pass    
 test-arm64-arm64-libvirt-xsm                                 pass    
 test-amd64-amd64-xl-xsm                                      pass    
 test-arm64-arm64-xl-xsm                                      pass    
 test-amd64-amd64-qemuu-nested-amd                            fail    
 test-amd64-amd64-xl-pvhv2-amd                                pass    
 test-amd64-amd64-dom0pvh-xl-amd                              pass    
 test-amd64-amd64-xl-qemut-debianhvm-amd64                    pass    
 test-amd64-amd64-xl-qemuu-debianhvm-amd64                    pass    
 test-amd64-amd64-qemuu-freebsd11-amd64                       pass    
 test-amd64-amd64-qemuu-freebsd12-amd64                       pass    
 test-amd64-amd64-xl-qemuu-ovmf-amd64                         pass    
 test-amd64-amd64-xl-qemut-win7-amd64                         fail    
 test-amd64-amd64-xl-qemuu-win7-amd64                         fail    
 test-amd64-amd64-xl-qemut-ws16-amd64                         fail    
 test-amd64-amd64-xl-qemuu-ws16-amd64                         fail    
 test-armhf-armhf-xl-arndale                                  fail    
 test-amd64-amd64-examine-bios                                pass    
 test-amd64-amd64-xl-credit1                                  pass    
 test-arm64-arm64-xl-credit1                                  pass    
 test-armhf-armhf-xl-credit1                                  pass    
 test-amd64-amd64-xl-credit2                                  pass    
 test-arm64-arm64-xl-credit2                                  pass    
 test-armhf-armhf-xl-credit2                                  pass    
 test-amd64-amd64-xl-qemuu-dmrestrict-amd64-dmrestrict        pass    
 test-amd64-amd64-examine                                     pass    
 test-arm64-arm64-examine                                     pass    
 test-armhf-armhf-examine                                     fail    
 test-amd64-amd64-qemuu-nested-intel                          pass    
 test-amd64-amd64-xl-pvhv2-intel                              pass    
 test-amd64-amd64-dom0pvh-xl-intel                            pass    
 test-amd64-amd64-libvirt                                     pass    
 test-armhf-armhf-libvirt                                     pass    
 test-amd64-amd64-xl-multivcpu                                pass    
 test-armhf-armhf-xl-multivcpu                                pass    
 test-amd64-amd64-pair                                        pass    
 test-amd64-amd64-libvirt-pair                                pass    
 test-amd64-amd64-xl-pvshim                                   pass    
 test-amd64-amd64-pygrub                                      pass    
 test-amd64-amd64-libvirt-qcow2                               pass    
 test-amd64-amd64-xl-qcow2                                    pass    
 test-armhf-armhf-xl-qcow2                                    pass    
 test-amd64-amd64-libvirt-raw                                 pass    
 test-arm64-arm64-libvirt-raw                                 pass    
 test-amd64-amd64-xl-raw                                      pass    
 test-armhf-armhf-xl-raw                                      pass    
 test-amd64-amd64-xl-rtds                                     pass    
 test-armhf-armhf-xl-rtds                                     pass    
 test-amd64-amd64-xl-qemuu-debianhvm-amd64-shadow             pass    
 test-amd64-amd64-xl-shadow                                   pass    
 test-arm64-arm64-xl-thunderx                                 pass    
 test-amd64-amd64-examine-uefi                                pass    
 test-amd64-amd64-libvirt-vhd                                 pass    
 test-armhf-armhf-libvirt-vhd                                 pass    
 test-amd64-amd64-xl-vhd                                      pass    
 test-arm64-arm64-xl-vhd                                      pass    


------------------------------------------------------------
sg-report-flight on osstest.test-lab.xenproject.org
logs: /home/logs/logs
images: /home/logs/images

Logs, config files, etc. are available at
    http://logs.test-lab.xenproject.org/osstest/logs

Explanation of these reports, and of osstest in general, is at
    http://xenbits.xen.org/gitweb/?p=osstest.git;a=blob;f=README.email;hb=master
    http://xenbits.xen.org/gitweb/?p=osstest.git;a=blob;f=README;hb=master

Test harness code can be found at
    http://xenbits.xen.org/gitweb?p=osstest.git;a=summary


Not pushing.

(No revision log; it would be 1219 lines long.)

Reply via email to