flight 185871 linux-6.1 real [real] flight 185889 linux-6.1 real-retest [real] http://logs.test-lab.xenproject.org/osstest/logs/185871/ http://logs.test-lab.xenproject.org/osstest/logs/185889/
Failures :-/ but no regressions. Tests which are failing intermittently (not blocking): test-armhf-armhf-xl 8 xen-boot fail pass in 185889-retest Tests which did not succeed, but are not blocking: test-armhf-armhf-xl 15 migrate-support-check fail in 185889 never pass test-armhf-armhf-xl 16 saverestore-support-check fail in 185889 never pass test-armhf-armhf-libvirt 16 saverestore-support-check fail like 185746 test-amd64-amd64-xl-qemuu-win7-amd64 19 guest-stop fail like 185746 test-amd64-amd64-xl-qemuu-ws16-amd64 19 guest-stop fail like 185746 test-amd64-amd64-xl-qemut-win7-amd64 19 guest-stop fail like 185746 test-amd64-amd64-xl-qemut-ws16-amd64 19 guest-stop fail like 185746 test-amd64-amd64-qemuu-nested-amd 20 debian-hvm-install/l1/l2 fail like 185746 test-armhf-armhf-xl-multivcpu 15 migrate-support-check fail never pass test-armhf-armhf-xl-multivcpu 16 saverestore-support-check fail never pass test-amd64-amd64-libvirt 15 migrate-support-check fail never pass test-amd64-amd64-libvirt-xsm 15 migrate-support-check fail never pass test-arm64-arm64-xl-thunderx 15 migrate-support-check fail never pass test-arm64-arm64-xl-thunderx 16 saverestore-support-check fail never pass test-arm64-arm64-libvirt-xsm 15 migrate-support-check fail never pass test-arm64-arm64-libvirt-xsm 16 saverestore-support-check fail never pass test-arm64-arm64-xl 15 migrate-support-check fail never pass test-arm64-arm64-xl 16 saverestore-support-check fail never pass test-arm64-arm64-xl-credit1 15 migrate-support-check fail never pass test-arm64-arm64-xl-credit2 15 migrate-support-check fail never pass test-arm64-arm64-xl-credit1 16 saverestore-support-check fail never pass test-arm64-arm64-xl-credit2 16 saverestore-support-check fail never pass test-amd64-amd64-libvirt-qemuu-debianhvm-amd64-xsm 13 migrate-support-check fail never pass test-arm64-arm64-xl-xsm 15 migrate-support-check fail never pass test-arm64-arm64-xl-xsm 16 saverestore-support-check fail never pass test-armhf-armhf-xl-arndale 15 migrate-support-check fail never pass test-armhf-armhf-xl-arndale 16 saverestore-support-check fail never pass test-armhf-armhf-xl-credit2 15 migrate-support-check fail never pass test-armhf-armhf-xl-credit2 16 saverestore-support-check fail never pass test-armhf-armhf-xl-credit1 15 migrate-support-check fail never pass test-armhf-armhf-xl-rtds 15 migrate-support-check fail never pass test-armhf-armhf-xl-credit1 16 saverestore-support-check fail never pass test-armhf-armhf-xl-rtds 16 saverestore-support-check fail never pass test-armhf-armhf-libvirt 15 migrate-support-check fail never pass test-amd64-amd64-libvirt-qcow2 14 migrate-support-check fail never pass test-amd64-amd64-libvirt-vhd 14 migrate-support-check fail never pass test-amd64-amd64-libvirt-raw 14 migrate-support-check fail never pass test-arm64-arm64-libvirt-raw 14 migrate-support-check fail never pass test-arm64-arm64-libvirt-raw 15 saverestore-support-check fail never pass test-armhf-armhf-xl-qcow2 14 migrate-support-check fail never pass test-armhf-armhf-xl-qcow2 15 saverestore-support-check fail never pass test-arm64-arm64-xl-vhd 14 migrate-support-check fail never pass test-arm64-arm64-xl-vhd 15 saverestore-support-check fail never pass test-armhf-armhf-libvirt-vhd 14 migrate-support-check fail never pass test-armhf-armhf-libvirt-vhd 15 saverestore-support-check fail never pass test-armhf-armhf-xl-raw 14 migrate-support-check fail never pass test-armhf-armhf-xl-raw 15 saverestore-support-check fail never pass version targeted for testing: linux dcbc050cb0d304c3427d6583384eebcaf0e3caee baseline version: linux 6741e066ec7633450d3186946035c1f80c4226b8 Last test of basis 185746 2024-04-20 18:14:28 Z 10 days Failing since 185832 2024-04-27 15:44:00 Z 3 days 6 attempts Testing same since 185871 2024-04-29 20:44:32 Z 1 days 1 attempts ------------------------------------------------------------ People who touched revisions under test: Ai Chao <[email protected]> Alan Stern <[email protected]> Alex Deucher <[email protected]> Alexander Gordeev <[email protected]> Alexander Usyskin <[email protected]> Alexey Izbyshev <[email protected]> Alvaro Karsz <[email protected]> Andi Shyti <[email protected]> Andrew Morton <[email protected]> AngeloGioacchino Del Regno <[email protected]> Ard Biesheuvel <[email protected]> Arnd Bergmann <[email protected]> Arınç ÜNAL <[email protected]> Bjorn Helgaas <[email protected]> bolan wang <[email protected]> Borislav Petkov (AMD) <[email protected]> Borislav Petkov <[email protected]> Brenton Simpson <[email protected]> Carlos Llamas <[email protected]> Carolina Jubran <[email protected]> Catalin Marinas <[email protected]> Chinmoy Ghosh <[email protected]> Christophe JAILLET <[email protected]> Chuanhong Guo <[email protected]> Chuck Lever <[email protected]> Coia Prant <[email protected]> Daniel Golle <[email protected]> Daniele Palmas <[email protected]> Danilo Krummrich <[email protected]> Dave Airlie <[email protected]> Dave Hansen <[email protected]> David S. Miller <[email protected]> David Yang <[email protected]> Dillon Varone <[email protected]> Dmitry Baryshkov <[email protected]> Dmitry Torokhov <[email protected]> Emil Kronborg <[email protected]> Eric Biggers <[email protected]> Finn Thain <[email protected]> Florian Fainelli <[email protected]> Florian Westphal <[email protected]> Geoffrey D. Bennett <[email protected]> Gil Fine <[email protected]> Greg Kroah-Hartman <[email protected]> H. Peter Anvin (Intel) <[email protected]> Hamza Mahfooz <[email protected]> Hans de Goede <[email protected]> Hardik Gajjar <[email protected]> Hawking Zhang <[email protected]> Hou Wenlong <[email protected]> Ilpo Järvinen <[email protected]> Ingo Molnar <[email protected]> Jakub Kicinski <[email protected]> Janusz Krzysztofik <[email protected]> Jarkko Nikula <[email protected]> Jason A. Donenfeld <[email protected]> Jason Wang <[email protected]> Jens Axboe <[email protected]> Jeongjun Park <[email protected]> Jerry Meng <[email protected]> Jiri Kosina <[email protected]> Johan Hovold <[email protected]> Johan Hovold <[email protected]> Jose Ignacio Tornos Martinez <[email protected]> Josh Poimboeuf <[email protected]> Kai-Heng Feng <[email protected]> Kelvin Cao <[email protected]> kernelci.org bot <[email protected]> Konrad Dybcio <[email protected]> Kuniyuki Iwashima <[email protected]> Lei Chen <[email protected]> Leon Romanovsky <[email protected]> Like Xu <[email protected]> Linus Walleij <[email protected]> Maciej W. Rozycki <[email protected]> Marios Makassikis <[email protected]> Mark Brown <[email protected]> Mark Zhang <[email protected]> Masami Hiramatsu (Google) <[email protected]> Mateusz Jończyk <[email protected]> Miaohe Lin <[email protected]> Michael Ellerman <[email protected]> Michael Guralnik <[email protected]> Michael S. Tsirkin <[email protected]> Michal Swiatkowski <[email protected]> Mika Westerberg <[email protected]> Mike Pastore <[email protected]> Mike Rapoport (IBM) <[email protected]> Mike Rapoport <[email protected]> Mikhail Kobuk <[email protected]> Miles Chen <[email protected]> Minas Harutyunyan <[email protected]> Mingming Su <[email protected]> Mintu Patel <[email protected]> Namjae Jeon <[email protected]> Nikita Zhandarovich <[email protected]> Norihiko Hama <[email protected]> Oscar Salvador <[email protected]> Pablo Neira Ayuso <[email protected]> Paolo Abeni <[email protected]> Paolo Bonzini <[email protected]> Pasha Tatashin <[email protected]> Pekka Paalanen <[email protected]> Peter Oberparleiter <[email protected]> Philippe Perrot <[email protected]> Pin-yen Lin <[email protected]> Qiang Zhang <[email protected]> Rodrigo Vivi <[email protected]> Ron Economos <[email protected]> Ryusuke Konishi <[email protected]> Samuel Thibault <[email protected]> Sandipan Das <[email protected]> Sasha Levin <[email protected]> Sean Christopherson <[email protected]> SeongJae Park <[email protected]> Shay Drory <[email protected]> Shuah Khan <[email protected]> Siddharth Vadapalli <[email protected]> Stephen Boyd <[email protected]> Steve French <[email protected]> Steven Rostedt (Google) <[email protected]> Sujai Buvaneswaran <[email protected]> Takashi Iwai <[email protected]> Tariq Toukan <[email protected]> Tejun Heo <[email protected]> Tim Huang <[email protected]> Todd Kjos <[email protected]> Tom Lendacky <[email protected]> Tomas Winkler <[email protected]> Tony Lindgren <[email protected]> Tony Nguyen <[email protected]> Uwe Kleine-König <[email protected]> Vanillan Wang <[email protected]> Vimal Kumar <[email protected]> Vishal Badole <[email protected]> Vladimir Oltean <[email protected]> xinhui pan <[email protected]> xiongxin <[email protected]> Yanjun.Zhu <[email protected]> Yann Sionneau <[email protected]> Yaxiong Tian <[email protected]> Ye Li <[email protected]> Yu Zhe <[email protected]> Yuanhe Shu <[email protected]> Yuntao Wang <[email protected]> Zack Rusin <[email protected]> Ziyang Xuan <[email protected]> jobs: build-amd64-xsm pass build-arm64-xsm pass build-i386-xsm pass build-amd64 pass build-arm64 pass build-armhf pass build-i386 pass build-amd64-libvirt pass build-arm64-libvirt pass build-armhf-libvirt pass build-i386-libvirt pass build-amd64-pvops pass build-arm64-pvops pass build-armhf-pvops pass build-i386-pvops pass test-amd64-amd64-xl pass test-amd64-coresched-amd64-xl pass test-arm64-arm64-xl pass test-armhf-armhf-xl fail test-amd64-amd64-libvirt-qemuu-debianhvm-amd64-xsm pass test-amd64-amd64-xl-qemut-stubdom-debianhvm-amd64-xsm pass test-amd64-amd64-xl-qemut-debianhvm-i386-xsm pass test-amd64-amd64-xl-qemuu-debianhvm-i386-xsm pass test-amd64-amd64-libvirt-xsm pass test-arm64-arm64-libvirt-xsm pass test-amd64-amd64-xl-xsm pass test-arm64-arm64-xl-xsm pass test-amd64-amd64-qemuu-nested-amd fail test-amd64-amd64-xl-pvhv2-amd pass test-amd64-amd64-dom0pvh-xl-amd pass test-amd64-amd64-xl-qemut-debianhvm-amd64 pass test-amd64-amd64-xl-qemuu-debianhvm-amd64 pass test-amd64-amd64-qemuu-freebsd11-amd64 pass test-amd64-amd64-qemuu-freebsd12-amd64 pass test-amd64-amd64-xl-qemuu-ovmf-amd64 pass test-amd64-amd64-xl-qemut-win7-amd64 fail test-amd64-amd64-xl-qemuu-win7-amd64 fail test-amd64-amd64-xl-qemut-ws16-amd64 fail test-amd64-amd64-xl-qemuu-ws16-amd64 fail test-armhf-armhf-xl-arndale pass test-amd64-amd64-examine-bios pass test-amd64-amd64-xl-credit1 pass test-arm64-arm64-xl-credit1 pass test-armhf-armhf-xl-credit1 pass test-amd64-amd64-xl-credit2 pass test-arm64-arm64-xl-credit2 pass test-armhf-armhf-xl-credit2 pass test-amd64-amd64-xl-qemuu-dmrestrict-amd64-dmrestrict pass test-amd64-amd64-examine pass test-arm64-arm64-examine pass test-armhf-armhf-examine pass test-amd64-amd64-qemuu-nested-intel pass test-amd64-amd64-xl-pvhv2-intel pass test-amd64-amd64-dom0pvh-xl-intel pass test-amd64-amd64-libvirt pass test-armhf-armhf-libvirt pass test-amd64-amd64-xl-multivcpu pass test-armhf-armhf-xl-multivcpu pass test-amd64-amd64-pair pass test-amd64-amd64-libvirt-pair pass test-amd64-amd64-xl-pvshim pass test-amd64-amd64-pygrub pass test-amd64-amd64-libvirt-qcow2 pass test-amd64-amd64-xl-qcow2 pass test-armhf-armhf-xl-qcow2 pass test-amd64-amd64-libvirt-raw pass test-arm64-arm64-libvirt-raw pass test-amd64-amd64-xl-raw pass test-armhf-armhf-xl-raw pass test-amd64-amd64-xl-rtds pass test-armhf-armhf-xl-rtds pass test-amd64-amd64-xl-qemuu-debianhvm-amd64-shadow pass test-amd64-amd64-xl-shadow pass test-arm64-arm64-xl-thunderx pass test-amd64-amd64-examine-uefi pass test-amd64-amd64-libvirt-vhd pass test-armhf-armhf-libvirt-vhd pass test-amd64-amd64-xl-vhd pass test-arm64-arm64-xl-vhd pass ------------------------------------------------------------ sg-report-flight on osstest.test-lab.xenproject.org logs: /home/logs/logs images: /home/logs/images Logs, config files, etc. are available at http://logs.test-lab.xenproject.org/osstest/logs Explanation of these reports, and of osstest in general, is at http://xenbits.xen.org/gitweb/?p=osstest.git;a=blob;f=README.email;hb=master http://xenbits.xen.org/gitweb/?p=osstest.git;a=blob;f=README;hb=master Test harness code can be found at http://xenbits.xen.org/gitweb?p=osstest.git;a=summary Pushing revision : hint: The 'hooks/update' hook was ignored because it's not set as executable. hint: You can disable this warning with `git config advice.ignoredHook false`. hint: The 'hooks/post-receive' hook was ignored because it's not set as executable. hint: You can disable this warning with `git config advice.ignoredHook false`. hint: The 'hooks/post-update' hook was ignored because it's not set as executable. hint: You can disable this warning with `git config advice.ignoredHook false`. To xenbits.xen.org:/home/xen/git/linux-pvops.git 6741e066ec76..dcbc050cb0d3 dcbc050cb0d304c3427d6583384eebcaf0e3caee -> tested/linux-6.1
