flight 185231 linux-6.1 real [real]
http://logs.test-lab.xenproject.org/osstest/logs/185231/

Failures :-/ but no regressions.

Tests which did not succeed, but are not blocking:
 test-armhf-armhf-libvirt     16 saverestore-support-check    fail  like 185167
 test-amd64-amd64-xl-qemuu-win7-amd64 19 guest-stop            fail like 185167
 test-amd64-amd64-xl-qemut-win7-amd64 19 guest-stop            fail like 185167
 test-amd64-amd64-xl-qemut-ws16-amd64 19 guest-stop            fail like 185167
 test-amd64-amd64-xl-qemuu-ws16-amd64 19 guest-stop            fail like 185167
 test-amd64-amd64-qemuu-nested-amd 20 debian-hvm-install/l1/l2 fail like 185167
 test-amd64-amd64-libvirt     15 migrate-support-check        fail   never pass
 test-amd64-amd64-libvirt-qemuu-debianhvm-amd64-xsm 13 migrate-support-check 
fail never pass
 test-arm64-arm64-xl-thunderx 15 migrate-support-check        fail   never pass
 test-arm64-arm64-xl-thunderx 16 saverestore-support-check    fail   never pass
 test-arm64-arm64-xl          15 migrate-support-check        fail   never pass
 test-arm64-arm64-xl          16 saverestore-support-check    fail   never pass
 test-arm64-arm64-libvirt-xsm 15 migrate-support-check        fail   never pass
 test-arm64-arm64-libvirt-xsm 16 saverestore-support-check    fail   never pass
 test-arm64-arm64-xl-credit2  15 migrate-support-check        fail   never pass
 test-arm64-arm64-xl-credit2  16 saverestore-support-check    fail   never pass
 test-arm64-arm64-xl-credit1  15 migrate-support-check        fail   never pass
 test-arm64-arm64-xl-credit1  16 saverestore-support-check    fail   never pass
 test-arm64-arm64-xl-xsm      15 migrate-support-check        fail   never pass
 test-arm64-arm64-xl-xsm      16 saverestore-support-check    fail   never pass
 test-amd64-amd64-libvirt-qcow2 14 migrate-support-check        fail never pass
 test-armhf-armhf-xl-multivcpu 15 migrate-support-check        fail  never pass
 test-armhf-armhf-xl-multivcpu 16 saverestore-support-check    fail  never pass
 test-armhf-armhf-xl          15 migrate-support-check        fail   never pass
 test-armhf-armhf-xl          16 saverestore-support-check    fail   never pass
 test-armhf-armhf-xl-arndale  15 migrate-support-check        fail   never pass
 test-armhf-armhf-xl-arndale  16 saverestore-support-check    fail   never pass
 test-armhf-armhf-xl-credit2  15 migrate-support-check        fail   never pass
 test-armhf-armhf-xl-credit1  15 migrate-support-check        fail   never pass
 test-armhf-armhf-xl-credit2  16 saverestore-support-check    fail   never pass
 test-armhf-armhf-xl-credit1  16 saverestore-support-check    fail   never pass
 test-armhf-armhf-libvirt     15 migrate-support-check        fail   never pass
 test-armhf-armhf-xl-rtds     15 migrate-support-check        fail   never pass
 test-armhf-armhf-xl-rtds     16 saverestore-support-check    fail   never pass
 test-amd64-amd64-libvirt-vhd 14 migrate-support-check        fail   never pass
 test-amd64-amd64-libvirt-raw 14 migrate-support-check        fail   never pass
 test-arm64-arm64-libvirt-raw 14 migrate-support-check        fail   never pass
 test-arm64-arm64-libvirt-raw 15 saverestore-support-check    fail   never pass
 test-amd64-amd64-libvirt-xsm 15 migrate-support-check        fail   never pass
 test-arm64-arm64-xl-vhd      14 migrate-support-check        fail   never pass
 test-arm64-arm64-xl-vhd      15 saverestore-support-check    fail   never pass
 test-armhf-armhf-xl-qcow2    14 migrate-support-check        fail   never pass
 test-armhf-armhf-xl-qcow2    15 saverestore-support-check    fail   never pass
 test-armhf-armhf-libvirt-vhd 14 migrate-support-check        fail   never pass
 test-armhf-armhf-libvirt-vhd 15 saverestore-support-check    fail   never pass
 test-armhf-armhf-xl-raw      14 migrate-support-check        fail   never pass
 test-armhf-armhf-xl-raw      15 saverestore-support-check    fail   never pass

version targeted for testing:
 linux                347385861c50adc8d4801d4b899eded38a2f04cd
baseline version:
 linux                e5cd595e23c1a075359a337c0e5c3a4f2dc28dd1

Last test of basis   185167  2024-03-26 22:43:26 Z    8 days
Testing same since   185227  2024-04-03 13:42:39 Z    1 days    2 attempts

------------------------------------------------------------
People who touched revisions under test:
  "Andrey Jr. Melnikov" <[email protected]>
  "Huang, Ying" <[email protected]>
  "Rafael J. Wysocki" <[email protected]>
  Adamos Ttofari <[email protected]>
  Adrian Hunter <[email protected]>
  Alan Stern <[email protected]>
  Alex Deucher <[email protected]>
  Alex Hung <[email protected]>
  Alex Williamson <[email protected]>
  Alexander Aring <[email protected]>
  Alexander Stein <[email protected]>
  Alexander Usyskin <[email protected]>
  Alexei Starovoitov <[email protected]>
  Amit Pundir <[email protected]>
  Andi Shyti <[email protected]>
  Andi Shyti <[email protected]>
  Andreas Larsson <[email protected]>
  Andrew Morton <[email protected]>
  Andrey Jr. Melnikov <[email protected]>
  André Rösti <[email protected]>
  Andy Chi <[email protected]>
  Anton Altaparmakov <[email protected]>
  Ard Biesheuvel <[email protected]>
  Arend van Spriel <[email protected]>
  Arnaud Pouliquen <[email protected]>
  Arnd Bergmann <[email protected]>
  Arseniy Krasnov <[email protected]>
  Aurélien Jacobs <[email protected]>
  Baokun Li <[email protected]>
  Bart Van Assche <[email protected]>
  Biju Das <[email protected]>
  Bikash Hazarika <[email protected]>
  Bjorn Andersson <[email protected]>
  Bjorn Helgaas <[email protected]>
  Borislav Petkov (AMD) <[email protected]>
  Borislav Petkov <[email protected]>
  Cameron Williams <[email protected]>
  Casey Schaufler <[email protected]>
  Chang S. Bae <[email protected]>
  Charan Teja Kalla <[email protected]>
  Charlie Jenkins <[email protected]>
  Chengming Zhou <[email protected]>
  Chris Wilson <[email protected]>
  Christian A. Ehrhardt <[email protected]>
  Christian Brauner <[email protected]>
  Christian Gmeiner <[email protected]>
  Christian Häggström <[email protected]>
  Christoph Hellwig <[email protected]>
  Christoph Niedermaier <[email protected]>
  Christophe JAILLET <[email protected]>
  Chuck Lever <[email protected]>
  Claudiu Beznea <[email protected]>
  Claus Hansen Ries <[email protected]>
  Clayton Craft <[email protected]>
  Conrad Kostecki <[email protected]>
  Cosmin Tanislav <[email protected]>
  Damian Muszynski <[email protected]>
  Damien Le Moal <[email protected]>
  Dan Carpenter <[email protected]>
  Daniel Lezcano <[email protected]>
  Daniel Vogelbacher <[email protected]>
  Daniel Wheeler <[email protected]>
  Danil Rybakov <[email protected]>
  Danilo Krummrich <[email protected]>
  Dave Hansen <[email protected]>
  David Hildenbrand <[email protected]>
  David Laight <[email protected]>
  David S. Miller <[email protected]>
  David Sterba <[email protected]>
  David Woodhouse <[email protected]>
  Dirk Behme <[email protected]>
  Dominique Martinet <[email protected]>
  Duje Mihanović <[email protected]>
  Duoming Zhou <[email protected]>
  Eric Huang <[email protected]>
  Eugene Korenevsky <[email protected]>
  Fedor Pchelkin <[email protected]>
  Felix Fietkau <[email protected]>
  Filipe Manana <[email protected]>
  Florian Fainelli <[email protected]>
  Francesco Dolcini <[email protected]>
  Gabor Juhos <[email protected]>
  Geliang Tang <[email protected]>
  Giovanni Cabiddu <[email protected]>
  Greg Edwards <[email protected]>
  Greg Kroah-Hartman <[email protected]>
  Greg Thelen <[email protected]>
  Guenter Roeck <[email protected]>
  Gui-Dong Han <[email protected]>
  Guilherme G. Piccoli <[email protected]>
  Hans de Goede <[email protected]>
  Hans Verkuil <[email protected]>
  Harald Freudenberger <[email protected]>
  Heiko Carstens <[email protected]>
  Heiner Kallweit <[email protected]>
  Helge Deller <[email protected]>
  Herbert Xu <[email protected]>
  Hidenori Kobayashi <[email protected]>
  Hongchen Zhang <[email protected]>
  Huacai Chen <[email protected]>
  Huang Ying <[email protected]>
  Hugo Villeneuve <[email protected]>
  Ingo Molnar <[email protected]>
  Jaegeuk Kim <[email protected]>
  Jakub Kicinski <[email protected]>
  Jameson Thies <[email protected]>
  Jan Kara <[email protected]>
  Jani Nikula <[email protected]>
  Janusz Krzysztofik <[email protected]>
  Jason A. Donenfeld <[email protected]>
  Jason Gunthorpe <[email protected]>
  Jeff Layton <[email protected]>
  Jens Axboe <[email protected]>
  Jens Wiklander <[email protected]>
  Jerome Brunet <[email protected]>
  Jiawei Wang <[email protected]>
  Jim Mattson <[email protected]>
  Jinghao Jia <[email protected]>
  Joakim Zhang <[email protected]>
  Jocelyn Falempe <[email protected]>
  Johan Hovold <[email protected]>
  Johannes Berg <[email protected]>
  Johannes Thumshirn <[email protected]>
  John David Anglin <[email protected]>
  John Ogness <[email protected]>
  John Sperbeck <[email protected]>
  Jon Hunter <[email protected]>
  Jonathan Cameron <[email protected]>
  Joonas Lahtinen <[email protected]>
  Josef Bacik <[email protected]>
  Josua Mayer <[email protected]>
  Kai-Heng Feng <[email protected]>
  Kailang Yang <[email protected]>
  Kalle Valo <[email protected]>
  Karthikeyan Ramasubramanian <[email protected]>
  Kazuma Kondo <[email protected]>
  Kees Cook <[email protected]>
  Kelsey Steele <[email protected]>
  Kevin Loughlin <[email protected]>
  Kim Phillips <[email protected]>
  KONDO KAZUMA(近藤 和真) <[email protected]>
  Krishna chaitanya chundru <[email protected]>
  Krishna Kurapati <[email protected]>
  Krzysztof Kozlowski <[email protected]>
  Krzysztof Wilczyński <[email protected]>
  Kyle Tso <[email protected]>
  Ladislav Michl <[email protected]>
  Laurent Pinchart <[email protected]>
  Lee Jones <[email protected]>
  Leo Ma <[email protected]>
  Linus Torvalds <[email protected]>
  Linux Kernel Functional Testing <[email protected]>
  Lorenzo Pieralisi <[email protected]>
  Lucas Stach <[email protected]>
  Luiz Augusto von Dentz <[email protected]>
  Ma Jun <[email protected]>
  Manivannan Sadhasivam <[email protected]>
  Mano Ségransan <[email protected]>
  Marek Szyprowski <[email protected]>
  Marios Makassikis <[email protected]>
  Mark Brown <[email protected]>
  Martin Blumenstingl <[email protected]>
  Martin K. Petersen <[email protected]>
  Masahiro Yamada <[email protected]>
  Masami Hiramatsu (Google) <[email protected]>
  Mateusz Jończyk <[email protected]>
  Mathias Nyman <[email protected]>
  Mathieu Poirier <[email protected]>
  Matthew Wilcox (Oracle) <[email protected]>
  Matthieu Baerts (NGI0) <[email protected]>
  Maulik Shah <[email protected]>
  Max Filippov <[email protected]>
  Maxime Ripard <[email protected]>
  Maximilian Heyne <[email protected]>
  Mel Gorman <[email protected]>
  Michael Ellerman <[email protected]>
  Michael Kelley <[email protected]>
  Mickaël Salaün <[email protected]>
  Mike Snitzer <[email protected]>
  Mikko Rapeli <[email protected]>
  Miklos Szeredi <[email protected]>
  Mikulas Patocka <[email protected]>
  Minas Harutyunyan <[email protected]>
  Miquel Raynal <[email protected]>
  Miri Korenblit <[email protected]>
  Muhammad Usama Anjum <[email protected]>
  Namjae Jeon <[email protected]>
  Natanael Copa <[email protected]>
  Nathan Chancellor <[email protected]>
  Neil Armstrong <[email protected]> # on SM8550-QRD
  Nicolas Pitre <[email protected]>
  Nicolin Chen <[email protected]>
  Nikhil V <[email protected]>
  Niklas Cassel <[email protected]>
  Nilesh Javali <[email protected]>
  Nirmoy Das <[email protected]>
  OGAWA Hirofumi <[email protected]>
  Oleksandr Tymoshenko <[email protected]>
  Oliver Neukum <[email protected]>
  Pablo Neira Ayuso <[email protected]>
  Paolo Abeni <[email protected]>
  Paolo Bonzini <[email protected]>
  Paul Menzel <[email protected]>
  Paul Menzel <[email protected]> # Dell XPS 15 7590
  Pavel Machek (CIP) <[email protected]>
  Peter Collingbourne <[email protected]>
  Petr Mladek <[email protected]>
  Philip Yang <[email protected]>
  Philipp Stanner <[email protected]>
  Philipp Zabel <[email protected]>
  Prashanth K <[email protected]>
  Qiang Zhang <[email protected]>
  Qingliang Li <[email protected]>
  Qu Wenruo <[email protected]>
  Quinn Tran <[email protected]>
  Rafael J. Wysocki <[email protected]>
  Rafael J. Wysocki <[email protected]>
  Randy Dunlap <[email protected]>
  Randy Dunlap <[email protected]> # build-tested
  Reinette Chatre <[email protected]>
  Richard Weinberger <[email protected]>
  Rickard x Andersson <[email protected]>
  Ricky Wu <[email protected]>
  Rob Herring <[email protected]>
  Roberto Sassu <[email protected]>
  Robin Murphy <[email protected]>
  Rodrigo Siqueira <[email protected]>
  Rodrigo Vivi <[email protected]>
  Roger Quadros <[email protected]>
  Romain Naour <[email protected]>
  Ron Economos <[email protected]>
  Rui Wang <[email protected]>
  Ryan Roberts <[email protected]>
  Ryusuke Konishi <[email protected]>
  Sabrina Dubroca <[email protected]>
  Sakari Ailus <[email protected]>
  Salvatore Bonaccorso <[email protected]>
  Sam Ravnborg <[email protected]>
  Samuel Thibault <[email protected]>
  Sasha Levin <[email protected]>
  Saurav Kashyap <[email protected]>
  Sean Anderson <[email protected]>
  Sean Christopherson <[email protected]>
  SeongJae Park <[email protected]>
  Sherry Sun <[email protected]>
  Shivnandan Kumar <[email protected]>
  Shuah Khan <[email protected]>
  Song Liu <[email protected]>
  Souradeep Chakrabarti <[email protected]>
  Srinivas Kandagatla <[email protected]>
  Srish Srinivasan <[email protected]>
  Srivathsa Dara <[email protected]>
  Stanislaw Gruszka <[email protected]>
  Stefan Schmidt <[email protected]>
  Steffen Klassert <[email protected]>
  Steve French <[email protected]>
  Steven Rostedt (Google) <[email protected]>
  Steven Rostedt <[email protected]>
  Sumit Garg <[email protected]>
  Sunmin Jeong <[email protected]>
  Svyatoslav Pankratov <[email protected]>
  Takashi Iwai <[email protected]>
  Theodore Ts'o <[email protected]>
  Thomas Gleixner <[email protected]>
  Thomas Zimmermann <[email protected]>
  Tomas Winkler <[email protected]>
  Tony Battersby <[email protected]>
  Tor Vic <[email protected]>
  Toru Katagiri <[email protected]>
  Trond Myklebust <[email protected]>
  Tvrtko Ursulin <[email protected]>
  Ulf Hansson <[email protected]>
  Uwe Kleine-König <[email protected]>
  Ville Syrjälä <[email protected]>
  Viresh Kumar <[email protected]>
  Vladimir Oltean <[email protected]>
  Vlastimil Babka <[email protected]>
  Wayne Chang <[email protected]>
  Wayne Lin <[email protected]>
  Wei Liu <[email protected]>
  Weitao Wang <[email protected]>
  Will Deacon <[email protected]>
  Wolfram Sang <[email protected]>
  Xiao Ni <[email protected]>
  Xing Li <[email protected]>
  Xingui Yang <[email protected]>
  yangerkun <[email protected]>
  Yann Sionneau <[email protected]>
  Ye Zhang <[email protected]>
  Yishai Hadas <[email protected]>
  Yonghong Song <[email protected]>
  Yu Kuai <[email protected]>
  yuan linyu <[email protected]>
  Zack Rusin <[email protected]>
  Zhang Yi <[email protected]>
  Zheng Wang <[email protected]>
  Zi Yan <[email protected]>
  Zoltan HERPAI <[email protected]>

jobs:
 build-amd64-xsm                                              pass    
 build-arm64-xsm                                              pass    
 build-i386-xsm                                               pass    
 build-amd64                                                  pass    
 build-arm64                                                  pass    
 build-armhf                                                  pass    
 build-i386                                                   pass    
 build-amd64-libvirt                                          pass    
 build-arm64-libvirt                                          pass    
 build-armhf-libvirt                                          pass    
 build-i386-libvirt                                           pass    
 build-amd64-pvops                                            pass    
 build-arm64-pvops                                            pass    
 build-armhf-pvops                                            pass    
 build-i386-pvops                                             pass    
 test-amd64-amd64-xl                                          pass    
 test-amd64-coresched-amd64-xl                                pass    
 test-arm64-arm64-xl                                          pass    
 test-armhf-armhf-xl                                          pass    
 test-amd64-amd64-libvirt-qemuu-debianhvm-amd64-xsm           pass    
 test-amd64-amd64-xl-qemut-stubdom-debianhvm-amd64-xsm        pass    
 test-amd64-amd64-xl-qemut-debianhvm-i386-xsm                 pass    
 test-amd64-amd64-xl-qemuu-debianhvm-i386-xsm                 pass    
 test-amd64-amd64-libvirt-xsm                                 pass    
 test-arm64-arm64-libvirt-xsm                                 pass    
 test-amd64-amd64-xl-xsm                                      pass    
 test-arm64-arm64-xl-xsm                                      pass    
 test-amd64-amd64-qemuu-nested-amd                            fail    
 test-amd64-amd64-xl-pvhv2-amd                                pass    
 test-amd64-amd64-dom0pvh-xl-amd                              pass    
 test-amd64-amd64-xl-qemut-debianhvm-amd64                    pass    
 test-amd64-amd64-xl-qemuu-debianhvm-amd64                    pass    
 test-amd64-amd64-qemuu-freebsd11-amd64                       pass    
 test-amd64-amd64-qemuu-freebsd12-amd64                       pass    
 test-amd64-amd64-xl-qemuu-ovmf-amd64                         pass    
 test-amd64-amd64-xl-qemut-win7-amd64                         fail    
 test-amd64-amd64-xl-qemuu-win7-amd64                         fail    
 test-amd64-amd64-xl-qemut-ws16-amd64                         fail    
 test-amd64-amd64-xl-qemuu-ws16-amd64                         fail    
 test-armhf-armhf-xl-arndale                                  pass    
 test-amd64-amd64-examine-bios                                pass    
 test-amd64-amd64-xl-credit1                                  pass    
 test-arm64-arm64-xl-credit1                                  pass    
 test-armhf-armhf-xl-credit1                                  pass    
 test-amd64-amd64-xl-credit2                                  pass    
 test-arm64-arm64-xl-credit2                                  pass    
 test-armhf-armhf-xl-credit2                                  pass    
 test-amd64-amd64-xl-qemuu-dmrestrict-amd64-dmrestrict        pass    
 test-amd64-amd64-examine                                     pass    
 test-arm64-arm64-examine                                     pass    
 test-armhf-armhf-examine                                     pass    
 test-amd64-amd64-qemuu-nested-intel                          pass    
 test-amd64-amd64-xl-pvhv2-intel                              pass    
 test-amd64-amd64-dom0pvh-xl-intel                            pass    
 test-amd64-amd64-libvirt                                     pass    
 test-armhf-armhf-libvirt                                     pass    
 test-amd64-amd64-xl-multivcpu                                pass    
 test-armhf-armhf-xl-multivcpu                                pass    
 test-amd64-amd64-pair                                        pass    
 test-amd64-amd64-libvirt-pair                                pass    
 test-amd64-amd64-xl-pvshim                                   pass    
 test-amd64-amd64-pygrub                                      pass    
 test-amd64-amd64-libvirt-qcow2                               pass    
 test-amd64-amd64-xl-qcow2                                    pass    
 test-armhf-armhf-xl-qcow2                                    pass    
 test-amd64-amd64-libvirt-raw                                 pass    
 test-arm64-arm64-libvirt-raw                                 pass    
 test-amd64-amd64-xl-raw                                      pass    
 test-armhf-armhf-xl-raw                                      pass    
 test-amd64-amd64-xl-rtds                                     pass    
 test-armhf-armhf-xl-rtds                                     pass    
 test-amd64-amd64-xl-qemuu-debianhvm-amd64-shadow             pass    
 test-amd64-amd64-xl-shadow                                   pass    
 test-arm64-arm64-xl-thunderx                                 pass    
 test-amd64-amd64-examine-uefi                                pass    
 test-amd64-amd64-libvirt-vhd                                 pass    
 test-armhf-armhf-libvirt-vhd                                 pass    
 test-amd64-amd64-xl-vhd                                      pass    
 test-arm64-arm64-xl-vhd                                      pass    


------------------------------------------------------------
sg-report-flight on osstest.test-lab.xenproject.org
logs: /home/logs/logs
images: /home/logs/images

Logs, config files, etc. are available at
    http://logs.test-lab.xenproject.org/osstest/logs

Explanation of these reports, and of osstest in general, is at
    http://xenbits.xen.org/gitweb/?p=osstest.git;a=blob;f=README.email;hb=master
    http://xenbits.xen.org/gitweb/?p=osstest.git;a=blob;f=README;hb=master

Test harness code can be found at
    http://xenbits.xen.org/gitweb?p=osstest.git;a=summary


Pushing revision :

hint: The 'hooks/update' hook was ignored because it's not set as executable.
hint: You can disable this warning with `git config advice.ignoredHook false`.
hint: The 'hooks/post-receive' hook was ignored because it's not set as 
executable.
hint: You can disable this warning with `git config advice.ignoredHook false`.
hint: The 'hooks/post-update' hook was ignored because it's not set as 
executable.
hint: You can disable this warning with `git config advice.ignoredHook false`.
To xenbits.xen.org:/home/xen/git/linux-pvops.git
   e5cd595e23c1..347385861c50  347385861c50adc8d4801d4b899eded38a2f04cd -> 
tested/linux-6.1

Reply via email to