flight 185004 linux-linus real [real]
http://logs.test-lab.xenproject.org/osstest/logs/185004/

Failures :-/ but no regressions.

Tests which did not succeed, but are not blocking:
 test-armhf-armhf-libvirt     16 saverestore-support-check    fail  like 184997
 test-amd64-amd64-xl-qemut-win7-amd64 19 guest-stop            fail like 184997
 test-amd64-amd64-xl-qemuu-win7-amd64 19 guest-stop            fail like 184997
 test-amd64-amd64-xl-qemuu-ws16-amd64 19 guest-stop            fail like 184997
 test-armhf-armhf-libvirt-qcow2 15 saverestore-support-check   fail like 184997
 test-armhf-armhf-libvirt-raw 15 saverestore-support-check    fail  like 184997
 test-amd64-amd64-xl-qemut-ws16-amd64 19 guest-stop            fail like 184997
 test-amd64-amd64-qemuu-nested-amd 20 debian-hvm-install/l1/l2 fail like 184997
 test-amd64-amd64-libvirt-xsm 15 migrate-support-check        fail   never pass
 test-arm64-arm64-xl          15 migrate-support-check        fail   never pass
 test-arm64-arm64-xl          16 saverestore-support-check    fail   never pass
 test-arm64-arm64-xl-thunderx 15 migrate-support-check        fail   never pass
 test-arm64-arm64-xl-credit1  15 migrate-support-check        fail   never pass
 test-arm64-arm64-xl-thunderx 16 saverestore-support-check    fail   never pass
 test-arm64-arm64-xl-credit1  16 saverestore-support-check    fail   never pass
 test-arm64-arm64-xl-credit2  15 migrate-support-check        fail   never pass
 test-arm64-arm64-xl-credit2  16 saverestore-support-check    fail   never pass
 test-arm64-arm64-libvirt-xsm 15 migrate-support-check        fail   never pass
 test-arm64-arm64-xl-xsm      15 migrate-support-check        fail   never pass
 test-arm64-arm64-libvirt-xsm 16 saverestore-support-check    fail   never pass
 test-arm64-arm64-xl-xsm      16 saverestore-support-check    fail   never pass
 test-armhf-armhf-xl-multivcpu 15 migrate-support-check        fail  never pass
 test-amd64-amd64-libvirt-qemuu-debianhvm-amd64-xsm 13 migrate-support-check 
fail never pass
 test-armhf-armhf-xl-multivcpu 16 saverestore-support-check    fail  never pass
 test-armhf-armhf-xl-credit1  15 migrate-support-check        fail   never pass
 test-armhf-armhf-xl-credit1  16 saverestore-support-check    fail   never pass
 test-armhf-armhf-xl-rtds     15 migrate-support-check        fail   never pass
 test-armhf-armhf-xl-rtds     16 saverestore-support-check    fail   never pass
 test-armhf-armhf-xl          15 migrate-support-check        fail   never pass
 test-armhf-armhf-xl          16 saverestore-support-check    fail   never pass
 test-armhf-armhf-libvirt     15 migrate-support-check        fail   never pass
 test-amd64-amd64-libvirt-qcow2 14 migrate-support-check        fail never pass
 test-amd64-amd64-libvirt-raw 14 migrate-support-check        fail   never pass
 test-arm64-arm64-libvirt-raw 14 migrate-support-check        fail   never pass
 test-arm64-arm64-libvirt-raw 15 saverestore-support-check    fail   never pass
 test-amd64-amd64-libvirt     15 migrate-support-check        fail   never pass
 test-arm64-arm64-xl-vhd      14 migrate-support-check        fail   never pass
 test-arm64-arm64-xl-vhd      15 saverestore-support-check    fail   never pass
 test-armhf-armhf-libvirt-qcow2 14 migrate-support-check        fail never pass
 test-armhf-armhf-libvirt-raw 14 migrate-support-check        fail   never pass
 test-armhf-armhf-xl-vhd      14 migrate-support-check        fail   never pass
 test-armhf-armhf-xl-vhd      15 saverestore-support-check    fail   never pass
 test-armhf-armhf-xl-credit2  15 migrate-support-check        fail   never pass
 test-armhf-armhf-xl-credit2  16 saverestore-support-check    fail   never pass
 test-armhf-armhf-xl-arndale  15 migrate-support-check        fail   never pass
 test-armhf-armhf-xl-arndale  16 saverestore-support-check    fail   never pass

version targeted for testing:
 linux                855684c7d938c2442f07eabc154e7532b4c1fbf9
baseline version:
 linux                0f1a876682f0979d6a1e5f86861dd562d1758936

Last test of basis   184997  2024-03-11 18:40:47 Z    1 days
Testing same since   185000  2024-03-12 06:31:53 Z    0 days    2 attempts

------------------------------------------------------------
People who touched revisions under test:
  <[email protected]>
  <[email protected]>
  <[email protected]>
  Alex Shi <[email protected]>
  Alexander Mikhalitsyn <[email protected]>
  Alexey Dobriyan <[email protected]>
  Alexey Kardashevskiy <[email protected]>
  Alice Ryhl <[email protected]>
  Allen Pais <[email protected]>
  Allen Pais <[email protected]>
  Anders Roxell <[email protected]>
  Andrea Righi <[email protected]>
  Andy Shevchenko <[email protected]>
  Anna-Maria Behnsen <[email protected]>
  Anup Patel <[email protected]>
  Ard Biesheuvel <[email protected]>
  Arnd Bergmann <[email protected]>
  Ashish Kalra <[email protected]>
  Audra Mitchell <[email protected]>
  Babu Moger <[email protected]>
  Bartosz Golaszewski <[email protected]>
  Bibo Mao <[email protected]>
  Biju Das <[email protected]>
  Björn Töpel <[email protected]>
  Boqun Feng <[email protected]>
  Borislav Petkov (AMD) <[email protected]>
  Brendan Jackman <[email protected]>
  Breno Leitao <[email protected]>
  Brijesh Singh <[email protected]>
  Carl Worth <[email protected]> # arm64
  Changbin Du <[email protected]>
  Changhuang Liang <[email protected]>
  Charalampos Mitrodimas <[email protected]>
  Chen Zhongjin <[email protected]>
  Chengming Zhou <[email protected]>
  Chinmay Gameti <[email protected]>
  Christoph Böhmwalder <[email protected]>
  Christoph Hellwig <[email protected]>
  Christophe JAILLET <[email protected]>
  Chun-Yi Lee <[email protected]>
  Colin Ian King <[email protected]>
  Conor Dooley <[email protected]>
  Costa Shulyupin <[email protected]>
  Crystal Wood <[email protected]>
  Damien Le Moal <[email protected]>
  Dan Carpenter <[email protected]>
  Daniel Micay <[email protected]>
  Dave Hansen <[email protected]>
  Dave Hansen <[email protected]>
  David Gow <[email protected]>
  David Vernet <[email protected]>
  Dawei Li <[email protected]>
  Dionna Glaze <[email protected]>
  Dirk Behme <[email protected]>
  Dmitry Baryshkov <[email protected]>
  Erick Archer <[email protected]>
  Feng Tang <[email protected]>
  Frederic Weisbecker <[email protected]>
  Gabriel Krisman Bertazi <[email protected]>
  Geert Uytterhoeven <[email protected]>
  Greg Edwards <[email protected]>
  Greg Kroah-Hartman <[email protected]>
  Gregory CLEMENT <[email protected]>
  Gui-Dong Han <[email protected]>
  Guilherme Amadio <[email protected]>
  Guixin Liu <[email protected]>
  Guo Ren <[email protected]>
  H. Peter Anvin (Intel) <[email protected]>
  Hannes Reinecke <[email protected]>
  Heiko Carstens <[email protected]>
  Heming Zhao <[email protected]>
  Huacai Chen <[email protected]>
  Huqiang Qin <[email protected]>
  Ingo Molnar <[email protected]>
  Jack Wang <[email protected]>
  Jakub Kicinski <[email protected]>
  James Morse <[email protected]>
  Jan Höppner <[email protected]>
  Jarkko Sakkinen <[email protected]>
  Jens Axboe <[email protected]>
  Jin Wang <[email protected]>
  Jiri Kosina <[email protected]>
  Joel Fernandes (Google) <[email protected]>
  Joerg Roedel <[email protected]>
  Johannes Thumshirn <[email protected]>
  John Garry <[email protected]>
  John Stultz <[email protected]>
  Josh Poimboeuf <[email protected]>
  Juergen Gross <[email protected]>
  Julia Lawall <[email protected]>
  Juri Lelli <[email protected]>
  K Prateek Nayak <[email protected]>
  Kai Huang <[email protected]>
  Kanchan Joshi <[email protected]>
  Kees Cook <[email protected]>
  Keisuke Nishimura <[email protected]>
  Keith Busch <[email protected]>
  Kevin Loughlin <[email protected]>
  Kim Phillips <[email protected]>
  Kirill A. Shutemov <[email protected]>
  Kuniyuki Iwashima <[email protected]>
  Kunwu Chan <[email protected]>
  Lai Jiangshan <[email protected]>
  Leonardo Bras <[email protected]>
  Li kunyu <[email protected]>
  Li Lingfeng <[email protected]>
  Li Nan <[email protected]>
  Li zeming <[email protected]>
  Li Zhijian <[email protected]>
  Lili Li <[email protected]>
  Linus Torvalds <[email protected]>
  Luc Van Oostenryck <[email protected]>
  Maninder Singh <[email protected]>
  Marc Orr <[email protected]>
  Marc Zyngier <[email protected]>
  Marcelo Tosatti <[email protected]>
  Marek Szyprowski <[email protected]>
  Mark Rutland <[email protected]>
  Masahiro Yamada <[email protected]>
  Masami Hiramatsu (Google) <[email protected]>
  Matt Gilbride <[email protected]>
  Max Gurtovoy <[email protected]>
  Max Kellermann <[email protected]>
  Michael Kelley <[email protected]>
  Michael Roth <[email protected]>
  Miguel Ojeda <[email protected]>
  Mika Westerberg <[email protected]>
  Mike Snitzer <[email protected]>
  Ming Lei <[email protected]>
  Miroslav Franc <[email protected]>
  Muhammad Usama Anjum <[email protected]>
  Muralidhara M K <[email protected]>
  Nadav Amit <[email protected]>
  Namhyung Kim <[email protected]>
  Nathan Chancellor <[email protected]>
  Navid Emamdoost <[email protected]>
  Nikolay Borisov <[email protected]>
  Nilay Shroff <[email protected]>
  Obei Sideg <[email protected]>
  Oleg Nesterov <[email protected]>
  Onkarnath <[email protected]>
  Paolo Bonzini <[email protected]>
  Paul E. McKenney <[email protected]>
  Paul Luse <[email protected]>
  Pavel Begunkov <[email protected]>
  Pawan Gupta <[email protected]>
  Peng Liu <[email protected]>
  Peter Hilber <[email protected]>
  Peter Newman <[email protected]>
  Peter Zijlstra (Intel) <[email protected]>
  Peter Zijlstra (Intel) <[email protected]>
  Qais Yousef (Google) <[email protected]>
  Qais Yousef <[email protected]>
  Qiuxu Zhuo <[email protected]>
  Rafael J. Wysocki <[email protected]>
  Randy Dunlap <[email protected]>
  Ravi Bangoria <[email protected]>
  Reinette Chatre <[email protected]>
  Reinette Chatre <[email protected]> # for resctrl dependency
  Ricardo B. Marliere <[email protected]>
  Ricardo Neri <[email protected]>
  Richard Cochran (linutronix GmbH) <[email protected]>
  Rick Edgecombe <[email protected]>
  Roger Pau Monné <[email protected]>
  Roman Smirnov <[email protected]>
  Sergey Senozhatsky <[email protected]>
  Shan Kang <[email protected]>
  Shaopeng Tan <[email protected]>
  Shin'ichiro Kawasaki <[email protected]>
  Shrikanth Hegde <[email protected]>
  Shrikanth Hegde <[email protected]>
  Shubhrajyoti Datta <[email protected]>
  Sohil Mehta <[email protected]>
  Song Liu <[email protected]>
  Stefan Haberland <[email protected]>
  Stefan Roesch <[email protected]>
  Steven Rostedt (Google) <[email protected]>
  Tang Yizhou <[email protected]>
  Tejun Heo <[email protected]>
  Thomas Bertschinger <[email protected]>
  Thomas Gleixner <[email protected]>
  Thomas Weißschuh <[email protected]>
  Thomas Zimmermann <[email protected]>
  Tom Lendacky <[email protected]>
  Tony Battersby <[email protected]>
  Tony Luck <[email protected]>
  Tony Solomonik <[email protected]>
  Ulf Hansson <[email protected]>
  Uros Bizjak <[email protected]>
  Uwe Kleine-König <[email protected]>
  Valentin Obst <[email protected]>
  Virgile Andreani <[email protected]>
  Vlastimil Babka <[email protected]>
  Waiman Long <[email protected]>
  Wang Jinchao <[email protected]>
  Wang Wendy <[email protected]>
  Wedson Almeida Filho <[email protected]>
  Xiao Ni <[email protected]>
  Xiaobing Li <[email protected]>
  Xiaochen Shen <[email protected]>
  Xin Li (Intel) <[email protected]>
  Xin Li <[email protected]>
  Xinyu Li <[email protected]>
  Xiongwei Song <[email protected]>
  Xuewen Yan <[email protected]>
  Yang Jihong <[email protected]>
  Yangtao Li <[email protected]>
  Yazen Ghannam <[email protected]>
  Yu Chien Peter Lin <[email protected]>
  Yu Kuai <[email protected]>
  Yury Norov <[email protected]>
  Yutaro Ohno <[email protected]>
  Zhang Rui <[email protected]>
  Zqiang <[email protected]>

jobs:
 build-amd64-xsm                                              pass    
 build-arm64-xsm                                              pass    
 build-i386-xsm                                               pass    
 build-amd64                                                  pass    
 build-arm64                                                  pass    
 build-armhf                                                  pass    
 build-i386                                                   pass    
 build-amd64-libvirt                                          pass    
 build-arm64-libvirt                                          pass    
 build-armhf-libvirt                                          pass    
 build-i386-libvirt                                           pass    
 build-amd64-pvops                                            pass    
 build-arm64-pvops                                            pass    
 build-armhf-pvops                                            pass    
 build-i386-pvops                                             pass    
 test-amd64-amd64-xl                                          pass    
 test-amd64-coresched-amd64-xl                                pass    
 test-arm64-arm64-xl                                          pass    
 test-armhf-armhf-xl                                          pass    
 test-amd64-amd64-libvirt-qemuu-debianhvm-amd64-xsm           pass    
 test-amd64-amd64-xl-qemut-stubdom-debianhvm-amd64-xsm        pass    
 test-amd64-amd64-xl-qemut-debianhvm-i386-xsm                 pass    
 test-amd64-amd64-xl-qemuu-debianhvm-i386-xsm                 pass    
 test-amd64-amd64-libvirt-xsm                                 pass    
 test-arm64-arm64-libvirt-xsm                                 pass    
 test-amd64-amd64-xl-xsm                                      pass    
 test-arm64-arm64-xl-xsm                                      pass    
 test-amd64-amd64-qemuu-nested-amd                            fail    
 test-amd64-amd64-xl-pvhv2-amd                                pass    
 test-amd64-amd64-dom0pvh-xl-amd                              pass    
 test-amd64-amd64-xl-qemut-debianhvm-amd64                    pass    
 test-amd64-amd64-xl-qemuu-debianhvm-amd64                    pass    
 test-amd64-amd64-freebsd11-amd64                             pass    
 test-amd64-amd64-freebsd12-amd64                             pass    
 test-amd64-amd64-xl-qemuu-ovmf-amd64                         pass    
 test-amd64-amd64-xl-qemut-win7-amd64                         fail    
 test-amd64-amd64-xl-qemuu-win7-amd64                         fail    
 test-amd64-amd64-xl-qemut-ws16-amd64                         fail    
 test-amd64-amd64-xl-qemuu-ws16-amd64                         fail    
 test-armhf-armhf-xl-arndale                                  pass    
 test-amd64-amd64-examine-bios                                pass    
 test-amd64-amd64-xl-credit1                                  pass    
 test-arm64-arm64-xl-credit1                                  pass    
 test-armhf-armhf-xl-credit1                                  pass    
 test-amd64-amd64-xl-credit2                                  pass    
 test-arm64-arm64-xl-credit2                                  pass    
 test-armhf-armhf-xl-credit2                                  pass    
 test-amd64-amd64-xl-qemuu-dmrestrict-amd64-dmrestrict        pass    
 test-amd64-amd64-examine                                     pass    
 test-arm64-arm64-examine                                     pass    
 test-armhf-armhf-examine                                     pass    
 test-amd64-amd64-qemuu-nested-intel                          pass    
 test-amd64-amd64-xl-pvhv2-intel                              pass    
 test-amd64-amd64-dom0pvh-xl-intel                            pass    
 test-amd64-amd64-libvirt                                     pass    
 test-armhf-armhf-libvirt                                     pass    
 test-amd64-amd64-xl-multivcpu                                pass    
 test-armhf-armhf-xl-multivcpu                                pass    
 test-amd64-amd64-pair                                        pass    
 test-amd64-amd64-libvirt-pair                                pass    
 test-amd64-amd64-xl-pvshim                                   pass    
 test-amd64-amd64-pygrub                                      pass    
 test-amd64-amd64-libvirt-qcow2                               pass    
 test-armhf-armhf-libvirt-qcow2                               pass    
 test-amd64-amd64-libvirt-raw                                 pass    
 test-arm64-arm64-libvirt-raw                                 pass    
 test-armhf-armhf-libvirt-raw                                 pass    
 test-amd64-amd64-xl-rtds                                     pass    
 test-armhf-armhf-xl-rtds                                     pass    
 test-amd64-amd64-xl-qemuu-debianhvm-amd64-shadow             pass    
 test-amd64-amd64-xl-shadow                                   pass    
 test-arm64-arm64-xl-thunderx                                 pass    
 test-amd64-amd64-examine-uefi                                pass    
 test-amd64-amd64-xl-vhd                                      pass    
 test-arm64-arm64-xl-vhd                                      pass    
 test-armhf-armhf-xl-vhd                                      pass    


------------------------------------------------------------
sg-report-flight on osstest.test-lab.xenproject.org
logs: /home/logs/logs
images: /home/logs/images

Logs, config files, etc. are available at
    http://logs.test-lab.xenproject.org/osstest/logs

Explanation of these reports, and of osstest in general, is at
    http://xenbits.xen.org/gitweb/?p=osstest.git;a=blob;f=README.email;hb=master
    http://xenbits.xen.org/gitweb/?p=osstest.git;a=blob;f=README;hb=master

Test harness code can be found at
    http://xenbits.xen.org/gitweb?p=osstest.git;a=summary


Pushing revision :

hint: The 'hooks/update' hook was ignored because it's not set as executable.
hint: You can disable this warning with `git config advice.ignoredHook false`.
hint: The 'hooks/post-receive' hook was ignored because it's not set as 
executable.
hint: You can disable this warning with `git config advice.ignoredHook false`.
hint: The 'hooks/post-update' hook was ignored because it's not set as 
executable.
hint: You can disable this warning with `git config advice.ignoredHook false`.
To xenbits.xen.org:/home/xen/git/linux-pvops.git
   0f1a876682f09..855684c7d938c  855684c7d938c2442f07eabc154e7532b4c1fbf9 -> 
tested/linux-linus

Reply via email to