flight 124064 linux-next real [real]
http://logs.test-lab.xenproject.org/osstest/logs/124064/
Regressions :-(
Tests which did not succeed and are blocking,
including tests which could not be run:
build-amd64-libvirt 6 libvirt-build fail REGR. vs. 123871
test-amd64-amd64-xl-qemuu-debianhvm-amd64 10 debian-hvm-install fail REGR. vs.
123871
build-i386-pvops 6 kernel-build fail REGR. vs. 123871
test-amd64-amd64-xl-qemuu-debianhvm-amd64-shadow 10 debian-hvm-install fail
REGR. vs. 123871
build-armhf-pvops 6 kernel-build fail REGR. vs. 123871
test-amd64-amd64-libvirt-xsm 10 debian-install fail in 123942 REGR. vs. 123871
Tests which are failing intermittently (not blocking):
test-amd64-amd64-xl-pvhv2-amd 10 debian-install fail in 123942 pass in 124064
test-amd64-amd64-xl-qemut-stubdom-debianhvm-amd64-xsm 15 guest-saverestore.2
fail pass in 123942
Tests which did not succeed, but are not blocking:
test-armhf-armhf-libvirt-xsm 1 build-check(1) blocked n/a
test-armhf-armhf-xl-cubietruck 1 build-check(1) blocked n/a
test-amd64-i386-qemut-rhel6hvm-amd 1 build-check(1) blocked n/a
test-amd64-amd64-libvirt 1 build-check(1) blocked n/a
test-amd64-amd64-libvirt-vhd 1 build-check(1) blocked n/a
test-amd64-i386-examine 1 build-check(1) blocked n/a
test-amd64-i386-xl-pvshim 1 build-check(1) blocked n/a
test-amd64-i386-qemut-rhel6hvm-intel 1 build-check(1) blocked n/a
test-amd64-i386-qemuu-rhel6hvm-intel 1 build-check(1) blocked n/a
test-amd64-i386-libvirt-pair 1 build-check(1) blocked n/a
test-amd64-i386-pair 1 build-check(1) blocked n/a
test-amd64-i386-xl-qemuu-debianhvm-amd64-shadow 1 build-check(1) blocked n/a
test-amd64-i386-xl-qemuu-debianhvm-amd64 1 build-check(1) blocked n/a
test-amd64-i386-xl-shadow 1 build-check(1) blocked n/a
test-amd64-amd64-libvirt-pair 1 build-check(1) blocked n/a
test-amd64-i386-xl-qemut-debianhvm-amd64-xsm 1 build-check(1) blocked n/a
test-armhf-armhf-xl-credit2 1 build-check(1) blocked n/a
test-amd64-i386-libvirt-xsm 1 build-check(1) blocked n/a
test-amd64-amd64-libvirt-xsm 1 build-check(1) blocked n/a
test-armhf-armhf-xl 1 build-check(1) blocked n/a
test-amd64-i386-xl-qemut-stubdom-debianhvm-amd64-xsm 1 build-check(1) blocked
n/a
test-amd64-i386-xl-qemuu-win7-amd64 1 build-check(1) blocked n/a
test-amd64-i386-xl-qemut-win10-i386 1 build-check(1) blocked n/a
test-amd64-i386-xl-qemuu-win10-i386 1 build-check(1) blocked n/a
test-armhf-armhf-xl-xsm 1 build-check(1) blocked n/a
test-armhf-armhf-xl-multivcpu 1 build-check(1) blocked n/a
test-amd64-i386-xl 1 build-check(1) blocked n/a
test-amd64-i386-xl-qemut-debianhvm-amd64 1 build-check(1) blocked n/a
test-amd64-i386-libvirt 1 build-check(1) blocked n/a
test-amd64-i386-xl-qemuu-ws16-amd64 1 build-check(1) blocked n/a
test-armhf-armhf-libvirt-raw 1 build-check(1) blocked n/a
test-amd64-i386-xl-qemuu-debianhvm-amd64-xsm 1 build-check(1) blocked n/a
test-amd64-i386-freebsd10-amd64 1 build-check(1) blocked n/a
test-amd64-i386-xl-qemuu-ovmf-amd64 1 build-check(1) blocked n/a
test-amd64-i386-xl-qemut-win7-amd64 1 build-check(1) blocked n/a
test-amd64-i386-freebsd10-i386 1 build-check(1) blocked n/a
test-amd64-i386-rumprun-i386 1 build-check(1) blocked n/a
test-amd64-i386-xl-raw 1 build-check(1) blocked n/a
test-armhf-armhf-xl-arndale 1 build-check(1) blocked n/a
test-armhf-armhf-xl-vhd 1 build-check(1) blocked n/a
test-amd64-i386-xl-xsm 1 build-check(1) blocked n/a
test-amd64-i386-libvirt-qemuu-debianhvm-amd64-xsm 1 build-check(1) blocked n/a
test-amd64-i386-qemuu-rhel6hvm-amd 1 build-check(1) blocked n/a
test-armhf-armhf-examine 1 build-check(1) blocked n/a
test-amd64-i386-xl-qemut-ws16-amd64 1 build-check(1) blocked n/a
test-armhf-armhf-xl-rtds 1 build-check(1) blocked n/a
test-amd64-amd64-libvirt-qemuu-debianhvm-amd64-xsm 1 build-check(1) blocked n/a
test-armhf-armhf-libvirt 1 build-check(1) blocked n/a
test-amd64-amd64-qemuu-nested-intel 18 capture-logs/l1(18) fail blocked in
123871
test-amd64-amd64-qemuu-nested-intel 17 debian-hvm-install/l1/l2 fail blocked
in 123871
test-amd64-amd64-xl-credit2 15 guest-saverestore fail in 123942 blocked in
123871
test-amd64-amd64-qemuu-nested-intel 10 debian-hvm-install fail in 123942 like
123871
test-amd64-amd64-libvirt 10 debian-install fail in 123942 like 123871
test-amd64-amd64-libvirt-pair 16 debian-install/dst_host fail in 123942 like
123871
test-amd64-amd64-libvirt-qemuu-debianhvm-amd64-xsm 10 debian-hvm-install fail
in 123942 like 123871
test-amd64-amd64-libvirt-vhd 12 migrate-support-check fail in 123942 never pass
test-amd64-amd64-xl-shadow 10 debian-install fail like 123871
test-amd64-amd64-xl-rtds 10 debian-install fail like 123871
test-amd64-amd64-xl-qemut-debianhvm-amd64-xsm 10 debian-hvm-install fail like
123871
test-amd64-amd64-xl-credit2 10 debian-install fail like 123871
test-amd64-amd64-xl-pvshim 10 debian-install fail like 123871
test-amd64-amd64-xl 10 debian-install fail like 123871
test-amd64-amd64-qemuu-nested-amd 10 debian-hvm-install fail like 123871
test-amd64-amd64-xl-qemuu-debianhvm-amd64-xsm 10 debian-hvm-install fail like
123871
test-amd64-amd64-xl-qemuu-ovmf-amd64 10 debian-hvm-install fail like 123871
test-amd64-amd64-amd64-pvgrub 16 guest-saverestore.2 fail like 123871
test-amd64-amd64-xl-qcow2 10 debian-di-install fail like 123871
test-amd64-amd64-xl-qemuu-ws16-amd64 10 windows-install fail like 123871
test-amd64-amd64-xl-qemut-ws16-amd64 10 windows-install fail like 123871
test-amd64-amd64-xl-qemut-win7-amd64 10 windows-install fail like 123871
test-amd64-amd64-xl-qemuu-win7-amd64 10 windows-install fail like 123871
test-arm64-arm64-xl-credit2 13 migrate-support-check fail never pass
test-arm64-arm64-xl-credit2 14 saverestore-support-check fail never pass
test-arm64-arm64-xl-xsm 13 migrate-support-check fail never pass
test-arm64-arm64-xl-xsm 14 saverestore-support-check fail never pass
test-arm64-arm64-xl 13 migrate-support-check fail never pass
test-arm64-arm64-xl 14 saverestore-support-check fail never pass
test-arm64-arm64-libvirt-xsm 13 migrate-support-check fail never pass
test-arm64-arm64-libvirt-xsm 14 saverestore-support-check fail never pass
test-amd64-amd64-xl-qemut-win10-i386 10 windows-install fail never pass
test-amd64-amd64-xl-qemuu-win10-i386 10 windows-install fail never pass
version targeted for testing:
linux 8a91a2caa8c165c07c0c34221c7df35457fb4807
baseline version:
linux 311da4975894aab7a4bb94aa83f38f052d7ffda4
Last test of basis (not found)
Failing since (not found)
Testing same since 123942 2018-06-08 09:18:54 Z 3 days 2 attempts
jobs:
build-amd64-xsm pass
build-arm64-xsm pass
build-armhf-xsm pass
build-i386-xsm pass
build-amd64 pass
build-arm64 pass
build-armhf pass
build-i386 pass
build-amd64-libvirt fail
build-arm64-libvirt pass
build-armhf-libvirt pass
build-i386-libvirt pass
build-amd64-pvops pass
build-arm64-pvops pass
build-armhf-pvops fail
build-i386-pvops fail
build-amd64-rumprun pass
build-i386-rumprun pass
test-amd64-amd64-xl fail
test-arm64-arm64-xl pass
test-armhf-armhf-xl blocked
test-amd64-i386-xl blocked
test-amd64-amd64-xl-qemut-debianhvm-amd64-xsm fail
test-amd64-i386-xl-qemut-debianhvm-amd64-xsm blocked
test-amd64-amd64-libvirt-qemuu-debianhvm-amd64-xsm blocked
test-amd64-i386-libvirt-qemuu-debianhvm-amd64-xsm blocked
test-amd64-amd64-xl-qemuu-debianhvm-amd64-xsm fail
test-amd64-i386-xl-qemuu-debianhvm-amd64-xsm blocked
test-amd64-amd64-xl-qemut-stubdom-debianhvm-amd64-xsm fail
test-amd64-i386-xl-qemut-stubdom-debianhvm-amd64-xsm blocked
test-amd64-amd64-libvirt-xsm blocked
test-arm64-arm64-libvirt-xsm pass
test-armhf-armhf-libvirt-xsm blocked
test-amd64-i386-libvirt-xsm blocked
test-amd64-amd64-xl-xsm pass
test-arm64-arm64-xl-xsm pass
test-armhf-armhf-xl-xsm blocked
test-amd64-i386-xl-xsm blocked
test-amd64-amd64-qemuu-nested-amd fail
test-amd64-amd64-xl-pvhv2-amd pass
test-amd64-i386-qemut-rhel6hvm-amd blocked
test-amd64-i386-qemuu-rhel6hvm-amd blocked
test-amd64-amd64-xl-qemut-debianhvm-amd64 pass
test-amd64-i386-xl-qemut-debianhvm-amd64 blocked
test-amd64-amd64-xl-qemuu-debianhvm-amd64 fail
test-amd64-i386-xl-qemuu-debianhvm-amd64 blocked
test-amd64-i386-freebsd10-amd64 blocked
test-amd64-amd64-xl-qemuu-ovmf-amd64 fail
test-amd64-i386-xl-qemuu-ovmf-amd64 blocked
test-amd64-amd64-rumprun-amd64 pass
test-amd64-amd64-xl-qemut-win7-amd64 fail
test-amd64-i386-xl-qemut-win7-amd64 blocked
test-amd64-amd64-xl-qemuu-win7-amd64 fail
test-amd64-i386-xl-qemuu-win7-amd64 blocked
test-amd64-amd64-xl-qemut-ws16-amd64 fail
test-amd64-i386-xl-qemut-ws16-amd64 blocked
test-amd64-amd64-xl-qemuu-ws16-amd64 fail
test-amd64-i386-xl-qemuu-ws16-amd64 blocked
test-armhf-armhf-xl-arndale blocked
test-amd64-amd64-xl-credit2 fail
test-arm64-arm64-xl-credit2 pass
test-armhf-armhf-xl-credit2 blocked
test-armhf-armhf-xl-cubietruck blocked
test-amd64-amd64-examine pass
test-arm64-arm64-examine pass
test-armhf-armhf-examine blocked
test-amd64-i386-examine blocked
test-amd64-i386-freebsd10-i386 blocked
test-amd64-i386-rumprun-i386 blocked
test-amd64-amd64-xl-qemut-win10-i386 fail
test-amd64-i386-xl-qemut-win10-i386 blocked
test-amd64-amd64-xl-qemuu-win10-i386 fail
test-amd64-i386-xl-qemuu-win10-i386 blocked
test-amd64-amd64-qemuu-nested-intel fail
test-amd64-amd64-xl-pvhv2-intel pass
test-amd64-i386-qemut-rhel6hvm-intel blocked
test-amd64-i386-qemuu-rhel6hvm-intel blocked
test-amd64-amd64-libvirt blocked
test-armhf-armhf-libvirt blocked
test-amd64-i386-libvirt blocked
test-amd64-amd64-xl-multivcpu pass
test-armhf-armhf-xl-multivcpu blocked
test-amd64-amd64-pair pass
test-amd64-i386-pair blocked
test-amd64-amd64-libvirt-pair blocked
test-amd64-i386-libvirt-pair blocked
test-amd64-amd64-amd64-pvgrub fail
test-amd64-amd64-i386-pvgrub pass
test-amd64-amd64-xl-pvshim fail
test-amd64-i386-xl-pvshim blocked
test-amd64-amd64-pygrub pass
test-amd64-amd64-xl-qcow2 fail
test-armhf-armhf-libvirt-raw blocked
test-amd64-i386-xl-raw blocked
test-amd64-amd64-xl-rtds fail
test-armhf-armhf-xl-rtds blocked
test-amd64-amd64-xl-qemuu-debianhvm-amd64-shadow fail
test-amd64-i386-xl-qemuu-debianhvm-amd64-shadow blocked
test-amd64-amd64-xl-shadow fail
test-amd64-i386-xl-shadow blocked
test-amd64-amd64-libvirt-vhd blocked
test-armhf-armhf-xl-vhd blocked
------------------------------------------------------------
sg-report-flight on osstest.test-lab.xenproject.org
logs: /home/logs/logs
images: /home/logs/images
Logs, config files, etc. are available at
http://logs.test-lab.xenproject.org/osstest/logs
Explanation of these reports, and of osstest in general, is at
http://xenbits.xen.org/gitweb/?p=osstest.git;a=blob;f=README.email;hb=master
http://xenbits.xen.org/gitweb/?p=osstest.git;a=blob;f=README;hb=master
Test harness code can be found at
http://xenbits.xen.org/gitweb?p=osstest.git;a=summary
Push not applicable.
_______________________________________________
Xen-devel mailing list
[email protected]
https://lists.xenproject.org/mailman/listinfo/xen-devel