flight 184922 linux-6.1 real [real]
flight 184929 linux-6.1 real-retest [real]
http://logs.test-lab.xenproject.org/osstest/logs/184922/
http://logs.test-lab.xenproject.org/osstest/logs/184929/

Failures :-/ but no regressions.

Tests which are failing intermittently (not blocking):
 test-amd64-amd64-xl-multivcpu 20 guest-localmigrate/x10 fail pass in 
184929-retest
 test-armhf-armhf-xl-credit1   8 xen-boot            fail pass in 184929-retest

Tests which did not succeed, but are not blocking:
 test-armhf-armhf-xl-credit1 15 migrate-support-check fail in 184929 never pass
 test-armhf-armhf-xl-credit1 16 saverestore-support-check fail in 184929 never 
pass
 test-armhf-armhf-libvirt-raw 15 saverestore-support-check    fail  like 184831
 test-armhf-armhf-libvirt     16 saverestore-support-check    fail  like 184841
 test-amd64-amd64-xl-qemuu-win7-amd64 19 guest-stop            fail like 184841
 test-armhf-armhf-libvirt-qcow2 15 saverestore-support-check   fail like 184841
 test-amd64-amd64-xl-qemut-win7-amd64 19 guest-stop            fail like 184841
 test-amd64-amd64-xl-qemut-ws16-amd64 19 guest-stop            fail like 184841
 test-amd64-amd64-xl-qemuu-ws16-amd64 19 guest-stop            fail like 184841
 test-amd64-amd64-qemuu-nested-amd 20 debian-hvm-install/l1/l2 fail like 184841
 test-amd64-amd64-libvirt-xsm 15 migrate-support-check        fail   never pass
 test-amd64-amd64-libvirt     15 migrate-support-check        fail   never pass
 test-amd64-amd64-libvirt-qemuu-debianhvm-amd64-xsm 13 migrate-support-check 
fail never pass
 test-arm64-arm64-xl-xsm      15 migrate-support-check        fail   never pass
 test-arm64-arm64-xl-xsm      16 saverestore-support-check    fail   never pass
 test-arm64-arm64-xl          15 migrate-support-check        fail   never pass
 test-arm64-arm64-xl          16 saverestore-support-check    fail   never pass
 test-arm64-arm64-xl-thunderx 15 migrate-support-check        fail   never pass
 test-arm64-arm64-xl-thunderx 16 saverestore-support-check    fail   never pass
 test-arm64-arm64-xl-credit1  15 migrate-support-check        fail   never pass
 test-arm64-arm64-xl-credit1  16 saverestore-support-check    fail   never pass
 test-arm64-arm64-xl-credit2  15 migrate-support-check        fail   never pass
 test-arm64-arm64-xl-credit2  16 saverestore-support-check    fail   never pass
 test-arm64-arm64-libvirt-xsm 15 migrate-support-check        fail   never pass
 test-arm64-arm64-libvirt-xsm 16 saverestore-support-check    fail   never pass
 test-armhf-armhf-xl-credit2  15 migrate-support-check        fail   never pass
 test-armhf-armhf-xl-credit2  16 saverestore-support-check    fail   never pass
 test-armhf-armhf-xl-rtds     15 migrate-support-check        fail   never pass
 test-armhf-armhf-xl-rtds     16 saverestore-support-check    fail   never pass
 test-armhf-armhf-xl          15 migrate-support-check        fail   never pass
 test-armhf-armhf-xl          16 saverestore-support-check    fail   never pass
 test-armhf-armhf-xl-arndale  15 migrate-support-check        fail   never pass
 test-armhf-armhf-xl-arndale  16 saverestore-support-check    fail   never pass
 test-armhf-armhf-xl-multivcpu 15 migrate-support-check        fail  never pass
 test-armhf-armhf-xl-multivcpu 16 saverestore-support-check    fail  never pass
 test-armhf-armhf-libvirt     15 migrate-support-check        fail   never pass
 test-amd64-amd64-libvirt-qcow2 14 migrate-support-check        fail never pass
 test-amd64-amd64-libvirt-raw 14 migrate-support-check        fail   never pass
 test-arm64-arm64-libvirt-raw 14 migrate-support-check        fail   never pass
 test-arm64-arm64-libvirt-raw 15 saverestore-support-check    fail   never pass
 test-arm64-arm64-xl-vhd      14 migrate-support-check        fail   never pass
 test-arm64-arm64-xl-vhd      15 saverestore-support-check    fail   never pass
 test-armhf-armhf-libvirt-qcow2 14 migrate-support-check        fail never pass
 test-armhf-armhf-libvirt-raw 14 migrate-support-check        fail   never pass
 test-armhf-armhf-xl-vhd      14 migrate-support-check        fail   never pass
 test-armhf-armhf-xl-vhd      15 saverestore-support-check    fail   never pass

version targeted for testing:
 linux                61adba85cc40287232a539e607164f273260e0fe
baseline version:
 linux                a3eb3a74aa8c94e6c8130b55f3b031f29162868c

Last test of basis   184841  2024-03-02 08:11:10 Z    5 days
Testing same since   184922  2024-03-06 15:13:36 Z    0 days    1 attempts

------------------------------------------------------------
People who touched revisions under test:
  Abdun Nihaal <[email protected]>
  Adrian Hunter <[email protected]>
  Alex Deucher <[email protected]>
  Alexander Lobakin <[email protected]>
  Alexander Ofitserov <[email protected]>
  Alexander Stein <[email protected]>
  Alexandru Gagniuc <[email protected]>
  Andrew Morton <[email protected]>
  Andy Shevchenko <[email protected]>
  Anna Schumaker <[email protected]>
  Ard Biesheuvel <[email protected]>
  Ard Biesheuvel <[email protected]>
  Arnd Bergmann <[email protected]>
  Arturas Moskvinas <[email protected]>
  Bartosz Golaszewski <[email protected]>
  Bjorn Andersson <[email protected]>
  Bjorn Andersson <[email protected]>
  Bjorn Helgaas <[email protected]>
  Borislav Petkov (AMD) <[email protected]>
  Borislav Petkov <[email protected]>
  Christian Brauner <[email protected]>
  Christian König <[email protected]>
  Christophe Kerello <[email protected]>
  Chuck Lever <[email protected]>
  Chunyan Zhang <[email protected]>
  Clancy Shang <[email protected]>
  Colin Ian King <[email protected]>
  Curtis Klein <[email protected]>
  Dai Ngo <[email protected]>
  Daniel Borkmann <[email protected]>
  Daniel Vetter <[email protected]>
  Dave Hansen <[email protected]>
  David Disseldorp <[email protected]>
  David Howells <[email protected]>
  David S. Miller <[email protected]>
  David Sterba <[email protected]>
  Davide Caratti <[email protected]>
  Dimitris Vlachos <[email protected]>
  Dmitry Baryshkov <[email protected]>
  Dmitry Torokhov <[email protected]>
  Doug Smythies <[email protected]>
  Edward Lo <[email protected]>
  Elad Nachman <[email protected]>
  Elson Roy Serrao <[email protected]>
  Eniac Zhang <[email protected]>
  Eric Dumazet <[email protected]>
  Evgeniy Baskov <[email protected]>
  Filipe Manana <[email protected]>
  Florian Fainelli <[email protected]>
  Florian Westphal <[email protected]>
  Frank Li <[email protected]>
  Gaurav Batra <[email protected]>
  Geert Uytterhoeven <[email protected]>
  Geliang Tang <[email protected]>
  Greg Kroah-Hartman <[email protected]>
  Gustavo A. R. Silva <[email protected]>
  Han Xu <[email protected]>
  Hans de Goede <[email protected]>
  Hans Peter <[email protected]>
  Herbert Xu <[email protected]>
  Hou Zhiqiang <[email protected]>
  Ido Schimmel <[email protected]>
  Ignat Korchagin <[email protected]>
  Ingo Molnar <[email protected]>
  Ivan Semenov <[email protected]>
  Jakub Kicinski <[email protected]>
  Jakub Raczynski <[email protected]>
  Janaki Ramaiah Thota <[email protected]>
  Javier Carrasco <[email protected]>
  Jeff Layton <[email protected]>
  Jeremy Kerr <[email protected]>
  Jia-Ju Bai <[email protected]>
  Jiri Bohac <[email protected]>
  Jiri Slaby (SUSE) <[email protected]>
  Jiri Slaby <[email protected]>
  Joerg Roedel <[email protected]>
  Johan Hovold <[email protected]>
  Johannes Berg <[email protected]>
  Jon Hunter <[email protected]>
  Jonas Dreßler <[email protected]>
  Juergen Gross <[email protected]>
  Justin Iurman <[email protected]>
  Kai-Heng Feng <[email protected]>
  Kees Cook <[email protected]>
  Kirill A. Shutemov <[email protected]>
  Konstantin Komarov <[email protected]>
  Krzysztof Kozlowski <[email protected]>
  Kuniyuki Iwashima <[email protected]>
  Leon Romanovsky <[email protected]>
  Leon Romanovsky <[email protected]>
  Lin Ma <[email protected]>
  Linus Torvalds <[email protected]>
  Linux Kernel Functional Testing <[email protected]>
  Lorenzo Pieralisi <[email protected]>
  Louis DeLosSantos <[email protected]>
  Luca Ceresoli <[email protected]>
  Luca Weiss <[email protected]>
  Luiz Augusto von Dentz <[email protected]>
  Lukasz Majewski <[email protected]>
  Manivannan Sadhasivam <[email protected]>
  Manivannan Sadhasivam <[email protected]>
  Marek Vasut <[email protected]>
  Mario Limonciello <[email protected]>
  Martin Blumenstingl <[email protected]>
  Martin K. Petersen <[email protected]>
  Martin KaFai Lau <[email protected]>
  Martynas Pumputis <[email protected]>
  Mateusz Jończyk <[email protected]>
  Matthew Auld <[email protected]>
  Matthieu Baerts (NGI0) <[email protected]>
  Maximilian Heyne <[email protected]>
  Michael Ellerman <[email protected]>
  Mickaël Salaün <[email protected]>
  Mike Christie <[email protected]>
  Min-Hua Chen <[email protected]>
  Ming Lei <[email protected]>
  Miquel Raynal <[email protected]>
  Neil Armstrong <[email protected]>
  NeilBrown <[email protected]>
  Nicolas Belin <[email protected]>
  Nikolay Aleksandrov <[email protected]>
  Oleksij Rempel <[email protected]>
  Pablo Neira Ayuso <[email protected]>
  Palmer Dabbelt <[email protected]>
  Paolo Abeni <[email protected]>
  Paolo Bonzini <[email protected]>
  Patrisious Haddad <[email protected]>
  Pavel Machek (CIP) <[email protected]>
  Pawan Gupta <[email protected]>
  Peng Ma <[email protected]>
  Petr Machata <[email protected]>
  Pucha Himasekhar Reddy <[email protected]> (A Contingent 
worker at Intel)
  Rafael J. Wysocki <[email protected]>
  Rob Herring <[email protected]>
  Robert Foss <[email protected]>
  Ron Economos <[email protected]>
  Ryosuke Yasuoka <[email protected]>
  Sabrina Dubroca <[email protected]>
  Salvatore Bonaccorso <[email protected]>
  Saravana Kannan <[email protected]>
  Sasha Levin <[email protected]>
  Sean Christopherson <[email protected]>
  Sebastian Reichel <[email protected]>
  SeongJae Park <[email protected]>
  Shawn Guo <[email protected]>
  Shiraz Saleem <[email protected]>
  Shuah Khan <[email protected]>
  Steev Klimaszewski <[email protected]>
  Stefan Wahren <[email protected]>
  Stephen Boyd <[email protected]>
  Steve Morvai <[email protected]>
  Steven Rostedt (Google) <[email protected]>
  Suren Baghdasaryan <[email protected]>
  Tadeusz Struk <[email protected]>
  Takashi Iwai <[email protected]>
  Takashi Sakamoto <[email protected]>
  Tasos Sahanidis <[email protected]>
  Tetsuo Handa <[email protected]>
  Thierry Reding <[email protected]>
  Tim Schumacher <[email protected]>
  Tomas Krcka <[email protected]>
  Tony Nguyen <[email protected]>
  Ulf Hansson <[email protected]>
  Vicki Pfau <[email protected]>
  Vinod Koul <[email protected]>
  Will Deacon <[email protected]>
  Xiaowei Bao <[email protected]>
  Xiu Jianfeng <[email protected]>
  Yang Shi <[email protected]>
  Yann Sionneau <[email protected]>
  Ye Bin <[email protected]>
  Yi Zhao <[email protected]>
  Ying Hsu <[email protected]>
  Yunjian Wang <[email protected]>
  Yuntao Wang <[email protected]>
  Zijun Hu <[email protected]>
  Zong Li <[email protected]>

jobs:
 build-amd64-xsm                                              pass    
 build-arm64-xsm                                              pass    
 build-i386-xsm                                               pass    
 build-amd64                                                  pass    
 build-arm64                                                  pass    
 build-armhf                                                  pass    
 build-i386                                                   pass    
 build-amd64-libvirt                                          pass    
 build-arm64-libvirt                                          pass    
 build-armhf-libvirt                                          pass    
 build-i386-libvirt                                           pass    
 build-amd64-pvops                                            pass    
 build-arm64-pvops                                            pass    
 build-armhf-pvops                                            pass    
 build-i386-pvops                                             pass    
 test-amd64-amd64-xl                                          pass    
 test-amd64-coresched-amd64-xl                                pass    
 test-arm64-arm64-xl                                          pass    
 test-armhf-armhf-xl                                          pass    
 test-amd64-amd64-libvirt-qemuu-debianhvm-amd64-xsm           pass    
 test-amd64-amd64-xl-qemut-stubdom-debianhvm-amd64-xsm        pass    
 test-amd64-amd64-xl-qemut-debianhvm-i386-xsm                 pass    
 test-amd64-amd64-xl-qemuu-debianhvm-i386-xsm                 pass    
 test-amd64-amd64-libvirt-xsm                                 pass    
 test-arm64-arm64-libvirt-xsm                                 pass    
 test-amd64-amd64-xl-xsm                                      pass    
 test-arm64-arm64-xl-xsm                                      pass    
 test-amd64-amd64-qemuu-nested-amd                            fail    
 test-amd64-amd64-xl-pvhv2-amd                                pass    
 test-amd64-amd64-dom0pvh-xl-amd                              pass    
 test-amd64-amd64-xl-qemut-debianhvm-amd64                    pass    
 test-amd64-amd64-xl-qemuu-debianhvm-amd64                    pass    
 test-amd64-amd64-freebsd11-amd64                             pass    
 test-amd64-amd64-freebsd12-amd64                             pass    
 test-amd64-amd64-xl-qemuu-ovmf-amd64                         pass    
 test-amd64-amd64-xl-qemut-win7-amd64                         fail    
 test-amd64-amd64-xl-qemuu-win7-amd64                         fail    
 test-amd64-amd64-xl-qemut-ws16-amd64                         fail    
 test-amd64-amd64-xl-qemuu-ws16-amd64                         fail    
 test-armhf-armhf-xl-arndale                                  pass    
 test-amd64-amd64-examine-bios                                pass    
 test-amd64-amd64-xl-credit1                                  pass    
 test-arm64-arm64-xl-credit1                                  pass    
 test-armhf-armhf-xl-credit1                                  fail    
 test-amd64-amd64-xl-credit2                                  pass    
 test-arm64-arm64-xl-credit2                                  pass    
 test-armhf-armhf-xl-credit2                                  pass    
 test-amd64-amd64-xl-qemuu-dmrestrict-amd64-dmrestrict        pass    
 test-amd64-amd64-examine                                     pass    
 test-arm64-arm64-examine                                     pass    
 test-armhf-armhf-examine                                     pass    
 test-amd64-amd64-qemuu-nested-intel                          pass    
 test-amd64-amd64-xl-pvhv2-intel                              pass    
 test-amd64-amd64-dom0pvh-xl-intel                            pass    
 test-amd64-amd64-libvirt                                     pass    
 test-armhf-armhf-libvirt                                     pass    
 test-amd64-amd64-xl-multivcpu                                fail    
 test-armhf-armhf-xl-multivcpu                                pass    
 test-amd64-amd64-pair                                        pass    
 test-amd64-amd64-libvirt-pair                                pass    
 test-amd64-amd64-xl-pvshim                                   pass    
 test-amd64-amd64-pygrub                                      pass    
 test-amd64-amd64-libvirt-qcow2                               pass    
 test-armhf-armhf-libvirt-qcow2                               pass    
 test-amd64-amd64-libvirt-raw                                 pass    
 test-arm64-arm64-libvirt-raw                                 pass    
 test-armhf-armhf-libvirt-raw                                 pass    
 test-amd64-amd64-xl-rtds                                     pass    
 test-armhf-armhf-xl-rtds                                     pass    
 test-amd64-amd64-xl-qemuu-debianhvm-amd64-shadow             pass    
 test-amd64-amd64-xl-shadow                                   pass    
 test-arm64-arm64-xl-thunderx                                 pass    
 test-amd64-amd64-examine-uefi                                pass    
 test-amd64-amd64-xl-vhd                                      pass    
 test-arm64-arm64-xl-vhd                                      pass    
 test-armhf-armhf-xl-vhd                                      pass    


------------------------------------------------------------
sg-report-flight on osstest.test-lab.xenproject.org
logs: /home/logs/logs
images: /home/logs/images

Logs, config files, etc. are available at
    http://logs.test-lab.xenproject.org/osstest/logs

Explanation of these reports, and of osstest in general, is at
    http://xenbits.xen.org/gitweb/?p=osstest.git;a=blob;f=README.email;hb=master
    http://xenbits.xen.org/gitweb/?p=osstest.git;a=blob;f=README;hb=master

Test harness code can be found at
    http://xenbits.xen.org/gitweb?p=osstest.git;a=summary


Pushing revision :

hint: The 'hooks/update' hook was ignored because it's not set as executable.
hint: You can disable this warning with `git config advice.ignoredHook false`.
hint: The 'hooks/post-receive' hook was ignored because it's not set as 
executable.
hint: You can disable this warning with `git config advice.ignoredHook false`.
hint: The 'hooks/post-update' hook was ignored because it's not set as 
executable.
hint: You can disable this warning with `git config advice.ignoredHook false`.
To xenbits.xen.org:/home/xen/git/linux-pvops.git
   a3eb3a74aa8c9..61adba85cc402  61adba85cc40287232a539e607164f273260e0fe -> 
tested/linux-6.1

Reply via email to