flight 184861 linux-linus real [real]
flight 184877 linux-linus real-retest [real]
http://logs.test-lab.xenproject.org/osstest/logs/184861/
http://logs.test-lab.xenproject.org/osstest/logs/184877/

Failures :-/ but no regressions.

Tests which are failing intermittently (not blocking):
 test-amd64-amd64-xl-qemuu-debianhvm-i386-xsm 12 debian-hvm-install fail pass 
in 184877-retest

Tests which did not succeed, but are not blocking:
 test-amd64-amd64-xl-qemut-win7-amd64 19 guest-stop            fail like 184835
 test-amd64-amd64-xl-qemuu-win7-amd64 19 guest-stop            fail like 184835
 test-amd64-amd64-xl-qemuu-ws16-amd64 19 guest-stop            fail like 184835
 test-armhf-armhf-libvirt-qcow2 15 saverestore-support-check   fail like 184835
 test-armhf-armhf-libvirt-raw 15 saverestore-support-check    fail  like 184835
 test-armhf-armhf-libvirt     16 saverestore-support-check    fail  like 184835
 test-amd64-amd64-xl-qemut-ws16-amd64 19 guest-stop            fail like 184835
 test-amd64-amd64-qemuu-nested-amd 20 debian-hvm-install/l1/l2 fail like 184835
 test-amd64-amd64-libvirt     15 migrate-support-check        fail   never pass
 test-amd64-amd64-libvirt-xsm 15 migrate-support-check        fail   never pass
 test-arm64-arm64-xl          15 migrate-support-check        fail   never pass
 test-arm64-arm64-xl          16 saverestore-support-check    fail   never pass
 test-arm64-arm64-xl-credit1  15 migrate-support-check        fail   never pass
 test-arm64-arm64-xl-credit1  16 saverestore-support-check    fail   never pass
 test-arm64-arm64-xl-thunderx 15 migrate-support-check        fail   never pass
 test-arm64-arm64-xl-thunderx 16 saverestore-support-check    fail   never pass
 test-arm64-arm64-libvirt-xsm 15 migrate-support-check        fail   never pass
 test-arm64-arm64-libvirt-xsm 16 saverestore-support-check    fail   never pass
 test-arm64-arm64-xl-credit2  15 migrate-support-check        fail   never pass
 test-arm64-arm64-xl-credit2  16 saverestore-support-check    fail   never pass
 test-amd64-amd64-libvirt-qemuu-debianhvm-amd64-xsm 13 migrate-support-check 
fail never pass
 test-armhf-armhf-xl-rtds     15 migrate-support-check        fail   never pass
 test-armhf-armhf-xl-rtds     16 saverestore-support-check    fail   never pass
 test-armhf-armhf-xl          15 migrate-support-check        fail   never pass
 test-armhf-armhf-xl-credit1  15 migrate-support-check        fail   never pass
 test-armhf-armhf-xl          16 saverestore-support-check    fail   never pass
 test-armhf-armhf-xl-credit1  16 saverestore-support-check    fail   never pass
 test-armhf-armhf-xl-credit2  15 migrate-support-check        fail   never pass
 test-armhf-armhf-xl-credit2  16 saverestore-support-check    fail   never pass
 test-arm64-arm64-xl-xsm      15 migrate-support-check        fail   never pass
 test-arm64-arm64-xl-xsm      16 saverestore-support-check    fail   never pass
 test-amd64-amd64-libvirt-qcow2 14 migrate-support-check        fail never pass
 test-amd64-amd64-libvirt-raw 14 migrate-support-check        fail   never pass
 test-arm64-arm64-libvirt-raw 14 migrate-support-check        fail   never pass
 test-arm64-arm64-libvirt-raw 15 saverestore-support-check    fail   never pass
 test-arm64-arm64-xl-vhd      14 migrate-support-check        fail   never pass
 test-arm64-arm64-xl-vhd      15 saverestore-support-check    fail   never pass
 test-armhf-armhf-libvirt-qcow2 14 migrate-support-check        fail never pass
 test-armhf-armhf-xl-vhd      14 migrate-support-check        fail   never pass
 test-armhf-armhf-xl-vhd      15 saverestore-support-check    fail   never pass
 test-armhf-armhf-libvirt-raw 14 migrate-support-check        fail   never pass
 test-armhf-armhf-xl-multivcpu 15 migrate-support-check        fail  never pass
 test-armhf-armhf-xl-multivcpu 16 saverestore-support-check    fail  never pass
 test-armhf-armhf-xl-arndale  15 migrate-support-check        fail   never pass
 test-armhf-armhf-xl-arndale  16 saverestore-support-check    fail   never pass
 test-armhf-armhf-libvirt     15 migrate-support-check        fail   never pass

version targeted for testing:
 linux                04b8076df2534f08bb4190f90a24e0f7f8930aca
baseline version:
 linux                87adedeba51a822533649b143232418b9e26d08b

Last test of basis   184835  2024-03-01 17:44:20 Z    1 days
Testing same since   184861  2024-03-03 00:29:43 Z    0 days    1 attempts

------------------------------------------------------------
People who touched revisions under test:
  Adam Goldman <[email protected]>
  Adrian Hunter <[email protected]>
  Alex Deucher <[email protected]>
  Alex Hung <[email protected]>
  Alexandre Ghiti <[email protected]>
  Alexandru Gagniuc <[email protected]>
  Andy Chiu <[email protected]>
  Andy Shevchenko <[email protected]>
  Ard Biesheuvel <[email protected]>
  Arnd Bergmann <[email protected]>
  Arturas Moskvinas <[email protected]>
  Bart Van Assche <[email protected]>
  Bartosz Golaszewski <[email protected]>
  Bjorn Andersson <[email protected]>
  Chandan Babu R <[email protected]>
  Christian Brauner <[email protected]>
  Christian König <[email protected]>
  Christophe Kerello <[email protected]>
  Colin Ian King <[email protected]>
  Conor Dooley <[email protected]>
  Conor Dooley <[email protected]>
  Cristian Marussi <[email protected]>
  Dan Williams <[email protected]>
  Daniel Vetter <[email protected]>
  Dave Airlie <[email protected]>
  David Howells <[email protected]>
  David Sterba <[email protected]>
  Dimitris Vlachos <[email protected]>
  Dmitry Baryshkov <[email protected]>
  Elad Nachman <[email protected]>
  Eniac Zhang <[email protected]>
  Eric Biggers <[email protected]>
  Fei Wu <[email protected]>
  Filipe Manana <[email protected]>
  Francois Dugast <[email protected]>
  Gergo Koteles <[email protected]>
  Guo Ren <[email protected]>
  Hans de Goede <[email protected]>
  Hans Peter <[email protected]>
  Ilya Dryomov <[email protected]>
  Ivan Semenov <[email protected]>
  Jaroslav Kysela <[email protected]>
  Jason Gunthorpe <[email protected]>
  Jay Ajit Mate <[email protected]>
  Jiawei Wang <[email protected]>
  Jiri Olsa <[email protected]>
  Jiri Slaby (SUSE) <[email protected]>
  Jisheng Zhang <[email protected]>
  Joerg Roedel <[email protected]>
  Johan Hovold <[email protected]>
  John Garry <[email protected]> #build only
  Johnny Hsieh <[email protected]>
  Jon Hunter <[email protected]>
  José Roberto de Souza <[email protected]>
  Kailang Yang <[email protected]>
  Linus Torvalds <[email protected]>
  Luca Ceresoli <[email protected]>
  Lucas De Marchi <[email protected]>
  Ma Jun <[email protected]>
  Maarten Lankhorst <[email protected]>
  Mark Brown <[email protected]>
  Martin K. Petersen <[email protected]>
  Masahiro Yamada <[email protected]>
  Masami Hiramatsu (Google) <[email protected]>
  Matthew Auld <[email protected]>
  Matthew Brost <[email protected]>
  Maxime Ripard <[email protected]>
  Maxime Ripard <[email protected]>
  Mika Kuoppala <[email protected]>
  Mikko Perttunen <[email protected]>
  Ming Lei <[email protected]>
  Namjae Jeon <[email protected]>
  Nathan Chancellor <[email protected]>
  Neil Armstrong <[email protected]>
  Neil Armstrong <[email protected]> # on SM8650-HDK
  Nicolin Chen <[email protected]>
  Palmer Dabbelt <[email protected]>
  Paloma Arellano <[email protected]>
  Paul Walmsley <[email protected]>
  Paulo Zanoni <[email protected]>
  Prike Liang <[email protected]>
  Priyanka Dandamudi <[email protected]>
  Ranjan Kumar <[email protected]>
  Richard Fitzgerald <[email protected]>
  Rob Clark <[email protected]>
  Rob Clark <[email protected]>
  Rob Herring <[email protected]>
  Robert Foss <[email protected]>
  Rodrigo Vivi <[email protected]>
  Ryan Lin <[email protected]>
  Samuel Holland <[email protected]>
  Saravana Kannan <[email protected]>
  Sebastian Reichel <[email protected]>
  Shiyang Ruan <[email protected]>
  Sid Pranjale <[email protected]>
  Srinivasan Shanmugam <[email protected]>
  Takashi Iwai <[email protected]>
  Takashi Sakamoto <[email protected]>
  Tetsuo Handa <[email protected]>
  Thierry Reding <[email protected]>
  Thomas Hellstrom <[email protected]>
  Thomas Hellström <[email protected]>
  Thomas Weißschuh <[email protected]>
  Tim Schumacher <[email protected]>
  Ulf Hansson <[email protected]>
  Vadim Shakirov <[email protected]>
  Willian Wang <[email protected]>
  Xiubo Li <[email protected]>
  Yangyu Chen <[email protected]>
  Yuezhang Mo <[email protected]>
  Zhangfei Gao <[email protected]>
  Zong Li <[email protected]>

jobs:
 build-amd64-xsm                                              pass    
 build-arm64-xsm                                              pass    
 build-i386-xsm                                               pass    
 build-amd64                                                  pass    
 build-arm64                                                  pass    
 build-armhf                                                  pass    
 build-i386                                                   pass    
 build-amd64-libvirt                                          pass    
 build-arm64-libvirt                                          pass    
 build-armhf-libvirt                                          pass    
 build-i386-libvirt                                           pass    
 build-amd64-pvops                                            pass    
 build-arm64-pvops                                            pass    
 build-armhf-pvops                                            pass    
 build-i386-pvops                                             pass    
 test-amd64-amd64-xl                                          pass    
 test-amd64-coresched-amd64-xl                                pass    
 test-arm64-arm64-xl                                          pass    
 test-armhf-armhf-xl                                          pass    
 test-amd64-amd64-libvirt-qemuu-debianhvm-amd64-xsm           pass    
 test-amd64-amd64-xl-qemut-stubdom-debianhvm-amd64-xsm        pass    
 test-amd64-amd64-xl-qemut-debianhvm-i386-xsm                 pass    
 test-amd64-amd64-xl-qemuu-debianhvm-i386-xsm                 fail    
 test-amd64-amd64-libvirt-xsm                                 pass    
 test-arm64-arm64-libvirt-xsm                                 pass    
 test-amd64-amd64-xl-xsm                                      pass    
 test-arm64-arm64-xl-xsm                                      pass    
 test-amd64-amd64-qemuu-nested-amd                            fail    
 test-amd64-amd64-xl-pvhv2-amd                                pass    
 test-amd64-amd64-dom0pvh-xl-amd                              pass    
 test-amd64-amd64-xl-qemut-debianhvm-amd64                    pass    
 test-amd64-amd64-xl-qemuu-debianhvm-amd64                    pass    
 test-amd64-amd64-freebsd11-amd64                             pass    
 test-amd64-amd64-freebsd12-amd64                             pass    
 test-amd64-amd64-xl-qemuu-ovmf-amd64                         pass    
 test-amd64-amd64-xl-qemut-win7-amd64                         fail    
 test-amd64-amd64-xl-qemuu-win7-amd64                         fail    
 test-amd64-amd64-xl-qemut-ws16-amd64                         fail    
 test-amd64-amd64-xl-qemuu-ws16-amd64                         fail    
 test-armhf-armhf-xl-arndale                                  pass    
 test-amd64-amd64-examine-bios                                pass    
 test-amd64-amd64-xl-credit1                                  pass    
 test-arm64-arm64-xl-credit1                                  pass    
 test-armhf-armhf-xl-credit1                                  pass    
 test-amd64-amd64-xl-credit2                                  pass    
 test-arm64-arm64-xl-credit2                                  pass    
 test-armhf-armhf-xl-credit2                                  pass    
 test-amd64-amd64-xl-qemuu-dmrestrict-amd64-dmrestrict        pass    
 test-amd64-amd64-examine                                     pass    
 test-arm64-arm64-examine                                     pass    
 test-armhf-armhf-examine                                     pass    
 test-amd64-amd64-qemuu-nested-intel                          pass    
 test-amd64-amd64-xl-pvhv2-intel                              pass    
 test-amd64-amd64-dom0pvh-xl-intel                            pass    
 test-amd64-amd64-libvirt                                     pass    
 test-armhf-armhf-libvirt                                     pass    
 test-amd64-amd64-xl-multivcpu                                pass    
 test-armhf-armhf-xl-multivcpu                                pass    
 test-amd64-amd64-pair                                        pass    
 test-amd64-amd64-libvirt-pair                                pass    
 test-amd64-amd64-xl-pvshim                                   pass    
 test-amd64-amd64-pygrub                                      pass    
 test-amd64-amd64-libvirt-qcow2                               pass    
 test-armhf-armhf-libvirt-qcow2                               pass    
 test-amd64-amd64-libvirt-raw                                 pass    
 test-arm64-arm64-libvirt-raw                                 pass    
 test-armhf-armhf-libvirt-raw                                 pass    
 test-amd64-amd64-xl-rtds                                     pass    
 test-armhf-armhf-xl-rtds                                     pass    
 test-amd64-amd64-xl-qemuu-debianhvm-amd64-shadow             pass    
 test-amd64-amd64-xl-shadow                                   pass    
 test-arm64-arm64-xl-thunderx                                 pass    
 test-amd64-amd64-examine-uefi                                pass    
 test-amd64-amd64-xl-vhd                                      pass    
 test-arm64-arm64-xl-vhd                                      pass    
 test-armhf-armhf-xl-vhd                                      pass    


------------------------------------------------------------
sg-report-flight on osstest.test-lab.xenproject.org
logs: /home/logs/logs
images: /home/logs/images

Logs, config files, etc. are available at
    http://logs.test-lab.xenproject.org/osstest/logs

Explanation of these reports, and of osstest in general, is at
    http://xenbits.xen.org/gitweb/?p=osstest.git;a=blob;f=README.email;hb=master
    http://xenbits.xen.org/gitweb/?p=osstest.git;a=blob;f=README;hb=master

Test harness code can be found at
    http://xenbits.xen.org/gitweb?p=osstest.git;a=summary


Pushing revision :

hint: The 'hooks/update' hook was ignored because it's not set as executable.
hint: You can disable this warning with `git config advice.ignoredHook false`.
hint: The 'hooks/post-receive' hook was ignored because it's not set as 
executable.
hint: You can disable this warning with `git config advice.ignoredHook false`.
hint: The 'hooks/post-update' hook was ignored because it's not set as 
executable.
hint: You can disable this warning with `git config advice.ignoredHook false`.
To xenbits.xen.org:/home/xen/git/linux-pvops.git
   87adedeba51a8..04b8076df2534  04b8076df2534f08bb4190f90a24e0f7f8930aca -> 
tested/linux-linus

Reply via email to