flight 184733 linux-5.4 real [real]
http://logs.test-lab.xenproject.org/osstest/logs/184733/

Failures :-/ but no regressions.

Tests which did not succeed, but are not blocking:
 test-armhf-armhf-xl-credit1  18 guest-start/debian.repeat    fail  like 184511
 test-amd64-amd64-xl-qemut-win7-amd64 19 guest-stop            fail like 184523
 test-armhf-armhf-xl-credit2  14 guest-start                  fail  like 184523
 test-armhf-armhf-libvirt     16 saverestore-support-check    fail  like 184523
 test-amd64-amd64-xl-qemuu-win7-amd64 19 guest-stop            fail like 184523
 test-amd64-i386-xl-qemut-win7-amd64 19 guest-stop             fail like 184523
 test-amd64-i386-xl-qemuu-win7-amd64 19 guest-stop             fail like 184523
 test-armhf-armhf-libvirt-qcow2 15 saverestore-support-check   fail like 184523
 test-amd64-amd64-xl-qemuu-ws16-amd64 19 guest-stop            fail like 184523
 test-amd64-amd64-xl-qemut-ws16-amd64 19 guest-stop            fail like 184523
 test-armhf-armhf-libvirt-raw 15 saverestore-support-check    fail  like 184523
 test-amd64-i386-xl-qemut-ws16-amd64 19 guest-stop             fail like 184523
 test-amd64-amd64-qemuu-nested-amd 20 debian-hvm-install/l1/l2 fail like 184523
 test-amd64-i386-xl-qemuu-ws16-amd64 19 guest-stop             fail like 184523
 test-arm64-arm64-xl          15 migrate-support-check        fail   never pass
 test-arm64-arm64-xl          16 saverestore-support-check    fail   never pass
 test-amd64-i386-xl-pvshim    14 guest-start                  fail   never pass
 test-amd64-amd64-libvirt     15 migrate-support-check        fail   never pass
 test-amd64-amd64-libvirt-xsm 15 migrate-support-check        fail   never pass
 test-amd64-i386-libvirt      15 migrate-support-check        fail   never pass
 test-amd64-i386-libvirt-xsm  15 migrate-support-check        fail   never pass
 test-amd64-amd64-libvirt-qemuu-debianhvm-amd64-xsm 13 migrate-support-check 
fail never pass
 test-amd64-i386-libvirt-qemuu-debianhvm-amd64-xsm 13 migrate-support-check 
fail never pass
 test-arm64-arm64-xl-credit1  15 migrate-support-check        fail   never pass
 test-arm64-arm64-xl-credit1  16 saverestore-support-check    fail   never pass
 test-arm64-arm64-xl-xsm      15 migrate-support-check        fail   never pass
 test-arm64-arm64-xl-xsm      16 saverestore-support-check    fail   never pass
 test-arm64-arm64-libvirt-xsm 15 migrate-support-check        fail   never pass
 test-arm64-arm64-libvirt-xsm 16 saverestore-support-check    fail   never pass
 test-arm64-arm64-xl-thunderx 15 migrate-support-check        fail   never pass
 test-arm64-arm64-xl-thunderx 16 saverestore-support-check    fail   never pass
 test-arm64-arm64-xl-credit2  15 migrate-support-check        fail   never pass
 test-arm64-arm64-xl-credit2  16 saverestore-support-check    fail   never pass
 test-armhf-armhf-xl-vhd      14 migrate-support-check        fail   never pass
 test-armhf-armhf-xl-vhd      15 saverestore-support-check    fail   never pass
 test-armhf-armhf-xl          15 migrate-support-check        fail   never pass
 test-armhf-armhf-xl-credit1  15 migrate-support-check        fail   never pass
 test-armhf-armhf-xl-arndale  15 migrate-support-check        fail   never pass
 test-armhf-armhf-xl          16 saverestore-support-check    fail   never pass
 test-armhf-armhf-xl-credit1  16 saverestore-support-check    fail   never pass
 test-armhf-armhf-xl-arndale  16 saverestore-support-check    fail   never pass
 test-armhf-armhf-xl-multivcpu 15 migrate-support-check        fail  never pass
 test-armhf-armhf-xl-multivcpu 16 saverestore-support-check    fail  never pass
 test-armhf-armhf-xl-rtds     15 migrate-support-check        fail   never pass
 test-armhf-armhf-xl-rtds     16 saverestore-support-check    fail   never pass
 test-amd64-amd64-libvirt-vhd 14 migrate-support-check        fail   never pass
 test-armhf-armhf-libvirt     15 migrate-support-check        fail   never pass
 test-amd64-i386-libvirt-raw  14 migrate-support-check        fail   never pass
 test-arm64-arm64-libvirt-raw 14 migrate-support-check        fail   never pass
 test-arm64-arm64-libvirt-raw 15 saverestore-support-check    fail   never pass
 test-arm64-arm64-xl-vhd      14 migrate-support-check        fail   never pass
 test-arm64-arm64-xl-vhd      15 saverestore-support-check    fail   never pass
 test-armhf-armhf-libvirt-qcow2 14 migrate-support-check        fail never pass
 test-armhf-armhf-libvirt-raw 14 migrate-support-check        fail   never pass

version targeted for testing:
 linux                6e1f54a4985b63bc1b55a09e5e75a974c5d6719b
baseline version:
 linux                f0602893f43a54097fcf22bd8c2f7b8e75ca643e

Last test of basis   184523  2024-01-29 23:43:48 Z   24 days
Testing same since   184733  2024-02-23 07:45:41 Z    0 days    1 attempts

------------------------------------------------------------
People who touched revisions under test:
  "Guilherme G. Piccoli" <[email protected]>
  Adrian Hunter <[email protected]>
  Ajay Kaher <[email protected]>
  Akinobu Mita <[email protected]>
  Al Viro <[email protected]>
  Alan Maguire <[email protected]>
  Aleksander Mazur <[email protected]>
  Alex Deucher <[email protected]>
  Alex Henrie <[email protected]>
  Alex Lyakas <[email protected]>
  Alexander Gordeev <[email protected]>
  Alexander Hansen <[email protected]>
  Alexander Stein <[email protected]>
  Alexandre Belloni <[email protected]>
  Alexei Starovoitov <[email protected]>
  Alexey Khoroshilov <[email protected]>
  Alfred Piccioni <[email protected]>
  Amir Goldstein <[email protected]>
  Amit Pundir <[email protected]>
  Andi Shyti <[email protected]>
  Andrew Morton <[email protected]>
  Andrii Nakryiko <[email protected]>
  Anna Schumaker <[email protected]>
  Anton Ivanov <[email protected]>
  Arnaldo Carvalho de Melo <[email protected]>
  Arnd Bergmann <[email protected]>
  Avri Altman <[email protected]>
  Baokun Li <[email protected]>
  Bartosz Golaszewski <[email protected]>
  Benjamin Berg <[email protected]>
  Benjamin Berg <[email protected]>
  Benjamin Berg <[email protected]>
  Bjorn Andersson <[email protected]>
  Bjorn Helgaas <[email protected]>
  bo liu <[email protected]>
  Boris Burkov <[email protected]>
  Borislav Petkov (AMD) <[email protected]>
  Borislav Petkov <[email protected]>
  Brad Spengler <[email protected]>
  Breno Leitao <[email protected]>
  Carlos Llamas <[email protected]>
  Celeste Liu <[email protected]>
  Chao Yu <[email protected]>
  Chris Riches <[email protected]>
  Christian A. Ehrhardt <[email protected]>
  Christian Brauner (Microsoft) <[email protected]>
  Christoph Hellwig <[email protected]>
  Christophe JAILLET <[email protected]>
  Chung-Chiang Cheng <[email protected]>
  Chunyan Zhang <[email protected]>
  Cristian Ciocaltea <[email protected]>
  Dan Carpenter <[email protected]>
  Daniel Basilio <[email protected]>
  Daniel de Villiers <[email protected]>
  Daniel Lezcano <[email protected]>
  Daniel Stodden <[email protected]>
  Daniel Vacek <[email protected]>
  Dave Airlie <[email protected]>
  Dave Hansen <[email protected]>
  Dave Kleikamp <[email protected]>
  Dave Switzer <[email protected]>
  David Howells <[email protected]>
  David S. Miller <[email protected]>
  David Schiller <[email protected]>
  David Sterba <[email protected]>
  David Wang <[email protected]>
  Denis Efremov <[email protected]>
  Dmitry Antipov <[email protected]>
  Dmitry Baryshkov <[email protected]>
  Dmitry Torokhov <[email protected]>
  Doug Berger <[email protected]>
  Douglas Anderson <[email protected]>
  Edson Juliano Drosdeck <[email protected]>
  Edward Adam Davis <[email protected]>
  Ekansh Gupta <[email protected]>
  Eric Biggers <[email protected]>
  Eric Dumazet <[email protected]>
  Fabio Estevam <[email protected]>
  Fedor Pchelkin <[email protected]>
  Felix Kuehling <[email protected]>
  Florian Fainelli <[email protected]>
  Florian Westphal <[email protected]>
  Frank Li <[email protected]>
  Frank Rowand <[email protected]>
  Frederic Weisbecker <[email protected]>
  free5lot <[email protected]>
  Furong Xu <[email protected]>
  Gabriel Krisman Bertazi <[email protected]>
  Ghanshyam Agrawal <[email protected]>
  Greg KH <[email protected]>
  Greg Kroah-Hartman <[email protected]>
  Gregory CLEMENT <[email protected]>
  Guenter Roeck <[email protected]>
  Guilherme G. Piccoli <[email protected]>
  H. Nikolaus Schaller <[email protected]>
  H. Peter Anvin <[email protected]>
  Hannes Reinecke <[email protected]>
  Hans de Goede <[email protected]>
  Hans Verkuil <[email protected]>
  Hardik Gajjar <[email protected]>
  Harshit Mogalapalli <[email protected]>
  Harshit Shah <[email protected]>
  Heiko Carstens <[email protected]>
  Heiko Stuebner <[email protected]>
  Heiner Kallweit <[email protected]>
  Helge Deller <[email protected]>
  Helge Deller <[email protected]>
  Herbert Xu <[email protected]>
  Hongchen Zhang <[email protected]>
  Hou Tao <[email protected]>
  Hugo Villeneuve <[email protected]>
  Ian Rogers <[email protected]>
  Ido Schimmel <[email protected]>
  Ilya Dryomov <[email protected]>
  Inki Dae <[email protected]>
  Ivan Vecera <[email protected]>
  Jack Wang <[email protected]>
  JackBB Wu <[email protected]>
  Jaegeuk Kim <[email protected]>
  JaimeLiao <[email protected]>
  Jakub Kicinski <[email protected]>
  Jan Beulich <[email protected]>
  Jason Gerecke <[email protected]>
  Jason Gerecke <[email protected]>
  Javier Martinez Canillas <[email protected]>
  Jay Vosburgh <[email protected]>
  Jean Delvare <[email protected]>
  Jedrzej Jagielski <[email protected]>
  Jens Axboe <[email protected]>
  Jianjun Wang <[email protected]>
  Jiri Kosina <[email protected]>
  Jiri Kosina <[email protected]>
  Johan Hovold <[email protected]>
  Johan Hovold <[email protected]>
  Johan Jonker <[email protected]>
  Johannes Berg <[email protected]>
  Jon Hunter <[email protected]>
  Jonathan Cameron <[email protected]>
  Jozsef Kadlecsik <[email protected]>
  Julian Wiedmann <[email protected]>
  Junxiao Bi <[email protected]>
  Justin Tee <[email protected]>
  Kalle Valo <[email protected]>
  Kalle Valo <[email protected]>
  Kamal Dasu <[email protected]>
  Karsten Graul <[email protected]>
  Kees Cook <[email protected]>
  kernelci.org bot <[email protected]>
  Konrad Dybcio <[email protected]>
  Krzysztof Wilczyński <[email protected]>
  Kuan-Wei Chiu <[email protected]>
  Kuniyuki Iwashima <[email protected]>
  Kunwu Chan <[email protected]>
  Lee Duncan <[email protected]>
  Lee Jones <[email protected]>
  Leon Romanovsky <[email protected]>
  Leonard Dallmayr <[email protected]>
  Lin Ma <[email protected]>
  Linus Torvalds <[email protected]>
  Linus Torvalds <[email protected]>
  Loic Prylli <[email protected]>
  Louis Peens <[email protected]>
  Maciej S. Szmigiero <[email protected]>
  Mahmoud Adam <[email protected]>
  Manas Ghandat <[email protected]>
  Mao Jinlong <[email protected]>
  Marc Kleine-Budde <[email protected]>
  Marc Zyngier <[email protected]>
  Marek Szyprowski <[email protected]>
  Mario Limonciello <[email protected]>
  Mark Brown <[email protected]>
  Martin K. Petersen <[email protected]>
  Masahiro Yamada <[email protected]>
  Masami Hiramatsu (Google) <[email protected]>
  Mathieu Poirier <[email protected]>
  Matthew Wilcox (Oracle) <[email protected]>
  Max Kellermann <[email protected]>
  Max Krummenacher <[email protected]>
  Maxime Ripard <[email protected]>
  Michael Ellerman <[email protected]>
  Michael S. Tsirkin <[email protected]>
  Michael Tretter <[email protected]>
  Mike Rapoport <[email protected]>
  Ming Lei <[email protected]>
  Minsuk Kang <[email protected]>
  Miquel Raynal <[email protected]>
  Miri Korenblit <[email protected]>
  Nathan Chancellor <[email protected]>
  Naveen N Rao <[email protected]>
  Nikolay Borisov <[email protected]>
  Oleg Nesterov <[email protected]>
  Oleksij Rempel <[email protected]>
  Oliver Neukum <[email protected]>
  Oliver Upton <[email protected]>
  Osama Muhammad <[email protected]>
  Pablo Neira Ayuso <[email protected]>
  Paolo Abeni <[email protected]>
  Paul E. McKenney <[email protected]>
  Paul Menzel <[email protected]>
  Paul Moore <[email protected]>
  Peter Robinson <[email protected]>
  Peter Zijlstra (Intel) <[email protected]>
  Peter Zijlstra <[email protected]>
  Petr Machata <[email protected]>
  Petr Pavlu <[email protected]>
  Pierre-Louis Bossart <[email protected]>
  Piotr Skajewski <[email protected]>
  Prarit Bhargava <[email protected]>
  Prathu Baronia <[email protected]>
  Pucha Himasekhar Reddy <[email protected]> (A Contingent 
worker at Intel)
  Puliang Lu <[email protected]>
  qizhong cheng <[email protected]>
  Qu Wenruo <[email protected]>
  Rafael J. Wysocki <[email protected]>
  Rafael J. Wysocki <[email protected]>
  Richard Palethorpe <[email protected]>
  Richard Weinberger <[email protected]>
  Rob Clark <[email protected]>
  Rob Herring <[email protected]>
  Robert Foss <[email protected]>
  Rui Zhang <[email protected]>
  Ryusuke Konishi <[email protected]>
  Saeed Mahameed <[email protected]>
  Saeed Mahameed <[email protected]>
  Salvatore Dipietro <[email protected]>
  Sasha Levin <[email protected]>
  Serge Semin <[email protected]>
  Sharath Srinivasan <[email protected]>
  Shawn Guo <[email protected]>
  Shenwei Wang <[email protected]>
  Shigeru Yoshida <[email protected]>
  Shiji Yang <[email protected]>
  Shuah Khan <[email protected]>
  Simon Horman <[email protected]>
  Sjoerd Simons <[email protected]>
  Song Liu <[email protected]>
  Srinivasan Shanmugam <[email protected]>
  Stanislaw Gruszka <[email protected]>
  Stephen Boyd <[email protected]>
  Stephen Rothwell <[email protected]>
  Steve Wahl <[email protected]>
  Steven Rostedt (Google) <[email protected]>
  Su Hui <[email protected]>
  Sunitha Mekala <[email protected]> (A Contingent worker at Intel)
  Suraj Jitindar Singh <[email protected]>
  Takashi Iwai <[email protected]>
  Takashi Sakamoto <[email protected]>
  Tatsunosuke Tobita <[email protected]>
  Tejun Heo <[email protected]>
  Theodore Ts'o <[email protected]>
  Thomas Bogendoerfer <[email protected]>
  Thomas Bourgoin <[email protected]>
  Thomas Gleixner <[email protected]>
  Thomas Richter <[email protected]>
  Tim Chen <[email protected]>
  Toke Høiland-Jørgensen <[email protected]>
  Tom Rix <[email protected]>
  Tom Zanussi <[email protected]>
  Tomi Valkeinen <[email protected]>
  Tony Lindgren <[email protected]>
  Tony Nguyen <[email protected]>
  Ulf Hansson <[email protected]>
  Uwe Kleine-König <[email protected]>
  Ville Syrjälä <[email protected]>
  Vincent Donnefort <[email protected]>
  Vinod Koul <[email protected]>
  Weichen Chen <[email protected]>
  Weihao Li <[email protected]>
  Wen Gu <[email protected]>
  Wenhua Lin <[email protected]>
  Wolfram Sang <[email protected]>
  Xi Ruoyao <[email protected]>
  Xiaolei Wang <[email protected]>
  Xiubo Li <[email protected]>
  Yang Xu <[email protected]>
  Ye Bin <[email protected]>
  Yevgeny Kliteynik <[email protected]>
  Yonghong Song <[email protected]>
  Yoshihiro Shimoda <[email protected]>
  Youquan Song <[email protected]>
  yuan linyu <[email protected]>
  Yuluo Qiu <[email protected]>
  Zach O'Keefe <[email protected]>
  Zakhar Semenov <[email protected]>
  Zenm Chen <[email protected]>
  Zhang Rui <[email protected]>
  Zhengchao Shao <[email protected]>
  Zhihao Cheng <[email protected]>
  zhili.liu <[email protected]>
  Zhipeng Lu <[email protected]>
  Zhiquan Li <[email protected]>
  Zhu Yanjun <[email protected]>
  Стас Ничипорович <[email protected]>

jobs:
 build-amd64-xsm                                              pass    
 build-arm64-xsm                                              pass    
 build-i386-xsm                                               pass    
 build-amd64                                                  pass    
 build-arm64                                                  pass    
 build-armhf                                                  pass    
 build-i386                                                   pass    
 build-amd64-libvirt                                          pass    
 build-arm64-libvirt                                          pass    
 build-armhf-libvirt                                          pass    
 build-i386-libvirt                                           pass    
 build-amd64-pvops                                            pass    
 build-arm64-pvops                                            pass    
 build-armhf-pvops                                            pass    
 build-i386-pvops                                             pass    
 test-amd64-amd64-xl                                          pass    
 test-amd64-coresched-amd64-xl                                pass    
 test-arm64-arm64-xl                                          pass    
 test-armhf-armhf-xl                                          pass    
 test-amd64-i386-xl                                           pass    
 test-amd64-coresched-i386-xl                                 pass    
 test-amd64-amd64-libvirt-qemuu-debianhvm-amd64-xsm           pass    
 test-amd64-i386-libvirt-qemuu-debianhvm-amd64-xsm            pass    
 test-amd64-amd64-xl-qemut-stubdom-debianhvm-amd64-xsm        pass    
 test-amd64-i386-xl-qemut-stubdom-debianhvm-amd64-xsm         pass    
 test-amd64-amd64-xl-qemut-debianhvm-i386-xsm                 pass    
 test-amd64-i386-xl-qemut-debianhvm-i386-xsm                  pass    
 test-amd64-amd64-xl-qemuu-debianhvm-i386-xsm                 pass    
 test-amd64-i386-xl-qemuu-debianhvm-i386-xsm                  pass    
 test-amd64-amd64-libvirt-xsm                                 pass    
 test-arm64-arm64-libvirt-xsm                                 pass    
 test-amd64-i386-libvirt-xsm                                  pass    
 test-amd64-amd64-xl-xsm                                      pass    
 test-arm64-arm64-xl-xsm                                      pass    
 test-amd64-i386-xl-xsm                                       pass    
 test-amd64-amd64-qemuu-nested-amd                            fail    
 test-amd64-amd64-xl-pvhv2-amd                                pass    
 test-amd64-i386-qemut-rhel6hvm-amd                           pass    
 test-amd64-i386-qemuu-rhel6hvm-amd                           pass    
 test-amd64-amd64-dom0pvh-xl-amd                              pass    
 test-amd64-amd64-xl-qemut-debianhvm-amd64                    pass    
 test-amd64-i386-xl-qemut-debianhvm-amd64                     pass    
 test-amd64-amd64-xl-qemuu-debianhvm-amd64                    pass    
 test-amd64-i386-xl-qemuu-debianhvm-amd64                     pass    
 test-amd64-i386-freebsd10-amd64                              pass    
 test-amd64-amd64-qemuu-freebsd11-amd64                       pass    
 test-amd64-amd64-qemuu-freebsd12-amd64                       pass    
 test-amd64-amd64-xl-qemuu-ovmf-amd64                         pass    
 test-amd64-i386-xl-qemuu-ovmf-amd64                          pass    
 test-amd64-amd64-xl-qemut-win7-amd64                         fail    
 test-amd64-i386-xl-qemut-win7-amd64                          fail    
 test-amd64-amd64-xl-qemuu-win7-amd64                         fail    
 test-amd64-i386-xl-qemuu-win7-amd64                          fail    
 test-amd64-amd64-xl-qemut-ws16-amd64                         fail    
 test-amd64-i386-xl-qemut-ws16-amd64                          fail    
 test-amd64-amd64-xl-qemuu-ws16-amd64                         fail    
 test-amd64-i386-xl-qemuu-ws16-amd64                          fail    
 test-armhf-armhf-xl-arndale                                  pass    
 test-amd64-amd64-examine-bios                                pass    
 test-amd64-i386-examine-bios                                 pass    
 test-amd64-amd64-xl-credit1                                  pass    
 test-arm64-arm64-xl-credit1                                  pass    
 test-armhf-armhf-xl-credit1                                  fail    
 test-amd64-amd64-xl-credit2                                  pass    
 test-arm64-arm64-xl-credit2                                  pass    
 test-armhf-armhf-xl-credit2                                  fail    
 test-amd64-amd64-xl-qemuu-dmrestrict-amd64-dmrestrict        pass    
 test-amd64-i386-xl-qemuu-dmrestrict-amd64-dmrestrict         pass    
 test-amd64-amd64-examine                                     pass    
 test-arm64-arm64-examine                                     pass    
 test-armhf-armhf-examine                                     pass    
 test-amd64-i386-examine                                      pass    
 test-amd64-i386-freebsd10-i386                               pass    
 test-amd64-amd64-qemuu-nested-intel                          pass    
 test-amd64-amd64-xl-pvhv2-intel                              pass    
 test-amd64-i386-qemut-rhel6hvm-intel                         pass    
 test-amd64-i386-qemuu-rhel6hvm-intel                         pass    
 test-amd64-amd64-dom0pvh-xl-intel                            pass    
 test-amd64-amd64-libvirt                                     pass    
 test-armhf-armhf-libvirt                                     pass    
 test-amd64-i386-libvirt                                      pass    
 test-amd64-amd64-xl-multivcpu                                pass    
 test-armhf-armhf-xl-multivcpu                                pass    
 test-amd64-amd64-pair                                        pass    
 test-amd64-i386-pair                                         pass    
 test-amd64-amd64-libvirt-pair                                pass    
 test-amd64-i386-libvirt-pair                                 pass    
 test-amd64-amd64-xl-pvshim                                   pass    
 test-amd64-i386-xl-pvshim                                    fail    
 test-amd64-amd64-pygrub                                      pass    
 test-armhf-armhf-libvirt-qcow2                               pass    
 test-amd64-amd64-xl-qcow2                                    pass    
 test-arm64-arm64-libvirt-raw                                 pass    
 test-armhf-armhf-libvirt-raw                                 pass    
 test-amd64-i386-libvirt-raw                                  pass    
 test-amd64-amd64-xl-rtds                                     pass    
 test-armhf-armhf-xl-rtds                                     pass    
 test-amd64-amd64-xl-qemuu-debianhvm-amd64-shadow             pass    
 test-amd64-i386-xl-qemuu-debianhvm-amd64-shadow              pass    
 test-amd64-amd64-xl-shadow                                   pass    
 test-amd64-i386-xl-shadow                                    pass    
 test-arm64-arm64-xl-thunderx                                 pass    
 test-amd64-amd64-examine-uefi                                pass    
 test-amd64-i386-examine-uefi                                 pass    
 test-amd64-amd64-libvirt-vhd                                 pass    
 test-arm64-arm64-xl-vhd                                      pass    
 test-armhf-armhf-xl-vhd                                      pass    
 test-amd64-i386-xl-vhd                                       pass    


------------------------------------------------------------
sg-report-flight on osstest.test-lab.xenproject.org
logs: /home/logs/logs
images: /home/logs/images

Logs, config files, etc. are available at
    http://logs.test-lab.xenproject.org/osstest/logs

Explanation of these reports, and of osstest in general, is at
    http://xenbits.xen.org/gitweb/?p=osstest.git;a=blob;f=README.email;hb=master
    http://xenbits.xen.org/gitweb/?p=osstest.git;a=blob;f=README;hb=master

Test harness code can be found at
    http://xenbits.xen.org/gitweb?p=osstest.git;a=summary


Pushing revision :

hint: The 'hooks/update' hook was ignored because it's not set as executable.
hint: You can disable this warning with `git config advice.ignoredHook false`.
hint: The 'hooks/post-receive' hook was ignored because it's not set as 
executable.
hint: You can disable this warning with `git config advice.ignoredHook false`.
hint: The 'hooks/post-update' hook was ignored because it's not set as 
executable.
hint: You can disable this warning with `git config advice.ignoredHook false`.
To xenbits.xen.org:/home/xen/git/linux-pvops.git
   f0602893f43a5..6e1f54a4985b6  6e1f54a4985b63bc1b55a09e5e75a974c5d6719b -> 
tested/linux-5.4

Reply via email to