flight 184731 linux-linus real [real]
flight 184735 linux-linus real-retest [real]
http://logs.test-lab.xenproject.org/osstest/logs/184731/
http://logs.test-lab.xenproject.org/osstest/logs/184735/

Failures :-/ but no regressions.

Tests which are failing intermittently (not blocking):
 test-armhf-armhf-xl           8 xen-boot            fail pass in 184735-retest

Tests which did not succeed, but are not blocking:
 test-armhf-armhf-xl         15 migrate-support-check fail in 184735 never pass
 test-armhf-armhf-xl     16 saverestore-support-check fail in 184735 never pass
 test-amd64-amd64-xl-qemut-win7-amd64 19 guest-stop            fail like 184725
 test-amd64-amd64-xl-qemuu-win7-amd64 19 guest-stop            fail like 184725
 test-amd64-amd64-xl-qemuu-ws16-amd64 19 guest-stop            fail like 184725
 test-armhf-armhf-libvirt-raw 15 saverestore-support-check    fail  like 184725
 test-armhf-armhf-libvirt     16 saverestore-support-check    fail  like 184725
 test-amd64-amd64-xl-qemut-ws16-amd64 19 guest-stop            fail like 184725
 test-armhf-armhf-libvirt-qcow2 15 saverestore-support-check   fail like 184725
 test-amd64-amd64-qemuu-nested-amd 20 debian-hvm-install/l1/l2 fail like 184725
 test-amd64-amd64-libvirt-xsm 15 migrate-support-check        fail   never pass
 test-amd64-amd64-libvirt     15 migrate-support-check        fail   never pass
 test-arm64-arm64-xl-xsm      15 migrate-support-check        fail   never pass
 test-arm64-arm64-xl-xsm      16 saverestore-support-check    fail   never pass
 test-arm64-arm64-xl-thunderx 15 migrate-support-check        fail   never pass
 test-arm64-arm64-xl-thunderx 16 saverestore-support-check    fail   never pass
 test-arm64-arm64-xl-credit2  15 migrate-support-check        fail   never pass
 test-arm64-arm64-xl-credit2  16 saverestore-support-check    fail   never pass
 test-arm64-arm64-xl-credit1  15 migrate-support-check        fail   never pass
 test-arm64-arm64-xl-credit1  16 saverestore-support-check    fail   never pass
 test-arm64-arm64-xl          15 migrate-support-check        fail   never pass
 test-arm64-arm64-xl          16 saverestore-support-check    fail   never pass
 test-arm64-arm64-libvirt-xsm 15 migrate-support-check        fail   never pass
 test-arm64-arm64-libvirt-xsm 16 saverestore-support-check    fail   never pass
 test-amd64-amd64-libvirt-qemuu-debianhvm-amd64-xsm 13 migrate-support-check 
fail never pass
 test-armhf-armhf-xl-arndale  15 migrate-support-check        fail   never pass
 test-armhf-armhf-xl-arndale  16 saverestore-support-check    fail   never pass
 test-armhf-armhf-xl-credit2  15 migrate-support-check        fail   never pass
 test-armhf-armhf-xl-credit2  16 saverestore-support-check    fail   never pass
 test-amd64-amd64-libvirt-qcow2 14 migrate-support-check        fail never pass
 test-amd64-amd64-libvirt-raw 14 migrate-support-check        fail   never pass
 test-arm64-arm64-libvirt-raw 14 migrate-support-check        fail   never pass
 test-arm64-arm64-libvirt-raw 15 saverestore-support-check    fail   never pass
 test-arm64-arm64-xl-vhd      14 migrate-support-check        fail   never pass
 test-arm64-arm64-xl-vhd      15 saverestore-support-check    fail   never pass
 test-armhf-armhf-xl-vhd      14 migrate-support-check        fail   never pass
 test-armhf-armhf-xl-vhd      15 saverestore-support-check    fail   never pass
 test-armhf-armhf-libvirt-raw 14 migrate-support-check        fail   never pass
 test-armhf-armhf-xl-multivcpu 15 migrate-support-check        fail  never pass
 test-armhf-armhf-xl-multivcpu 16 saverestore-support-check    fail  never pass
 test-armhf-armhf-xl-rtds     15 migrate-support-check        fail   never pass
 test-armhf-armhf-xl-rtds     16 saverestore-support-check    fail   never pass
 test-armhf-armhf-xl-credit1  15 migrate-support-check        fail   never pass
 test-armhf-armhf-xl-credit1  16 saverestore-support-check    fail   never pass
 test-armhf-armhf-libvirt     15 migrate-support-check        fail   never pass
 test-armhf-armhf-libvirt-qcow2 14 migrate-support-check        fail never pass

version targeted for testing:
 linux                ffd2cb6b718e189e7e2d5d0c19c25611f92e061a
baseline version:
 linux                39133352cbed6626956d38ed72012f49b0421e7b

Last test of basis   184725  2024-02-22 08:27:10 Z    1 days
Testing same since   184731  2024-02-22 21:44:16 Z    0 days    1 attempts

------------------------------------------------------------
People who touched revisions under test:
  Alex Elder <[email protected]>
  Alexander Gordeev <[email protected]>
  Alexander Kobel <[email protected]>
  Alexei Starovoitov <[email protected]>
  Andrii Nakryiko <[email protected]>
  Avihai Horon <[email protected]>
  Baokun Li <[email protected]>
  Bart Van Assche <[email protected]>
  Christian Brauner <[email protected]>
  Daniel Borkmann <[email protected]>
  Daniil Dulov <[email protected]>
  David Howells <[email protected]>
  David S. Miller <[email protected]>
  David Vernet <[email protected]>
  Dominique Martinet <[email protected]>
  Eric Dumazet <[email protected]>
  Florian Fainelli <[email protected]>
  Florian Westphal <[email protected]>
  Geliang Tang <[email protected]>
  Gianmarco Lusvardi <[email protected]>
  Greg Joyce <[email protected]>
  Hangbin Liu <[email protected]>
  Hans de Goede <[email protected]>
  Hari Bathini <[email protected]>
  Horatiu Vultur <[email protected]>
  Hou Tao <[email protected]>
  Jakub Kicinski <[email protected]>
  Jamal Hadi Salim <[email protected]>
  Jason Gunthorpe <[email protected]>
  Jens Axboe <[email protected]>
  Jeremy Kerr <[email protected]>
  Jianbo Liu <[email protected]>
  Jiri Olsa <[email protected]>
  Jiri Pirko <[email protected]>
  Joao Martins <[email protected]>
  John Fastabend <[email protected]>
  Justin Chen <[email protected]>
  Justin Iurman <[email protected]>
  Kees Cook <[email protected]>
  Krzysztof Kozlowski <[email protected]>
  Kuniyuki Iwashima <[email protected]>
  Kurt Kanzenbach <[email protected]>
  Linus Torvalds <[email protected]>
  Maciej Fijalkowski <[email protected]>
  Marc Dionne <[email protected]>
  Mario Limonciello <[email protected]>
  Mark Pearson <[email protected]>
  Martin KaFai Lau <[email protected]>
  Matthieu Baerts (NGI0) <[email protected]>
  Muhammad Usama Anjum <[email protected]>
  Nicolas Dichtel <[email protected]>
  Oleg Nesterov <[email protected]>
  Pablo Neira Ayuso <[email protected]>
  Paolo Abeni <[email protected]>
  Patil Rajesh Reddy <[email protected]>
  Pavel Sakharov <[email protected]>
  Randy Dunlap <[email protected]>
  Rob Herring <[email protected]>
  RĂ©mi Denis-Courmont <[email protected]>
  Sabrina Dubroca <[email protected]>
  Sebastian Andrzej Siewior <[email protected]>
  Shannon Nelson <[email protected]>
  Shigeru Yoshida <[email protected]>
  Shyam Sundar S K <[email protected]>
  Siddharth Vadapalli <[email protected]>
  Simon Horman <[email protected]>
  Song Liu <[email protected]>
  Stanislav Fomichev <[email protected]>
  Stephen Boyd <[email protected]>
  Steven Rostedt (Google) <[email protected]>
  Subbaraya Sundeep <[email protected]>
  [email protected]
  Thomas Gleixner <[email protected]>
  Tobias Waldekranz <[email protected]>
  Tom Parkin <[email protected]>
  Tudor Ambarus <[email protected]>
  Vasiliy Kovalev <[email protected]>
  Yafang Shao <[email protected]>
  Yonghong Song <[email protected]>
  Yu Kuai <[email protected]>

jobs:
 build-amd64-xsm                                              pass    
 build-arm64-xsm                                              pass    
 build-i386-xsm                                               pass    
 build-amd64                                                  pass    
 build-arm64                                                  pass    
 build-armhf                                                  pass    
 build-i386                                                   pass    
 build-amd64-libvirt                                          pass    
 build-arm64-libvirt                                          pass    
 build-armhf-libvirt                                          pass    
 build-i386-libvirt                                           pass    
 build-amd64-pvops                                            pass    
 build-arm64-pvops                                            pass    
 build-armhf-pvops                                            pass    
 build-i386-pvops                                             pass    
 test-amd64-amd64-xl                                          pass    
 test-amd64-coresched-amd64-xl                                pass    
 test-arm64-arm64-xl                                          pass    
 test-armhf-armhf-xl                                          fail    
 test-amd64-amd64-libvirt-qemuu-debianhvm-amd64-xsm           pass    
 test-amd64-amd64-xl-qemut-stubdom-debianhvm-amd64-xsm        pass    
 test-amd64-amd64-xl-qemut-debianhvm-i386-xsm                 pass    
 test-amd64-amd64-xl-qemuu-debianhvm-i386-xsm                 pass    
 test-amd64-amd64-libvirt-xsm                                 pass    
 test-arm64-arm64-libvirt-xsm                                 pass    
 test-amd64-amd64-xl-xsm                                      pass    
 test-arm64-arm64-xl-xsm                                      pass    
 test-amd64-amd64-qemuu-nested-amd                            fail    
 test-amd64-amd64-xl-pvhv2-amd                                pass    
 test-amd64-amd64-dom0pvh-xl-amd                              pass    
 test-amd64-amd64-xl-qemut-debianhvm-amd64                    pass    
 test-amd64-amd64-xl-qemuu-debianhvm-amd64                    pass    
 test-amd64-amd64-freebsd11-amd64                             pass    
 test-amd64-amd64-freebsd12-amd64                             pass    
 test-amd64-amd64-xl-qemuu-ovmf-amd64                         pass    
 test-amd64-amd64-xl-qemut-win7-amd64                         fail    
 test-amd64-amd64-xl-qemuu-win7-amd64                         fail    
 test-amd64-amd64-xl-qemut-ws16-amd64                         fail    
 test-amd64-amd64-xl-qemuu-ws16-amd64                         fail    
 test-armhf-armhf-xl-arndale                                  pass    
 test-amd64-amd64-examine-bios                                pass    
 test-amd64-amd64-xl-credit1                                  pass    
 test-arm64-arm64-xl-credit1                                  pass    
 test-armhf-armhf-xl-credit1                                  pass    
 test-amd64-amd64-xl-credit2                                  pass    
 test-arm64-arm64-xl-credit2                                  pass    
 test-armhf-armhf-xl-credit2                                  pass    
 test-amd64-amd64-xl-qemuu-dmrestrict-amd64-dmrestrict        pass    
 test-amd64-amd64-examine                                     pass    
 test-arm64-arm64-examine                                     pass    
 test-armhf-armhf-examine                                     pass    
 test-amd64-amd64-qemuu-nested-intel                          pass    
 test-amd64-amd64-xl-pvhv2-intel                              pass    
 test-amd64-amd64-dom0pvh-xl-intel                            pass    
 test-amd64-amd64-libvirt                                     pass    
 test-armhf-armhf-libvirt                                     pass    
 test-amd64-amd64-xl-multivcpu                                pass    
 test-armhf-armhf-xl-multivcpu                                pass    
 test-amd64-amd64-pair                                        pass    
 test-amd64-amd64-libvirt-pair                                pass    
 test-amd64-amd64-xl-pvshim                                   pass    
 test-amd64-amd64-pygrub                                      pass    
 test-amd64-amd64-libvirt-qcow2                               pass    
 test-armhf-armhf-libvirt-qcow2                               pass    
 test-amd64-amd64-libvirt-raw                                 pass    
 test-arm64-arm64-libvirt-raw                                 pass    
 test-armhf-armhf-libvirt-raw                                 pass    
 test-amd64-amd64-xl-rtds                                     pass    
 test-armhf-armhf-xl-rtds                                     pass    
 test-amd64-amd64-xl-qemuu-debianhvm-amd64-shadow             pass    
 test-amd64-amd64-xl-shadow                                   pass    
 test-arm64-arm64-xl-thunderx                                 pass    
 test-amd64-amd64-examine-uefi                                pass    
 test-amd64-amd64-xl-vhd                                      pass    
 test-arm64-arm64-xl-vhd                                      pass    
 test-armhf-armhf-xl-vhd                                      pass    


------------------------------------------------------------
sg-report-flight on osstest.test-lab.xenproject.org
logs: /home/logs/logs
images: /home/logs/images

Logs, config files, etc. are available at
    http://logs.test-lab.xenproject.org/osstest/logs

Explanation of these reports, and of osstest in general, is at
    http://xenbits.xen.org/gitweb/?p=osstest.git;a=blob;f=README.email;hb=master
    http://xenbits.xen.org/gitweb/?p=osstest.git;a=blob;f=README;hb=master

Test harness code can be found at
    http://xenbits.xen.org/gitweb?p=osstest.git;a=summary


Pushing revision :

hint: The 'hooks/update' hook was ignored because it's not set as executable.
hint: You can disable this warning with `git config advice.ignoredHook false`.
hint: The 'hooks/post-receive' hook was ignored because it's not set as 
executable.
hint: You can disable this warning with `git config advice.ignoredHook false`.
hint: The 'hooks/post-update' hook was ignored because it's not set as 
executable.
hint: You can disable this warning with `git config advice.ignoredHook false`.
To xenbits.xen.org:/home/xen/git/linux-pvops.git
   39133352cbed6..ffd2cb6b718e1  ffd2cb6b718e189e7e2d5d0c19c25611f92e061a -> 
tested/linux-linus

Reply via email to